{"id":8496,"date":"2015-11-22T17:01:12","date_gmt":"2015-11-22T16:01:12","guid":{"rendered":"http:\/\/forst-grunewald.de\/?page_id=8496"},"modified":"2024-05-06T07:29:07","modified_gmt":"2024-05-06T06:29:07","slug":"murellensee","status":"publish","type":"page","link":"https:\/\/forst-grunewald.de\/?page_id=8496","title":{"rendered":"Murellensee"},"content":{"rendered":"<p style=\"text-align: justify;\">Nach meiner Einsch\u00e4tzung, handelt es sich bei dem Murellensee um einen See, welcher in Bezug auf seine Wasserf\u00fchrung k\u00fcnstlich &#8222;angelegt&#8220; wurde.<\/p>\n<p style=\"text-align: justify;\">Sein Ursprung d\u00fcrfte ein Bodenloch sein, wie sie \u00fcberall im Grunewald durch Eisbl\u00f6cke <a href=\"https:\/\/forst-grunewald.de\/?page_id=689\" target=\"_blank\" rel=\"noopener noreferrer\">entstanden<\/a> sind. In alten Karten ist er nicht als Gew\u00e4sser erfasst. Erst als &#8222;<a href=\"https:\/\/forst-grunewald.de\/wp-content\/gallery\/grunewaldseen-murellensee\/1914-baedeker-murellensee-sausuhlensee.jpg\" target=\"_blank\" rel=\"noopener noreferrer\">Milit\u00e4r-Schwimm-Anstalt<\/a>&#8220; der neben dem See befindlichen <a href=\"https:\/\/forst-grunewald.de\/?page_id=5408\" target=\"_blank\" rel=\"noopener noreferrer\">Schie\u00dfst\u00e4nde<\/a> Ruhleben tritt er als See in Erscheinung (<a href=\"https:\/\/www.ruhleben.com\/murellen-see7\/der-murellen-see-1906\/msg26\/#msg26\" target=\"_blank\" rel=\"noopener noreferrer\">Foto 1906<\/a>). Und zwar mit doch beachtlicher Gr\u00f6\u00dfe und mit einer Steganlage durch die Seemitte ergibt. Allerdings noch ohne Namen. Auf dem ehemaligen Gel\u00e4nde der Schie\u00dfst\u00e4nde befindet sich seit 1922 die <a href=\"http:\/\/ruhleben.de\" target=\"_blank\" rel=\"noopener noreferrer\">Eigenheimsiedlung Ruhleben<\/a>.<\/p>\n<p style=\"text-align: justify;\">Nachdem er nicht mehr als &#8222;Milit\u00e4r-Badeanstalt&#8220; genutzt wurde, wurde er von der Bev\u00f6lkerung als Badesee genutzt. Hier <a href=\"https:\/\/www.ruhleben.com\/murellen-see7\/bilder-vom-murellen-see-aus-den-1930er-jahren\/msg23\/#msg23\" target=\"_blank\" rel=\"noopener noreferrer\">Fotos<\/a> aus den drei\u00dfiger Jahren, welche gleichfalls einen Hinweis auf die Gr\u00f6\u00dfe des Sees und auch die Steganlage ist noch erkennbar. In den siebziger Jahren war er ausgetrocknet (<a href=\"https:\/\/www.ruhleben.com\/murellen-see7\/murellen-see-ausgetrocknet-in-den-1970er-jahren\/msg22\/#msg22\" target=\"_blank\" rel=\"noopener noreferrer\">Fotos<\/a>). Erst in der Neuzeit taucht der Name &#8222;Murellenteich&#8220; auf, ich denke jedoch, es ist passender ihn als &#8222;Murellensee&#8220; zu bezeichnen, denn f\u00fcr einen Teich ist der zu gro\u00df. Genau genommen w\u00e4re allerdings der Name &#8222;Ruhlebensee&#8220; zutreffender, denn der &#8222;<a href=\"https:\/\/forst-grunewald.de\/?page_id=5426\" target=\"_blank\" rel=\"noopener noreferrer\">Murellenberg<\/a>&#8220; und die &#8222;<a href=\"https:\/\/forst-grunewald.de\/?page_id=5426\" target=\"_blank\" rel=\"noopener noreferrer\">Murellenschlucht<\/a>&#8220; liegen doch recht weit entfernt und dazwischen liegt noch die Flie\u00dfweise Ruhleben. Die <a href=\"https:\/\/forst-grunewald.de\/?page_id=5426\" target=\"_blank\" rel=\"noopener noreferrer\">Murellenschlucht, den Murellenberg und die Flie\u00dfwiese Ruhleben<\/a> ordne ich (\u00f6rtlich) auch nicht dem Murellensee zu.<\/p>\n<p style=\"text-align: justify;\">Heute ist es ein netter kleiner See, eingerahmt vom n\u00f6rdlichen Abhang des &#8222;<a href=\"https:\/\/forst-grunewald.de\/?page_id=4659\" target=\"_blank\" rel=\"noopener noreferrer\">Breite Berg<\/a>&#8222;, ein leider in Vergessenheit geratener Name, auf welchem sich der Olympiapark befindet, von einer Stra\u00dfe und einer U-Bahnlinie, sowie von der Siedlung Ruhleben. Neben den kleinen See befindet sich eine Wiese, welche zum Teil auch (etwas) unter Wasser steht. Der Murellensee und die Wiese bildeten fr\u00fcher einmal r\u00e4umlich wohl eine Einheit, vielleicht nur getrennt durch einen kleinen Querriegel, und befanden sich seinerzeit zusammen mit den Schie\u00dfst\u00e4nden im Jagen 142. Heute werden der Murellensee und die Wiese durch die kleine Murellenstra\u00dfe, als eine von zwei Zufahrtstra\u00dfen zur Siedlung Ruhleben, r\u00e4umlich deutlich getrennt.<\/p>\n<p style=\"text-align: justify;\">An dieser Wiese befindet sich vor dem U-Bahneingang ein Findling, welcher ein Naturdenkmal darstellt (NDM VII-5F) und 1968 von der <a href=\"https:\/\/forst-grunewald.de\/?page_id=5426\" target=\"_blank\" rel=\"noopener noreferrer\">Murellenschlucht<\/a> dorthin verbracht wurde. Ein weiterer Findling befindet sich am Wegeingang zum Murellensee.<\/p>\n<p style=\"text-align: justify;\"><a href=\"https:\/\/pardok.parlament-berlin.de\/starweb\/adis\/citat\/VT\/18\/SchrAnfr\/S18-26801.pdf\" target=\"_blank\" rel=\"noopener\">12.03.2021<\/a>: Berliner Abgeordnetenhaus<br \/>\n&#8211; Schriftliche Anfrage des Abgeordneten Andreas Statzkowksi (CDU) und<br \/>\n&#8211; Antwort der Senatsverwaltung f\u00fcr Umwelt, Verkehr und Klimaschutz<br \/>\n<strong>Titel: Wasserqualit\u00e4t des Murellenteichs<\/strong> <div class=\"spoiler-wrap\">\n\t\t\t\t<div class=\"spoiler-head folded\">Spoiler<\/div>\n\t\t\t\t<div class=\"spoiler-body\"><\/p>\n<p style=\"text-align: justify\"><span style=\"text-decoration: underline\">Frage 1:<\/span> Welche Erkenntnisse hat der Berliner Senat bez\u00fcglich der Wasserqualit\u00e4t des Murellenteichs in Ruhleben?<br \/>\nAntwort zu 1: Das Bezirksamt teilt dazu mit:<br \/>\n\u201eDie chemisch-physikalische Gew\u00e4sserqualit\u00e4t im Murellenteich wurde bisher vom Bezirksamt nicht bestimmt.\u201c<\/p>\n<p style=\"text-align: justify\"><span style=\"text-decoration: underline\">Frage 2:<\/span> Wie beurteilt der Berliner Senat die \u00f6kologische Situation des Murellenteichs?<br \/>\nAntwort zu 2: Das Bezirksamt teilt dazu mit:<br \/>\n\u201eVon der Ufergestaltung (\u00dcbergang Land\/Wasser) ist der Teich als sehr nat\u00fcrlich und herausragend aus den Gew\u00e4ssern im Bezirk zu bezeichnen. Bei der Lamellenkartierung der unteren Naturschutzbeh\u00f6rde 2019 wurde <a href=\"https:\/\/de.wikipedia.org\/wiki\/Zweifleck\" target=\"_blank\" rel=\"noopener\">Epitheca bimaculata (Zweifleck)<\/a> gefunden, eine vom Aussterben bedrohte Art.\u201c<\/p>\n<p style=\"text-align: justify\"><span style=\"text-decoration: underline\">Frage 3:<\/span> Welche Erkenntnisse liegen zur Einleitung von Wasser vor?<br \/>\nAntwort zu 3: Das Bezirksamt Charlottenburg-Wilmersdorf hat mitgeteilt, dass lediglich eine wasserrechtliche Erlaubnis f\u00fcr die Einleitung von Regenabwasser aus den anliegenden Stra\u00dfen durch die Berliner Wasserbetriebe (BWB) und die akzessorische Genehmigung f\u00fcr<br \/>\ndas Auslassbauwerk erteilt. Weitere Einleitungen sind dem Bezirksamt nicht bekannt.<br \/>\nDie BWB teilen dazu mit:<br \/>\n\u201eAm westlichen Ufer des Murellenteiches befindet sich ein Regenwasserauslass in den See. \u00dcber diesen wird das anfallende Regenwasser von Teilen des Brombeerweges, des Kreuzungsbereichs Murellenweg\/Brombeerweg, des Kreuzungsbereichs Stendelweg\/Brombeerweg sowie Wege im Murellenteichpark entw\u00e4ssert. Weiterhin entw\u00e4ssern Grundst\u00fccksfl\u00e4chen (Dach- und versiegelte Fl\u00e4chen) sowie umliegende Geb\u00e4ude des Jahnplatzes (z.Bsp. Poelchau-Schule) in den Murellenteich.\u201c<\/p>\n<p style=\"text-align: justify\"><span style=\"text-decoration: underline\">Frage 4:<\/span> Welche Erkenntnisse liegen zu einer m\u00f6glichen Einleitung von Schmutzwasser in den Murellenteich vor?<br \/>\nAntwort zu 4: Das Bezirksamt teilt dazu mit:<br \/>\n\u201eIn den letzten Jahren kam es wiederholt zu Anzeigen aus der Bev\u00f6lkerung \u00fcber sichtbare Verunreinigungen im Murellenteich. Aktenkundig ist jedoch nur folgendes Ereignis: Bei den<br \/>\nNachforschungen zur Ursachenkl\u00e4rung m\u00f6glicher Schmutzwassereinleitungen wurde 2005 von den BWB ein Rohrbruch ermittelt und behoben. Vermutungen \u00fcber Abwassereinleitungen vom Olympiagel\u00e4nde konnten nach Kenntnis des Bezirksamtes nicht<br \/>\nverifiziert werden.\u201c<br \/>\nDen BWB sind Einleitungen von Schmutzwasser in den Murellenteich nicht bekannt.<\/p>\n<p style=\"text-align: justify\"><span style=\"text-decoration: underline\">Frage 5:<\/span> Inwieweit w\u00e4re die Einleitung von Schmutzwasser ein Versto\u00df gegen geltendes Recht?<br \/>\nAntwort zu 5: Die Einleitung von ungereinigtem Schmutzwasser in ein Gew\u00e4sser ist wasserrechtlich nicht genehmigungsf\u00e4hig. Eine Schmutzwassereinleitung ohne wasserrechtliche Erlaubnis stellt eine unerlaubte Gew\u00e4sserbenutzung dar.<\/p>\n<p style=\"text-align: justify\"><span style=\"text-decoration: underline\">Frage 6:<\/span> Inwieweit sind aus Sicht des Berliner Senats Vorkehrungen f\u00fcr eine Verbesserung der Situation zu ziehen?<br \/>\nAntwort zu 6: Das Bezirksamt teilt dazu mit:<br \/>\n\u201eDas Bezirksamt hat ein Auskunftsanliegen der <a href=\"https:\/\/ruhleben.org\/\" target=\"_blank\" rel=\"noopener\">Interessengemeinschaft Eigenheimsiedlung Ruhleben e.V.<\/a> zum Murellenteich an die BWB mit der Bitte weitergeleitet, im Einzugsbereich nach Fehlanschl\u00fcssen an die Stra\u00dfenentw\u00e4sserung zu suchen. Weitere M\u00f6glichkeiten bestehen seitens des Bezirksamtes nicht.\u201c <\/div>\n\t\t\t<\/div><\/p>\n<p style=\"text-align: justify;\"><span style=\"color: #ffffff;\">.<\/span><\/p>\n<p style=\"text-align: justify;\">ngg_shortcode_0_placeholder<\/p>\n<p style=\"text-align: justify;\"><span style=\"color: #ffffff;\">.<\/span><\/p>\n<p style=\"text-align: justify;\"><span style=\"color: #ffffff;\">.<\/span><\/p>\n","protected":false},"excerpt":{"rendered":"<p>Nach meiner Einsch\u00e4tzung, handelt es sich bei dem Murellensee um einen See, welcher in Bezug auf seine Wasserf\u00fchrung k\u00fcnstlich &#8222;angelegt&#8220; wurde. Sein Ursprung d\u00fcrfte ein&hellip;<\/p>\n","protected":false},"author":1,"featured_media":0,"parent":689,"menu_order":0,"comment_status":"closed","ping_status":"closed","template":"template\/full-width.php","meta":{"ngg_post_thumbnail":0,"iawp_total_views":13,"footnotes":""},"class_list":["post-8496","page","type-page","status-publish","hentry"],"_links":{"self":[{"href":"https:\/\/forst-grunewald.de\/index.php?rest_route=\/wp\/v2\/pages\/8496","targetHints":{"allow":["GET"]}}],"collection":[{"href":"https:\/\/forst-grunewald.de\/index.php?rest_route=\/wp\/v2\/pages"}],"about":[{"href":"https:\/\/forst-grunewald.de\/index.php?rest_route=\/wp\/v2\/types\/page"}],"author":[{"embeddable":true,"href":"https:\/\/forst-grunewald.de\/index.php?rest_route=\/wp\/v2\/users\/1"}],"replies":[{"embeddable":true,"href":"https:\/\/forst-grunewald.de\/index.php?rest_route=%2Fwp%2Fv2%2Fcomments&post=8496"}],"version-history":[{"count":46,"href":"https:\/\/forst-grunewald.de\/index.php?rest_route=\/wp\/v2\/pages\/8496\/revisions"}],"predecessor-version":[{"id":14709,"href":"https:\/\/forst-grunewald.de\/index.php?rest_route=\/wp\/v2\/pages\/8496\/revisions\/14709"}],"up":[{"embeddable":true,"href":"https:\/\/forst-grunewald.de\/index.php?rest_route=\/wp\/v2\/pages\/689"}],"wp:attachment":[{"href":"https:\/\/forst-grunewald.de\/index.php?rest_route=%2Fwp%2Fv2%2Fmedia&parent=8496"}],"curies":[{"name":"wp","href":"https:\/\/api.w.org\/{rel}","templated":true}]}}

<p style="text-align: justify;">Nach meiner Einschätzung, handelt es sich bei dem Murellensee um einen See, welcher in Bezug auf seine Wasserführung künstlich &#8222;angelegt&#8220; wurde.</p>
<p style="text-align: justify;">Sein Ursprung dürfte ein Bodenloch sein, wie sie überall im Grunewald durch Eisblöcke <a href="https://forst-grunewald.de/?page_id=689" target="_blank" rel="noopener noreferrer">entstanden</a> sind. In alten Karten ist er nicht als Gewässer erfasst. Erst als &#8222;<a href="https://forst-grunewald.de/wp-content/gallery/grunewaldseen-murellensee/1914-baedeker-murellensee-sausuhlensee.jpg" target="_blank" rel="noopener noreferrer">Militär-Schwimm-Anstalt</a>&#8220; der neben dem See befindlichen <a href="https://forst-grunewald.de/?page_id=5408" target="_blank" rel="noopener noreferrer">Schießstände</a> Ruhleben tritt er als See in Erscheinung (<a href="https://www.ruhleben.com/murellen-see7/der-murellen-see-1906/msg26/#msg26" target="_blank" rel="noopener noreferrer">Foto 1906</a>). Und zwar mit doch beachtlicher Größe und mit einer Steganlage durch die Seemitte ergibt. Allerdings noch ohne Namen. Auf dem ehemaligen Gelände der Schießstände befindet sich seit 1922 die <a href="http://ruhleben.de" target="_blank" rel="noopener noreferrer">Eigenheimsiedlung Ruhleben</a>.</p>
<p style="text-align: justify;">Nachdem er nicht mehr als &#8222;Militär-Badeanstalt&#8220; genutzt wurde, wurde er von der Bevölkerung als Badesee genutzt. Hier <a href="https://www.ruhleben.com/murellen-see7/bilder-vom-murellen-see-aus-den-1930er-jahren/msg23/#msg23" target="_blank" rel="noopener noreferrer">Fotos</a> aus den dreißiger Jahren, welche gleichfalls einen Hinweis auf die Größe des Sees und auch die Steganlage ist noch erkennbar. In den siebziger Jahren war er ausgetrocknet (<a href="https://www.ruhleben.com/murellen-see7/murellen-see-ausgetrocknet-in-den-1970er-jahren/msg22/#msg22" target="_blank" rel="noopener noreferrer">Fotos</a>). Erst in der Neuzeit taucht der Name &#8222;Murellenteich&#8220; auf, ich denke jedoch, es ist passender ihn als &#8222;Murellensee&#8220; zu bezeichnen, denn für einen Teich ist der zu groß. Genau genommen wäre allerdings der Name &#8222;Ruhlebensee&#8220; zutreffender, denn der &#8222;<a href="https://forst-grunewald.de/?page_id=5426" target="_blank" rel="noopener noreferrer">Murellenberg</a>&#8220; und die &#8222;<a href="https://forst-grunewald.de/?page_id=5426" target="_blank" rel="noopener noreferrer">Murellenschlucht</a>&#8220; liegen doch recht weit entfernt und dazwischen liegt noch die Fließweise Ruhleben. Die <a href="https://forst-grunewald.de/?page_id=5426" target="_blank" rel="noopener noreferrer">Murellenschlucht, den Murellenberg und die Fließwiese Ruhleben</a> ordne ich (örtlich) auch nicht dem Murellensee zu.</p>
<p style="text-align: justify;">Heute ist es ein netter kleiner See, eingerahmt vom nördlichen Abhang des &#8222;<a href="https://forst-grunewald.de/?page_id=4659" target="_blank" rel="noopener noreferrer">Breite Berg</a>&#8222;, ein leider in Vergessenheit geratener Name, auf welchem sich der Olympiapark befindet, von einer Straße und einer U-Bahnlinie, sowie von der Siedlung Ruhleben. Neben den kleinen See befindet sich eine Wiese, welche zum Teil auch (etwas) unter Wasser steht. Der Murellensee und die Wiese bildeten früher einmal räumlich wohl eine Einheit, vielleicht nur getrennt durch einen kleinen Querriegel, und befanden sich seinerzeit zusammen mit den Schießständen im Jagen 142. Heute werden der Murellensee und die Wiese durch die kleine Murellenstraße, als eine von zwei Zufahrtstraßen zur Siedlung Ruhleben, räumlich deutlich getrennt.</p>
<p style="text-align: justify;">An dieser Wiese befindet sich vor dem U-Bahneingang ein Findling, welcher ein Naturdenkmal darstellt (NDM VII-5F) und 1968 von der <a href="https://forst-grunewald.de/?page_id=5426" target="_blank" rel="noopener noreferrer">Murellenschlucht</a> dorthin verbracht wurde. Ein weiterer Findling befindet sich am Wegeingang zum Murellensee.</p>
<p style="text-align: justify;"><a href="https://pardok.parlament-berlin.de/starweb/adis/citat/VT/18/SchrAnfr/S18-26801.pdf" target="_blank" rel="noopener">12.03.2021</a>: Berliner Abgeordnetenhaus<br />
&#8211; Schriftliche Anfrage des Abgeordneten Andreas Statzkowksi (CDU) und<br />
&#8211; Antwort der Senatsverwaltung für Umwelt, Verkehr und Klimaschutz<br />
<strong>Titel: Wasserqualität des Murellenteichs</strong> <div class="spoiler-wrap">
				<div class="spoiler-head folded">Spoiler</div>
				<div class="spoiler-body"></p>
<p style="text-align: justify"><span style="text-decoration: underline">Frage 1:</span> Welche Erkenntnisse hat der Berliner Senat bezüglich der Wasserqualität des Murellenteichs in Ruhleben?<br />
Antwort zu 1: Das Bezirksamt teilt dazu mit:<br />
„Die chemisch-physikalische Gewässerqualität im Murellenteich wurde bisher vom Bezirksamt nicht bestimmt.“</p>
<p style="text-align: justify"><span style="text-decoration: underline">Frage 2:</span> Wie beurteilt der Berliner Senat die ökologische Situation des Murellenteichs?<br />
Antwort zu 2: Das Bezirksamt teilt dazu mit:<br />
„Von der Ufergestaltung (Übergang Land/Wasser) ist der Teich als sehr natürlich und herausragend aus den Gewässern im Bezirk zu bezeichnen. Bei der Lamellenkartierung der unteren Naturschutzbehörde 2019 wurde <a href="https://de.wikipedia.org/wiki/Zweifleck" target="_blank" rel="noopener">Epitheca bimaculata (Zweifleck)</a> gefunden, eine vom Aussterben bedrohte Art.“</p>
<p style="text-align: justify"><span style="text-decoration: underline">Frage 3:</span> Welche Erkenntnisse liegen zur Einleitung von Wasser vor?<br />
Antwort zu 3: Das Bezirksamt Charlottenburg-Wilmersdorf hat mitgeteilt, dass lediglich eine wasserrechtliche Erlaubnis für die Einleitung von Regenabwasser aus den anliegenden Straßen durch die Berliner Wasserbetriebe (BWB) und die akzessorische Genehmigung für<br />
das Auslassbauwerk erteilt. Weitere Einleitungen sind dem Bezirksamt nicht bekannt.<br />
Die BWB teilen dazu mit:<br />
„Am westlichen Ufer des Murellenteiches befindet sich ein Regenwasserauslass in den See. Über diesen wird das anfallende Regenwasser von Teilen des Brombeerweges, des Kreuzungsbereichs Murellenweg/Brombeerweg, des Kreuzungsbereichs Stendelweg/Brombeerweg sowie Wege im Murellenteichpark entwässert. Weiterhin entwässern Grundstücksflächen (Dach- und versiegelte Flächen) sowie umliegende Gebäude des Jahnplatzes (z.Bsp. Poelchau-Schule) in den Murellenteich.“</p>
<p style="text-align: justify"><span style="text-decoration: underline">Frage 4:</span> Welche Erkenntnisse liegen zu einer möglichen Einleitung von Schmutzwasser in den Murellenteich vor?<br />
Antwort zu 4: Das Bezirksamt teilt dazu mit:<br />
„In den letzten Jahren kam es wiederholt zu Anzeigen aus der Bevölkerung über sichtbare Verunreinigungen im Murellenteich. Aktenkundig ist jedoch nur folgendes Ereignis: Bei den<br />
Nachforschungen zur Ursachenklärung möglicher Schmutzwassereinleitungen wurde 2005 von den BWB ein Rohrbruch ermittelt und behoben. Vermutungen über Abwassereinleitungen vom Olympiagelände konnten nach Kenntnis des Bezirksamtes nicht<br />
verifiziert werden.“<br />
Den BWB sind Einleitungen von Schmutzwasser in den Murellenteich nicht bekannt.</p>
<p style="text-align: justify"><span style="text-decoration: underline">Frage 5:</span> Inwieweit wäre die Einleitung von Schmutzwasser ein Verstoß gegen geltendes Recht?<br />
Antwort zu 5: Die Einleitung von ungereinigtem Schmutzwasser in ein Gewässer ist wasserrechtlich nicht genehmigungsfähig. Eine Schmutzwassereinleitung ohne wasserrechtliche Erlaubnis stellt eine unerlaubte Gewässerbenutzung dar.</p>
<p style="text-align: justify"><span style="text-decoration: underline">Frage 6:</span> Inwieweit sind aus Sicht des Berliner Senats Vorkehrungen für eine Verbesserung der Situation zu ziehen?<br />
Antwort zu 6: Das Bezirksamt teilt dazu mit:<br />
„Das Bezirksamt hat ein Auskunftsanliegen der <a href="https://ruhleben.org/" target="_blank" rel="noopener">Interessengemeinschaft Eigenheimsiedlung Ruhleben e.V.</a> zum Murellenteich an die BWB mit der Bitte weitergeleitet, im Einzugsbereich nach Fehlanschlüssen an die Straßenentwässerung zu suchen. Weitere Möglichkeiten bestehen seitens des Bezirksamtes nicht.“ </div>
			</div></p>
<p style="text-align: justify;"><span style="color: #ffffff;">.</span></p>
<p style="text-align: justify;">ngg_shortcode_0_placeholder</p>
<p style="text-align: justify;"><span style="color: #ffffff;">.</span></p>
<p style="text-align: justify;"><span style="color: #ffffff;">.</span></p>

<p>Nach meiner Einschätzung, handelt es sich bei dem Murellensee um einen See, welcher in Bezug auf seine Wasserführung künstlich &#8222;angelegt&#8220; wurde. Sein Ursprung dürfte ein&hellip;</p>
