{"id":8481,"date":"2015-11-07T08:35:10","date_gmt":"2015-11-07T07:35:10","guid":{"rendered":"http:\/\/forst-grunewald.de\/?page_id=8481"},"modified":"2024-06-12T04:00:00","modified_gmt":"2024-06-12T03:00:00","slug":"tipp-im-dialog-michael-krons-mit-peter-wohlleben","status":"publish","type":"page","link":"https:\/\/forst-grunewald.de\/?page_id=8481","title":{"rendered":"&#8222;Im Dialog&#8220; F\u00f6rster Peter Wohlleben"},"content":{"rendered":"<p><strong>phoenix<\/strong><br \/>\nvon ARD und ZDF<\/p>\n<p style=\"text-align: justify;\"><strong>B\u00e4ume sind Lebewesen: sie sprechen miteinander, sie helfen einander und sie erziehen ihre Kinder. Das sagt Peter Wohlleben, F\u00f6rster in einem 4000 Jahre alten Buchenwald in der Eifel. Der Autor hat einen <a href=\"http:\/\/www.peter-wohlleben.de\/buecher.html\" target=\"_blank\" rel=\"noopener\">Bestseller<\/a> \u00fcber die geheimnisvolle Welt des Waldes geschrieben. Bei seinen Beschreibungen beruft er sich nicht nur auf eigene Beobachtungen, sondern auch auf Forschungsarbeiten verschiedener Universit\u00e4ten.<\/strong><\/p>\n<p style=\"text-align: justify;\">Im Dialog mit Moderator Michael Krons kritisiert er, dass Menschen B\u00e4ume nur als Wirtschaftsfaktor sehen, anstatt von der Natur zu lernen. Wohlleben gab sogar seinen Beamtenjob auf, weil er die \u00fcbliche Holzwirtschaft, in der B\u00e4ume nur Holzlieferanten darstellen, ablehnt. Denn B\u00e4ume im Wald bilden nach Ansicht von Wohlleben eine solidarische Gemeinschaft in der kranke und alte B\u00e4ume unterst\u00fctzt werden. Sie kommunizieren durch eine Art Internet des Waldes miteinander und k\u00f6nnen sich so gegenseitig vor Gefahren warnen. In der geheimnisvollen Welt der B\u00e4ume gilt eine ganz andere Zeitrechnung. F\u00fcr die vielen hunderte Jahre alten Buchen in seinem Wald ist der Spazierg\u00e4nger lediglich wie ein Insekt, das kurz vorbeifliegt. Aus seinem Beruf zieht der F\u00f6rster Wohlleben tiefe Befriedigung: Er beschreibt das Gef\u00fchl, an dem Prozess der Jahrhundert-Entwicklung der B\u00e4ume teilzuhaben. So erkl\u00e4rt er sich auch das Interesse vieler Menschen, die sich in seinem Wald bestatten lassen.<\/p>\n<p style=\"text-align: justify;\">Im Dialog: <a href=\"http:\/\/www.phoenix.de\/content\/1010725\" target=\"_blank\" rel=\"noopener\">Michael Krons mit Peter Wohlleben<\/a><br \/>\nSonnabend, 07.11.15, 00.00 &#8211; 00.35 Uhr,<br \/>\nWiederholung. Sonntag 08.11.15, 11.15 &#8211; 11.50 Uhr<\/p>\n<p><a href=\"http:\/\/www.peter-wohlleben.de\/\" target=\"_blank\" rel=\"noopener\">www.peter-wohlleben.de<\/a><\/p>\n<p><iframe loading=\"lazy\" title=\"Peter Wohlleben im Dialog mit Michael Krons am 08.11.2015\" width=\"843\" height=\"474\" src=\"https:\/\/www.youtube.com\/embed\/6YQmKuWZ3cc?feature=oembed\" frameborder=\"0\" allow=\"accelerometer; autoplay; clipboard-write; encrypted-media; gyroscope; picture-in-picture; web-share\" referrerpolicy=\"strict-origin-when-cross-origin\" allowfullscreen><\/iframe><\/p>\n<p>&nbsp;<\/p>\n<p><span style=\"color: #ffffff;\">&nbsp;<\/span><\/p>\n","protected":false},"excerpt":{"rendered":"<p>phoenix von ARD und ZDF B\u00e4ume sind Lebewesen: sie sprechen miteinander, sie helfen einander und sie erziehen ihre Kinder. Das sagt Peter Wohlleben, F\u00f6rster in&hellip;<\/p>\n","protected":false},"author":1,"featured_media":0,"parent":5672,"menu_order":8,"comment_status":"closed","ping_status":"closed","template":"template-fullwidth.php","meta":{"ngg_post_thumbnail":0,"iawp_total_views":39,"footnotes":""},"class_list":["post-8481","page","type-page","status-publish","hentry"],"_links":{"self":[{"href":"https:\/\/forst-grunewald.de\/index.php?rest_route=\/wp\/v2\/pages\/8481","targetHints":{"allow":["GET"]}}],"collection":[{"href":"https:\/\/forst-grunewald.de\/index.php?rest_route=\/wp\/v2\/pages"}],"about":[{"href":"https:\/\/forst-grunewald.de\/index.php?rest_route=\/wp\/v2\/types\/page"}],"author":[{"embeddable":true,"href":"https:\/\/forst-grunewald.de\/index.php?rest_route=\/wp\/v2\/users\/1"}],"replies":[{"embeddable":true,"href":"https:\/\/forst-grunewald.de\/index.php?rest_route=%2Fwp%2Fv2%2Fcomments&post=8481"}],"version-history":[{"count":13,"href":"https:\/\/forst-grunewald.de\/index.php?rest_route=\/wp\/v2\/pages\/8481\/revisions"}],"predecessor-version":[{"id":41492,"href":"https:\/\/forst-grunewald.de\/index.php?rest_route=\/wp\/v2\/pages\/8481\/revisions\/41492"}],"up":[{"embeddable":true,"href":"https:\/\/forst-grunewald.de\/index.php?rest_route=\/wp\/v2\/pages\/5672"}],"wp:attachment":[{"href":"https:\/\/forst-grunewald.de\/index.php?rest_route=%2Fwp%2Fv2%2Fmedia&parent=8481"}],"curies":[{"name":"wp","href":"https:\/\/api.w.org\/{rel}","templated":true}]}}

&#8222;Im Dialog&#8220; Förster Peter Wohlleben

<p><strong>phoenix</strong><br />
von ARD und ZDF</p>
<p style="text-align: justify;"><strong>Bäume sind Lebewesen: sie sprechen miteinander, sie helfen einander und sie erziehen ihre Kinder. Das sagt Peter Wohlleben, Förster in einem 4000 Jahre alten Buchenwald in der Eifel. Der Autor hat einen <a href="http://www.peter-wohlleben.de/buecher.html" target="_blank" rel="noopener">Bestseller</a> über die geheimnisvolle Welt des Waldes geschrieben. Bei seinen Beschreibungen beruft er sich nicht nur auf eigene Beobachtungen, sondern auch auf Forschungsarbeiten verschiedener Universitäten.</strong></p>
<p style="text-align: justify;">Im Dialog mit Moderator Michael Krons kritisiert er, dass Menschen Bäume nur als Wirtschaftsfaktor sehen, anstatt von der Natur zu lernen. Wohlleben gab sogar seinen Beamtenjob auf, weil er die übliche Holzwirtschaft, in der Bäume nur Holzlieferanten darstellen, ablehnt. Denn Bäume im Wald bilden nach Ansicht von Wohlleben eine solidarische Gemeinschaft in der kranke und alte Bäume unterstützt werden. Sie kommunizieren durch eine Art Internet des Waldes miteinander und können sich so gegenseitig vor Gefahren warnen. In der geheimnisvollen Welt der Bäume gilt eine ganz andere Zeitrechnung. Für die vielen hunderte Jahre alten Buchen in seinem Wald ist der Spaziergänger lediglich wie ein Insekt, das kurz vorbeifliegt. Aus seinem Beruf zieht der Förster Wohlleben tiefe Befriedigung: Er beschreibt das Gefühl, an dem Prozess der Jahrhundert-Entwicklung der Bäume teilzuhaben. So erklärt er sich auch das Interesse vieler Menschen, die sich in seinem Wald bestatten lassen.</p>
<p style="text-align: justify;">Im Dialog: <a href="http://www.phoenix.de/content/1010725" target="_blank" rel="noopener">Michael Krons mit Peter Wohlleben</a><br />
Sonnabend, 07.11.15, 00.00 &#8211; 00.35 Uhr,<br />
Wiederholung. Sonntag 08.11.15, 11.15 &#8211; 11.50 Uhr</p>
<p><a href="http://www.peter-wohlleben.de/" target="_blank" rel="noopener">www.peter-wohlleben.de</a></p>
<p><iframe loading="lazy" title="Peter Wohlleben im Dialog mit Michael Krons am 08.11.2015" width="843" height="474" src="https://www.youtube.com/embed/6YQmKuWZ3cc?feature=oembed" frameborder="0" allow="accelerometer; autoplay; clipboard-write; encrypted-media; gyroscope; picture-in-picture; web-share" referrerpolicy="strict-origin-when-cross-origin" allowfullscreen></iframe></p>
<p>&nbsp;</p>
<p><span style="color: #ffffff;">&nbsp;</span></p>

<p>phoenix von ARD und ZDF Bäume sind Lebewesen: sie sprechen miteinander, sie helfen einander und sie erziehen ihre Kinder. Das sagt Peter Wohlleben, Förster in&hellip;</p>
