{"id":6998,"date":"2014-06-18T21:47:32","date_gmt":"2014-06-18T20:47:32","guid":{"rendered":"http:\/\/forst-grunewald.de\/?page_id=6998"},"modified":"2025-11-18T07:19:16","modified_gmt":"2025-11-18T06:19:16","slug":"zwischendecke","status":"publish","type":"page","link":"https:\/\/forst-grunewald.de\/?page_id=6998","title":{"rendered":"Hohlraumdecke"},"content":{"rendered":"<p style=\"text-align: justify;\"><a href=\"https:\/\/forst-grunewald.de\/wp-content\/uploads\/2014-06-20-DSC04681-klein.jpg\" target=\"_blank\" rel=\"noopener noreferrer\"><img loading=\"lazy\" decoding=\"async\" class=\"alignright wp-image-7062\" src=\"https:\/\/forst-grunewald.de\/wp-content\/uploads\/2014-06-20-DSC04681-klein.jpg\" alt=\"2014-06-20 DSC04681 klein\" width=\"450\" height=\"437\" srcset=\"https:\/\/forst-grunewald.de\/wp-content\/uploads\/2014-06-20-DSC04681-klein.jpg 1600w, https:\/\/forst-grunewald.de\/wp-content\/uploads\/2014-06-20-DSC04681-klein-150x145.jpg 150w, https:\/\/forst-grunewald.de\/wp-content\/uploads\/2014-06-20-DSC04681-klein-300x291.jpg 300w, https:\/\/forst-grunewald.de\/wp-content\/uploads\/2014-06-20-DSC04681-klein-1024x993.jpg 1024w, https:\/\/forst-grunewald.de\/wp-content\/uploads\/2014-06-20-DSC04681-klein-400x388.jpg 400w\" sizes=\"auto, (max-width: 450px) 100vw, 450px\" \/><\/a><span style=\"font-family: arial, helvetica, sans-serif; font-size: 12pt;\">Im oberen Bereich des Turmes befinden sich etliche L\u00fcftungs\u00f6ffnungen, diese sind vom Boden aus zu erkennen.<\/span><\/p>\n<p style=\"text-align: justify;\"><span style=\"font-family: arial, helvetica, sans-serif; font-size: 12pt;\">Als ich am 18. Juni 2014 durch Zufall Gelegenheit hatte, einige Aufnahme durch die T\u00fcr in den Innenraum des Turms zu machen, ist mir sp\u00e4ter dann aufgefallen, dass der Turm-Raum \u00fcber keine L\u00fcftungs\u00f6ffnungen verf\u00fcgt. Die Bel\u00fcftung erfolgt allein \u00fcber die T\u00fcr.<\/span><\/p>\n<p style=\"text-align: justify;\"><span style=\"font-family: arial, helvetica, sans-serif; font-size: 12pt;\">Daraus folgerte ich dann, dass sich zwischen der Raumdecke und der Dachdecke noch ein Hohlraum befinden muss. Am 20. Juni 2014 marschierte ich dann also mit einer kleinen Leiter an &#8211; und hatte zun\u00e4chst Pech. Zu kurz, um von Gehweg aus an die \u00d6ffnungen zu gelangen. Aber rechts vom Eingang fand ich dann doch noch eine \u00d6ffnung und konnte sogar meine Hand mit Fotoapparat hineinstecken.<\/span><\/p>\n<p style=\"text-align: justify;\"><span style=\"font-family: arial, helvetica, sans-serif; font-size: 12pt;\">In diesem Hohlraum wurden \u00fcber Kreuz die Ziegelsteine einfach aufgeschichtet, so dass durch die Unterteilung des runden Querschnitts vermutlich vier gleich gro\u00dfe Hohlr\u00e4ume entstanden. Eine Mauer ist jedoch umgekippt.<\/span><\/p>\n<p style=\"text-align: justify;\"><span style=\"font-family: arial, helvetica, sans-serif; font-size: 12pt;\">Weshalb der Turm \u00fcber eine Zwischendecke verf\u00fcgt, wei\u00df ich nicht. Vielleicht aus Gr\u00fcnden der Statik?<\/span><\/p>\n<p style=\"text-align: justify;\"><span style=\"font-family: arial, helvetica, sans-serif; font-size: 12pt;\">Weshalb die Ziegelsteine aufgeschichtet wurden, wei\u00df ich auch nicht. Vielleicht zur St\u00fctzung der Deckenverschalung? Oder aber, um eine verstecke Symbolik abzubilden? Denn unter Einbeziehung der Turmwand, ergibt sich die Abbildung eines in einem Kreis eingebeteten Kreuzes. Eventuell ein <a href=\"http:\/\/de.wikipedia.org\/wiki\/Radkreuz\" target=\"_blank\" rel=\"noopener noreferrer\">Radkreuz<\/a>, oder ein <a href=\"http:\/\/de.wikipedia.org\/wiki\/Weihekreuz\" target=\"_blank\" rel=\"noopener noreferrer\">Weihekreuz<\/a>, oder ein Kreuz, welches sowohl eine Interpretation als Radkreuz oder als Weihekreuz zulassen soll?<\/span><\/p>\n<p style=\"text-align: justify;\"><span style=\"font-family: arial, helvetica, sans-serif; font-size: 12pt;\">Leider konnte ich auf den Ziegeln im Hohlraum <a href=\"https:\/\/forst-grunewald.de\/?page_id=6232\" target=\"_blank\" rel=\"noopener noreferrer\">keine weitere Stempelung<\/a> erkennen.<\/span><\/p>\n<p>&nbsp;<\/p>\n<p><span style=\"font-family: arial, helvetica, sans-serif; font-size: 12pt;\">ngg_shortcode_0_placeholder<\/span><\/p>\n<p>&nbsp;<\/p>\n<p>&nbsp;<\/p>\n","protected":false},"excerpt":{"rendered":"<p>Im oberen Bereich des Turmes befinden sich etliche L\u00fcftungs\u00f6ffnungen, diese sind vom Boden aus zu erkennen. Als ich am 18. Juni 2014 durch Zufall Gelegenheit&hellip;<\/p>\n","protected":false},"author":1,"featured_media":0,"parent":5742,"menu_order":0,"comment_status":"closed","ping_status":"closed","template":"","meta":{"ngg_post_thumbnail":0,"iawp_total_views":28,"footnotes":""},"class_list":["post-6998","page","type-page","status-publish","hentry"],"_links":{"self":[{"href":"https:\/\/forst-grunewald.de\/index.php?rest_route=\/wp\/v2\/pages\/6998","targetHints":{"allow":["GET"]}}],"collection":[{"href":"https:\/\/forst-grunewald.de\/index.php?rest_route=\/wp\/v2\/pages"}],"about":[{"href":"https:\/\/forst-grunewald.de\/index.php?rest_route=\/wp\/v2\/types\/page"}],"author":[{"embeddable":true,"href":"https:\/\/forst-grunewald.de\/index.php?rest_route=\/wp\/v2\/users\/1"}],"replies":[{"embeddable":true,"href":"https:\/\/forst-grunewald.de\/index.php?rest_route=%2Fwp%2Fv2%2Fcomments&post=6998"}],"version-history":[{"count":25,"href":"https:\/\/forst-grunewald.de\/index.php?rest_route=\/wp\/v2\/pages\/6998\/revisions"}],"predecessor-version":[{"id":43753,"href":"https:\/\/forst-grunewald.de\/index.php?rest_route=\/wp\/v2\/pages\/6998\/revisions\/43753"}],"up":[{"embeddable":true,"href":"https:\/\/forst-grunewald.de\/index.php?rest_route=\/wp\/v2\/pages\/5742"}],"wp:attachment":[{"href":"https:\/\/forst-grunewald.de\/index.php?rest_route=%2Fwp%2Fv2%2Fmedia&parent=6998"}],"curies":[{"name":"wp","href":"https:\/\/api.w.org\/{rel}","templated":true}]}}