{"id":6977,"date":"2014-06-17T15:22:15","date_gmt":"2014-06-17T14:22:15","guid":{"rendered":"http:\/\/forst-grunewald.de\/?page_id=6977"},"modified":"2025-10-30T21:09:02","modified_gmt":"2025-10-30T20:09:02","slug":"ziegelei-am-wannsee","status":"publish","type":"page","link":"https:\/\/forst-grunewald.de\/?page_id=6977","title":{"rendered":"Ziegelein am Wannsee"},"content":{"rendered":"<figure id=\"attachment_7001\" aria-describedby=\"caption-attachment-7001\" style=\"width: 500px\" class=\"wp-caption alignright\"><a href=\"https:\/\/forst-grunewald.de\/wp-content\/uploads\/1903-05-15-Wannsee-Hafen-kleina2.jpg\" target=\"_blank\" rel=\"noopener noreferrer\"><img loading=\"lazy\" decoding=\"async\" class=\"wp-image-7001\" src=\"https:\/\/forst-grunewald.de\/wp-content\/uploads\/1903-05-15-Wannsee-Hafen-kleina2.jpg\" alt=\"1903-05-15 Wannsee Hafen kleina2\" width=\"500\" height=\"281\" srcset=\"https:\/\/forst-grunewald.de\/wp-content\/uploads\/1903-05-15-Wannsee-Hafen-kleina2.jpg 1600w, https:\/\/forst-grunewald.de\/wp-content\/uploads\/1903-05-15-Wannsee-Hafen-kleina2-150x84.jpg 150w, https:\/\/forst-grunewald.de\/wp-content\/uploads\/1903-05-15-Wannsee-Hafen-kleina2-300x168.jpg 300w, https:\/\/forst-grunewald.de\/wp-content\/uploads\/1903-05-15-Wannsee-Hafen-kleina2-1024x576.jpg 1024w, https:\/\/forst-grunewald.de\/wp-content\/uploads\/1903-05-15-Wannsee-Hafen-kleina2-400x225.jpg 400w\" sizes=\"auto, (max-width: 500px) 100vw, 500px\" \/><\/a><figcaption id=\"caption-attachment-7001\" class=\"wp-caption-text\"><span style=\"font-family: arial, helvetica, sans-serif;\">Ziegelsteine und <a href=\"http:\/\/www.bergmenschen.com\/guenter\/taucherei\/derkaffenkahn.html\" target=\"_blank\" rel=\"noopener noreferrer\">Kaffenk\u00e4hne<\/a> am S\u00fcdufer des Wannsees. Heute befindet sich hier ungef\u00e4hr die <a href=\"https:\/\/de.wikipedia.org\/wiki\/Wannseebr\u00fccke\" target=\"_blank\" rel=\"noopener\">Wannseebr\u00fccke<\/a>.<\/span><\/figcaption><\/figure>\n<p style=\"text-align: justify;\"><span style=\"font-family: arial, helvetica, sans-serif; font-size: 12pt;\">Etliche Quellen berichten von einer oder mehreren Zieglein bei Stolpe am Wannsee.<\/span><\/p>\n<p style=\"text-align: justify;\"><span style=\"font-family: arial, helvetica, sans-serif; font-size: 12pt;\">Auf diesem Foto sind gut zu erkennen Ziegelsteine gestapelt. Nicht erkennbar ist, ob die Ziegelsteine von den Kaffenk\u00e4hnen entladen wurden, oder zur Beladung bereit liegen. Es ist m\u00f6glich, dass die Fabrik im Hintergrund eine Ziegelei ist.<\/span><\/p>\n<p style=\"text-align: justify;\"><span style=\"font-family: arial, helvetica, sans-serif; font-size: 12pt;\">Sie befand sich dan anscheinend dort, wo sich die heutige Wannseebr\u00fccke befindet, also am S\u00fcdufer des Wannsees.<\/span><\/p>\n<p style=\"text-align: justify;\"><span style=\"font-family: arial, helvetica, sans-serif; font-size: 12pt;\">Der Artikel &#8222;<a href=\"http:\/\/www.zeit.de\/2011\/17\/Wannsee-Kleist-Grabstaette\/komplettansicht\" target=\"_blank\" rel=\"noopener noreferrer\">Ein Kahn f\u00fcr den Dichter<\/a>&#8220; in der Zeit vom 24.11.2011 berichtet in Bezug auf das <a href=\"https:\/\/forst-grunewald.de\/?page_id=6047\" target=\"_blank\" rel=\"noopener noreferrer\">Kleist-Grab<\/a> am Kleinen Wannsee: &#8222;<em>Der Lehmhunger einer nahen Ziegelei nagte so heftig an dem H\u00fcgel, dass nicht mal mehr sicher ist, ob die Gebeine nicht irgendwann einfach abgebaggert wurden.<\/em> &#8222;.<\/span><\/p>\n<p style=\"text-align: justify;\"><span style=\"font-family: arial, helvetica, sans-serif; font-size: 12pt;\">Herr Christoph Janecke berichtet auf seiner Webseite unter der sehr umfassenden Dorfchronik&nbsp; &#8222;<a href=\"http:\/\/www.janecke.name\/ortsgeschichte\/stolpe-wannsee\" target=\"_blank\" rel=\"noopener noreferrer\">Das Dorf Stolpe \u2013 Notizen zu einer Ortschronik<\/a>&#8220; in Bezug auf die dortigen Ziegelein folgendes:<\/span><\/p>\n<ul style=\"text-align: justify;\">\n<li><span style=\"font-family: arial, helvetica, sans-serif; font-size: 12pt;\">1680 Der Ort Stolpe besteht aus einigen H\u00e4usern, nahe dem Stolpsee gelegen, dem kurf\u00fcrstlichen Weinberg und endlich dem Ziegelbrennofen.<\/span><\/li>\n<li><span style=\"font-family: arial, helvetica, sans-serif; font-size: 12pt;\">1683 Der kurf\u00fcrstliche Cammerjunker-Ingenieur Samuel de Suchodoletz (polnischer Herkunft) zeichnet viele Karten von Gebieten der Mark Brandenburg, so auch &#8230; 1683 eine Karte von Stolpe. Die Landkarte von Suchodoletz zeigt nebst Stolpe die \u201eAlte Ziegeley\u201c am Westufer des Wannsee und auch \u201e<a href=\"https:\/\/forst-grunewald.de\/?page_id=515\" target=\"_blank\" rel=\"noopener noreferrer\">Der alte Hof<\/a>\u201c ist enthalten. Der (sp\u00e4tere) kleine Wannsee hei\u00dft zu dieser Zeit \u201eDas Stolper Loch\u201c.<\/span><\/li>\n<li><span style=\"font-family: arial, helvetica, sans-serif; font-size: 12pt;\">1797 Neubau der Ziegelei (ungef\u00e4hre Lage nach der Adresse aus dem Jahr 2000: <a href=\"https:\/\/www.google.de\/maps\/place\/Am+Gro%C3%9Fen+Wannsee+18\/@52.425034,13.1612892,16z\/data=!4m2!3m1!1s0x47a858e5e9f781d3:0xc3eab8e5bab94796\" target=\"_blank\" rel=\"noopener noreferrer\">Am Gro\u00dfen Wannsee 18\/19<\/a>).<\/span><\/li>\n<li><span style=\"font-family: arial, helvetica, sans-serif; font-size: 12pt;\">1829 Herr <a href=\"http:\/\/de.wikipedia.org\/wiki\/Kommerzienrat\" target=\"_blank\" rel=\"noopener noreferrer\">Commerzienrath<\/a> Berr erwirbt das Gel\u00e4nde der alten Ziegelei am Wannsee vom Koss\u00e4ten Ludwig Liebenow.<\/span><\/li>\n<li><span style=\"font-family: arial, helvetica, sans-serif; font-size: 12pt;\">1860 Zum Dorf Stolpe geh\u00f6ren inzwischen &#8230; die Kolonie Ziegelei am Wannsee &#8230; Die Kolonie Ziegelei besteht aus sieben Wohnh\u00e4usern und sechs Wirtschaftsgeb\u00e4uden.<\/span><\/li>\n<\/ul>\n<p style=\"text-align: justify;\"><span style=\"font-family: arial, helvetica, sans-serif; font-size: 12pt;\">Eine von Herrn Janecke ver\u00f6ffentlichte <a href=\"http:\/\/www.janecke.name\/ortsgeschichte\/stolpe-wannsee_html_m40689d74.jpg\" target=\"_blank\" rel=\"noopener noreferrer\">Ann\u00e4herungslandkarte f\u00fcr den Zeitraum von 1600 &#8211; 1800<\/a>, verzeichnet zwei Ziegelorte am Westufer des Wannsees. Das <a href=\"http:\/\/www.ghwk.de\" target=\"_blank\" rel=\"noopener noreferrer\">Haus der Wannseekonferenz<\/a> gibt in Bezug auf die Geschichte der <a href=\"http:\/\/www.google.com\/url?sa=t&amp;rct=j&amp;q=&amp;esrc=s&amp;source=web&amp;cd=3&amp;ved=0CCkQFjAC&amp;url=http%3A%2F%2Fwww.ghwk.de%2Ffileadmin%2Fuser_upload%2Fpdf-wannsee%2Fsonderausstellungen%2Fsalinger.pdf&amp;ei=DAekU9mGB8boywOrkIL4BQ&amp;usg=AFQjCNE1KhuBeQKY57VQxJBlEMgjHS_boA&amp;bvm=bv.69411363,d.bGQ&amp;cad=rja\" target=\"_blank\" rel=\"noopener noreferrer\">Villa Salinger<\/a> &#8222;<a href=\"https:\/\/www.google.de\/maps\/place\/Am+Gro%C3%9Fen+Wannsee+50\/@52.430618,13.16486,3a,75y,175.19h,87.73t\/data=!3m4!1e1!3m2!1sSGeuJju0OeQJoQCabvq7tQ!2e0!4m2!3m1!1s0x47a858fb20300683:0x5f0946c653f4c6fc!6m1!1e1\" target=\"_blank\" rel=\"noopener noreferrer\">Am Gro\u00dfen Wannsee 50<\/a>&#8220; an, dass sich auf dem Grundst\u00fcck &#8222;Am Gro\u00dfen Wannsee 47-49&#8220; fr\u00fcher eine &#8222;<em>alte Ziegelei mit einem Wohngeb\u00e4ude f\u00fcr den Werkf\u00fchrer und Unterk\u00fcnften f\u00fcr die Ziegeleiarbeiter befunden hatten<\/em>&#8222;.<\/span><\/p>\n<p style=\"text-align: justify;\"><span style=\"font-family: arial, helvetica, sans-serif; font-size: 12pt;\">F\u00fcr das Jahr 1898 <a href=\"http:\/\/www.janecke.name\/ortsgeschichte\/stolpe-wannsee\" target=\"_blank\" rel=\"noopener noreferrer\">berichtet<\/a> Herr Janecke:<\/span><\/p>\n<p style=\"text-align: justify;\"><span style=\"font-family: arial, helvetica, sans-serif; font-size: 12pt;\">&#8222;<em>In diesem Jahr h\u00f6rt der Dorfname \u201eStolpe\u201c auf, im offiziellen Gebrauch zu existieren. Er wird aber in lieber Erinnerung bleiben. Das bisherige Dorf Stolpe mit der \u201eKolonie Albrechts Teerofen\u201c, der Villengruppe am \u201eCaf\u00e9 Alsen\u201c, dem Etablissement \u201eKohlhasenbr\u00fcck\u201c, der \u201eKolonie Eule\u201c, der Pfaueninsel und der Kolonie Steinst\u00fccken, wird mit einer gr\u00f6\u00dferen Anzahl weiterer Anwesen vereinigt, die bisher dem \u201eGutsbezirk D\u00fcppel\u201c angeh\u00f6rten. Es handelt sich dabei um die \u201eVillenkolonie Wannsee\u201c, den Bahnhof Wannsee mit mehreren Bahnw\u00e4rterh\u00e4usern und \u201eNikolskoe\u201c mit \u201eMoorlake\u201c. Diese verschiedenen Gebiete mit ihren Wohnpl\u00e4tzen sind nun unter dem neuen Namen \u201eWannsee\u201c zusammengefasst. Den Ortsnamen \u201eStolpe\u201c lie\u00df man bewusst eingehen, weil es in deutschen Landen 63 Ortschaften dieses gleichen Namens gibt und es oft zu Verwechselungen, namentlich postalischer Art, kam.<\/em>&#8222;<\/span><\/p>\n<p style=\"text-align: justify;\"><span style=\"font-family: arial, helvetica, sans-serif; font-size: 12pt;\">Dies vielleicht zur Erkl\u00e4rung, warum in weiteren Dokumenten aus fr\u00fcheren Zeiten nicht von einer Ziegelei am Wannsee, sondern von einer Ziegelei bei Stolpe berichtet wird.<\/span><\/p>\n<p style=\"text-align: justify;\"><span style=\"font-family: arial, helvetica, sans-serif; font-size: 12pt;\">Bei Herrn <a href=\"http:\/\/www.horsthartwig.de\/ziegeleigeschichte_hartwig.htm\" target=\"_blank\" rel=\"noopener noreferrer\">Horst Hartwig<\/a> ist in der \u00dcbersicht &#8222;<a href=\"http:\/\/www.horsthartwig.de\/teltower_kreisblatt_ziegeleien_orte_1858_1896_opti.pdf\" target=\"_blank\" rel=\"noopener noreferrer\">Ziegeleien im Kreis TELTOW<\/a>&#8220; das Foto eines Ziegels mit dem Stempelaufdruck &#8222;<strong>.S. STOLPE A\/W<\/strong>&#8220; abgebildet, wobei A\/W f\u00fcr AM WANNSEE steht.<\/span><\/p>\n<p style=\"text-align: justify;\"><span style=\"color: #ffffff; font-family: arial, helvetica, sans-serif; font-size: 12pt;\">.<\/span><\/p>\n<p style=\"text-align: justify;\"><span style=\"font-family: arial, helvetica, sans-serif; font-size: 12pt;\">ngg_shortcode_0_placeholder<\/span><\/p>\n<p style=\"text-align: justify;\">&nbsp;<\/p>\n","protected":false},"excerpt":{"rendered":"<p>Etliche Quellen berichten von einer oder mehreren Zieglein bei Stolpe am Wannsee. Auf diesem Foto sind gut zu erkennen Ziegelsteine gestapelt. Nicht erkennbar ist, ob&hellip;<\/p>\n","protected":false},"author":1,"featured_media":0,"parent":5590,"menu_order":0,"comment_status":"closed","ping_status":"closed","template":"","meta":{"ngg_post_thumbnail":0,"iawp_total_views":22,"footnotes":""},"class_list":["post-6977","page","type-page","status-publish","hentry"],"_links":{"self":[{"href":"https:\/\/forst-grunewald.de\/index.php?rest_route=\/wp\/v2\/pages\/6977","targetHints":{"allow":["GET"]}}],"collection":[{"href":"https:\/\/forst-grunewald.de\/index.php?rest_route=\/wp\/v2\/pages"}],"about":[{"href":"https:\/\/forst-grunewald.de\/index.php?rest_route=\/wp\/v2\/types\/page"}],"author":[{"embeddable":true,"href":"https:\/\/forst-grunewald.de\/index.php?rest_route=\/wp\/v2\/users\/1"}],"replies":[{"embeddable":true,"href":"https:\/\/forst-grunewald.de\/index.php?rest_route=%2Fwp%2Fv2%2Fcomments&post=6977"}],"version-history":[{"count":48,"href":"https:\/\/forst-grunewald.de\/index.php?rest_route=\/wp\/v2\/pages\/6977\/revisions"}],"predecessor-version":[{"id":43640,"href":"https:\/\/forst-grunewald.de\/index.php?rest_route=\/wp\/v2\/pages\/6977\/revisions\/43640"}],"up":[{"embeddable":true,"href":"https:\/\/forst-grunewald.de\/index.php?rest_route=\/wp\/v2\/pages\/5590"}],"wp:attachment":[{"href":"https:\/\/forst-grunewald.de\/index.php?rest_route=%2Fwp%2Fv2%2Fmedia&parent=6977"}],"curies":[{"name":"wp","href":"https:\/\/api.w.org\/{rel}","templated":true}]}}

<figure id="attachment_7001" aria-describedby="caption-attachment-7001" style="width: 500px" class="wp-caption alignright"><a href="https://forst-grunewald.de/wp-content/uploads/1903-05-15-Wannsee-Hafen-kleina2.jpg" target="_blank" rel="noopener noreferrer"><img loading="lazy" decoding="async" class="wp-image-7001" src="https://forst-grunewald.de/wp-content/uploads/1903-05-15-Wannsee-Hafen-kleina2.jpg" alt="1903-05-15 Wannsee Hafen kleina2" width="500" height="281" srcset="https://forst-grunewald.de/wp-content/uploads/1903-05-15-Wannsee-Hafen-kleina2.jpg 1600w, https://forst-grunewald.de/wp-content/uploads/1903-05-15-Wannsee-Hafen-kleina2-150x84.jpg 150w, https://forst-grunewald.de/wp-content/uploads/1903-05-15-Wannsee-Hafen-kleina2-300x168.jpg 300w, https://forst-grunewald.de/wp-content/uploads/1903-05-15-Wannsee-Hafen-kleina2-1024x576.jpg 1024w, https://forst-grunewald.de/wp-content/uploads/1903-05-15-Wannsee-Hafen-kleina2-400x225.jpg 400w" sizes="auto, (max-width: 500px) 100vw, 500px" /></a><figcaption id="caption-attachment-7001" class="wp-caption-text"><span style="font-family: arial, helvetica, sans-serif;">Ziegelsteine und <a href="http://www.bergmenschen.com/guenter/taucherei/derkaffenkahn.html" target="_blank" rel="noopener noreferrer">Kaffenkähne</a> am Südufer des Wannsees. Heute befindet sich hier ungefähr die <a href="https://de.wikipedia.org/wiki/Wannseebrücke" target="_blank" rel="noopener">Wannseebrücke</a>.</span></figcaption></figure>
<p style="text-align: justify;"><span style="font-family: arial, helvetica, sans-serif; font-size: 12pt;">Etliche Quellen berichten von einer oder mehreren Zieglein bei Stolpe am Wannsee.</span></p>
<p style="text-align: justify;"><span style="font-family: arial, helvetica, sans-serif; font-size: 12pt;">Auf diesem Foto sind gut zu erkennen Ziegelsteine gestapelt. Nicht erkennbar ist, ob die Ziegelsteine von den Kaffenkähnen entladen wurden, oder zur Beladung bereit liegen. Es ist möglich, dass die Fabrik im Hintergrund eine Ziegelei ist.</span></p>
<p style="text-align: justify;"><span style="font-family: arial, helvetica, sans-serif; font-size: 12pt;">Sie befand sich dan anscheinend dort, wo sich die heutige Wannseebrücke befindet, also am Südufer des Wannsees.</span></p>
<p style="text-align: justify;"><span style="font-family: arial, helvetica, sans-serif; font-size: 12pt;">Der Artikel &#8222;<a href="http://www.zeit.de/2011/17/Wannsee-Kleist-Grabstaette/komplettansicht" target="_blank" rel="noopener noreferrer">Ein Kahn für den Dichter</a>&#8220; in der Zeit vom 24.11.2011 berichtet in Bezug auf das <a href="https://forst-grunewald.de/?page_id=6047" target="_blank" rel="noopener noreferrer">Kleist-Grab</a> am Kleinen Wannsee: &#8222;<em>Der Lehmhunger einer nahen Ziegelei nagte so heftig an dem Hügel, dass nicht mal mehr sicher ist, ob die Gebeine nicht irgendwann einfach abgebaggert wurden.</em> &#8222;.</span></p>
<p style="text-align: justify;"><span style="font-family: arial, helvetica, sans-serif; font-size: 12pt;">Herr Christoph Janecke berichtet auf seiner Webseite unter der sehr umfassenden Dorfchronik&nbsp; &#8222;<a href="http://www.janecke.name/ortsgeschichte/stolpe-wannsee" target="_blank" rel="noopener noreferrer">Das Dorf Stolpe – Notizen zu einer Ortschronik</a>&#8220; in Bezug auf die dortigen Ziegelein folgendes:</span></p>
<ul style="text-align: justify;">
<li><span style="font-family: arial, helvetica, sans-serif; font-size: 12pt;">1680 Der Ort Stolpe besteht aus einigen Häusern, nahe dem Stolpsee gelegen, dem kurfürstlichen Weinberg und endlich dem Ziegelbrennofen.</span></li>
<li><span style="font-family: arial, helvetica, sans-serif; font-size: 12pt;">1683 Der kurfürstliche Cammerjunker-Ingenieur Samuel de Suchodoletz (polnischer Herkunft) zeichnet viele Karten von Gebieten der Mark Brandenburg, so auch &#8230; 1683 eine Karte von Stolpe. Die Landkarte von Suchodoletz zeigt nebst Stolpe die „Alte Ziegeley“ am Westufer des Wannsee und auch „<a href="https://forst-grunewald.de/?page_id=515" target="_blank" rel="noopener noreferrer">Der alte Hof</a>“ ist enthalten. Der (spätere) kleine Wannsee heißt zu dieser Zeit „Das Stolper Loch“.</span></li>
<li><span style="font-family: arial, helvetica, sans-serif; font-size: 12pt;">1797 Neubau der Ziegelei (ungefähre Lage nach der Adresse aus dem Jahr 2000: <a href="https://www.google.de/maps/place/Am+Gro%C3%9Fen+Wannsee+18/@52.425034,13.1612892,16z/data=!4m2!3m1!1s0x47a858e5e9f781d3:0xc3eab8e5bab94796" target="_blank" rel="noopener noreferrer">Am Großen Wannsee 18/19</a>).</span></li>
<li><span style="font-family: arial, helvetica, sans-serif; font-size: 12pt;">1829 Herr <a href="http://de.wikipedia.org/wiki/Kommerzienrat" target="_blank" rel="noopener noreferrer">Commerzienrath</a> Berr erwirbt das Gelände der alten Ziegelei am Wannsee vom Kossäten Ludwig Liebenow.</span></li>
<li><span style="font-family: arial, helvetica, sans-serif; font-size: 12pt;">1860 Zum Dorf Stolpe gehören inzwischen &#8230; die Kolonie Ziegelei am Wannsee &#8230; Die Kolonie Ziegelei besteht aus sieben Wohnhäusern und sechs Wirtschaftsgebäuden.</span></li>
</ul>
<p style="text-align: justify;"><span style="font-family: arial, helvetica, sans-serif; font-size: 12pt;">Eine von Herrn Janecke veröffentlichte <a href="http://www.janecke.name/ortsgeschichte/stolpe-wannsee_html_m40689d74.jpg" target="_blank" rel="noopener noreferrer">Annäherungslandkarte für den Zeitraum von 1600 &#8211; 1800</a>, verzeichnet zwei Ziegelorte am Westufer des Wannsees. Das <a href="http://www.ghwk.de" target="_blank" rel="noopener noreferrer">Haus der Wannseekonferenz</a> gibt in Bezug auf die Geschichte der <a href="http://www.google.com/url?sa=t&amp;rct=j&amp;q=&amp;esrc=s&amp;source=web&amp;cd=3&amp;ved=0CCkQFjAC&amp;url=http%3A%2F%2Fwww.ghwk.de%2Ffileadmin%2Fuser_upload%2Fpdf-wannsee%2Fsonderausstellungen%2Fsalinger.pdf&amp;ei=DAekU9mGB8boywOrkIL4BQ&amp;usg=AFQjCNE1KhuBeQKY57VQxJBlEMgjHS_boA&amp;bvm=bv.69411363,d.bGQ&amp;cad=rja" target="_blank" rel="noopener noreferrer">Villa Salinger</a> &#8222;<a href="https://www.google.de/maps/place/Am+Gro%C3%9Fen+Wannsee+50/@52.430618,13.16486,3a,75y,175.19h,87.73t/data=!3m4!1e1!3m2!1sSGeuJju0OeQJoQCabvq7tQ!2e0!4m2!3m1!1s0x47a858fb20300683:0x5f0946c653f4c6fc!6m1!1e1" target="_blank" rel="noopener noreferrer">Am Großen Wannsee 50</a>&#8220; an, dass sich auf dem Grundstück &#8222;Am Großen Wannsee 47-49&#8220; früher eine &#8222;<em>alte Ziegelei mit einem Wohngebäude für den Werkführer und Unterkünften für die Ziegeleiarbeiter befunden hatten</em>&#8222;.</span></p>
<p style="text-align: justify;"><span style="font-family: arial, helvetica, sans-serif; font-size: 12pt;">Für das Jahr 1898 <a href="http://www.janecke.name/ortsgeschichte/stolpe-wannsee" target="_blank" rel="noopener noreferrer">berichtet</a> Herr Janecke:</span></p>
<p style="text-align: justify;"><span style="font-family: arial, helvetica, sans-serif; font-size: 12pt;">&#8222;<em>In diesem Jahr hört der Dorfname „Stolpe“ auf, im offiziellen Gebrauch zu existieren. Er wird aber in lieber Erinnerung bleiben. Das bisherige Dorf Stolpe mit der „Kolonie Albrechts Teerofen“, der Villengruppe am „Café Alsen“, dem Etablissement „Kohlhasenbrück“, der „Kolonie Eule“, der Pfaueninsel und der Kolonie Steinstücken, wird mit einer größeren Anzahl weiterer Anwesen vereinigt, die bisher dem „Gutsbezirk Düppel“ angehörten. Es handelt sich dabei um die „Villenkolonie Wannsee“, den Bahnhof Wannsee mit mehreren Bahnwärterhäusern und „Nikolskoe“ mit „Moorlake“. Diese verschiedenen Gebiete mit ihren Wohnplätzen sind nun unter dem neuen Namen „Wannsee“ zusammengefasst. Den Ortsnamen „Stolpe“ ließ man bewusst eingehen, weil es in deutschen Landen 63 Ortschaften dieses gleichen Namens gibt und es oft zu Verwechselungen, namentlich postalischer Art, kam.</em>&#8222;</span></p>
<p style="text-align: justify;"><span style="font-family: arial, helvetica, sans-serif; font-size: 12pt;">Dies vielleicht zur Erklärung, warum in weiteren Dokumenten aus früheren Zeiten nicht von einer Ziegelei am Wannsee, sondern von einer Ziegelei bei Stolpe berichtet wird.</span></p>
<p style="text-align: justify;"><span style="font-family: arial, helvetica, sans-serif; font-size: 12pt;">Bei Herrn <a href="http://www.horsthartwig.de/ziegeleigeschichte_hartwig.htm" target="_blank" rel="noopener noreferrer">Horst Hartwig</a> ist in der Übersicht &#8222;<a href="http://www.horsthartwig.de/teltower_kreisblatt_ziegeleien_orte_1858_1896_opti.pdf" target="_blank" rel="noopener noreferrer">Ziegeleien im Kreis TELTOW</a>&#8220; das Foto eines Ziegels mit dem Stempelaufdruck &#8222;<strong>.S. STOLPE A/W</strong>&#8220; abgebildet, wobei A/W für AM WANNSEE steht.</span></p>
<p style="text-align: justify;"><span style="color: #ffffff; font-family: arial, helvetica, sans-serif; font-size: 12pt;">.</span></p>
<p style="text-align: justify;"><span style="font-family: arial, helvetica, sans-serif; font-size: 12pt;">ngg_shortcode_0_placeholder</span></p>
<p style="text-align: justify;">&nbsp;</p>
