{"id":6949,"date":"2014-06-17T08:00:47","date_gmt":"2014-06-17T07:00:47","guid":{"rendered":"http:\/\/forst-grunewald.de\/?page_id=6949"},"modified":"2019-05-25T10:33:26","modified_gmt":"2019-05-25T09:33:26","slug":"fundstellensuche-nach-51a1","status":"publish","type":"page","link":"https:\/\/forst-grunewald.de\/?page_id=6949","title":{"rendered":"Fundstellensuche nach 51\/A1"},"content":{"rendered":"<div><\/div>\n<div><\/div>\n<div><span style=\"text-decoration: underline;\"><strong>\u00dcbersicht \u00fcber die bisher von mir abgesuchten Geb\u00e4ude, um ein Doppel der am \u201cJaczo-T\u00fcrmchen\u201d vorhandenen Stempel &#8222;<a href=\"https:\/\/forst-grunewald.de\/?page_id=6232\" target=\"_blank\" rel=\"noopener noreferrer\">51\/A1<\/a>&#8220; zu finden.<a href=\"https:\/\/forst-grunewald.de\/?page_id=6232\" target=\"_blank\" rel=\"noopener noreferrer\"><br \/>\n<\/a><\/strong><\/span><span style=\"color: #ffffff;\">.<\/span><\/div>\n<div>Zun\u00e4chst hatte ich Geb\u00e4ude in der Umgebung des Jaczoturms abgesucht. Dabei stellte sich dann heraus, dass dort aber nicht jene Ziegel im historisierenden Kirchenformat verbaut sind, wie am Jaczot\u00fcrmchen. Ich habe dann auch einige Stempel gefunden, aber allesamt die \u00fcblichen Stempel, welche mehr oder weniger Auskuft \u00fcber die Herkunfsziegel geben. Ich suche aber mit &#8222;51 \/ A1&#8220; nach eine ganz bestimmte Stempelungsart.<\/div>\n<div><span style=\"color: #ffffff;\">.<\/span><\/div>\n<div>Nach dem Fund an der St. Marien-Kirche \/ Kirche &#8222;Maria, Hilfe der Christen&#8220;, werde ich meine Suche nunmehr auf Kirchen und Geb\u00e4ude konzentrieren, bei denen Ziegel verbaut wurden, die denen am Jaczoturm gleichen, also im historisierenden Kirchenformat.<\/div>\n<div><span style=\"color: #ffffff;\">.<\/span><\/div>\n<div><span style=\"color: #ffffff;\">.<\/span><\/div>\n<div><strong>1. \u00dcbersicht \u00fcber Geb\u00e4ude mit Ziegelsteinen im historisierenden Kirchenformat und mit &#8222;Zahlenstempel&#8220; bzw. &#8222;Zahlen mit Buchstaben-Stempel&#8220;:<\/strong><\/div>\n<div><span style=\"color: #ffffff;\">.<\/span><\/div>\n<div>\n<div><span style=\"color: #ffffff;\">.<\/span><\/div>\n<div>\n<table>\n<tbody>\n<tr>\n<td><strong>Baujahr ca<\/strong><\/td>\n<td><strong>Geb\u00e4ude <\/strong><\/td>\n<td><strong>Ergebnis<\/strong><\/td>\n<\/tr>\n<tr>\n<td>1900<\/td>\n<td>Katholische <a href=\"http:\/\/de.wikipedia.org\/wiki\/Rosenkranz-Basilika_(Berlin-Steglitz)\" target=\"_blank\" rel=\"noopener noreferrer\">Rosenkranz-Basikila<\/a><\/td>\n<td>Architekt Christoph Hehl<br \/>\n<a href=\"https:\/\/forst-grunewald.de\/wp-content\/uploads\/2014-07-12-IMG_9527-a-klein-vier.jpg\" target=\"_blank\" rel=\"noopener noreferrer\">4<\/a>, <a href=\"https:\/\/forst-grunewald.de\/wp-content\/uploads\/2014-07-12-IMG_9429-vier.jpg\" target=\"_blank\" rel=\"noopener noreferrer\">4<\/a> und <a href=\"https:\/\/forst-grunewald.de\/wp-content\/uploads\/2014-07-12-IMG_9466-vier.jpg\" target=\"_blank\" rel=\"noopener noreferrer\">4<\/a><\/td>\n<\/tr>\n<tr>\n<td>1902<\/td>\n<td>Katholische <a href=\"http:\/\/de.wikipedia.org\/wiki\/Heilige-Familie-Kirche_%28Berlin-Lichterfelde%29\" target=\"_blank\" rel=\"noopener noreferrer\">Heilige-Familie-Kirche<\/a>, Lichterfelde<\/td>\n<td>Architekt Christoph Hehl<br \/>\n\u00c4hnliche historisierende Backsteine wie an der Kirche \u201cMaria, Hilfe der Christen\u201d in Spandau<br \/>\nWikipedia: \u201cDie Kirche ist ein Mauerwerksbau, der mit roten handgestrichenen Backsteinen im mittelalterlichen <a class=\"mw-redirect\" title=\"Backstein\" href=\"http:\/\/de.wikipedia.org\/wiki\/Backstein#Klosterformat\">Klosterformat<\/a> aus einer Ziegelei in <a title=\"Torgau\" href=\"http:\/\/de.wikipedia.org\/wiki\/Torgau\">Torgau<\/a> verkleidet ist.\u201d<br \/>\nJedoch keine Stempel, lediglich einige Zahlensignaturen:<br \/>\n<a href=\"https:\/\/forst-grunewald.de\/wp-content\/uploads\/2014-06-13-167-DSC03991-klein.jpg\" target=\"_blank\" rel=\"noopener noreferrer\">167<\/a>, <a href=\"https:\/\/forst-grunewald.de\/wp-content\/uploads\/2014-06-13-175-DSC03997-klein.jpg\" target=\"_blank\" rel=\"noopener noreferrer\">175<\/a>, <a href=\"https:\/\/forst-grunewald.de\/wp-content\/uploads\/2014-06-13-181-DSC04015-klein.jpg\" target=\"_blank\" rel=\"noopener noreferrer\">181<\/a> und <a href=\"https:\/\/forst-grunewald.de\/wp-content\/uploads\/2014-06-13-430-DSC04005-klein.jpg\" target=\"_blank\" rel=\"noopener noreferrer\">430<\/a><\/td>\n<\/tr>\n<\/tbody>\n<\/table>\n<\/div>\n<\/div>\n<div><\/div>\n<div><span style=\"color: #ffffff;\">.<\/span><\/div>\n<div><span style=\"text-decoration: underline;\">2. \u00dcbersicht \u00fcber alle weiteren Geb\u00e4ude und Stempel:<\/span><\/div>\n<div>\n<div>\n<div><span style=\"color: #ffffff;\">.<\/span><\/div>\n<div>\n<table>\n<tbody>\n<tr class=\"alt\">\n<td>1848<\/td>\n<td><a href=\"http:\/\/www.behnitz.de\" target=\"_blank\" rel=\"noopener noreferrer\">St. Marien am Behnitz<\/a> (Garnisonskirche), Spandau<\/td>\n<td><a href=\"https:\/\/forst-grunewald.de\/wp-content\/uploads\/2014-05-29-DSC03520-klein-a.jpg\" target=\"_blank\" rel=\"noopener noreferrer\">B.R.<\/a><br \/>\n<a href=\"https:\/\/forst-grunewald.de\/wp-content\/uploads\/2014-05-29-DSC03525-klein.jpg\" target=\"_blank\" rel=\"noopener noreferrer\">SITTIG &amp; W. RATHENOW<\/a><\/td>\n<\/tr>\n<tr class=\"alt\">\n<td>1872<\/td>\n<td><a href=\"https:\/\/forst-grunewald.de\/wp-content\/uploads\/1880-Spandau-Repro-1991-Stabi-BezA-Gutshof-Hey.jpg\" target=\"_blank\" rel=\"noopener noreferrer\">Gutshof Wilhelm Hey<\/a> ab 1872 \/<br \/>\nHofstelle Havelmathen \/ <a href=\"http:\/\/www.umwelt-bildungszentrum.de\/\" target=\"_blank\" rel=\"noopener noreferrer\">UBZ<\/a><br \/>\nZu diesem Gutshof geh\u00f6rte zeitweise eine eigene <a href=\"https:\/\/forst-grunewald.de\/?page_id=6339\" target=\"_blank\" rel=\"noopener noreferrer\">Ziegelei<\/a><\/td>\n<td><a href=\"https:\/\/forst-grunewald.de\/wp-content\/uploads\/2014-05-08-DSC02926-a-klein.jpg\" target=\"_blank\" rel=\"noopener noreferrer\">Eduard Borchmann Rathenow<\/a><\/td>\n<\/tr>\n<tr class=\"alt\">\n<td>1875<\/td>\n<td><a href=\"http:\/\/de.wikipedia.org\/wiki\/Herz-Jesu-Kirche_%28Berlin-Charlottenburg%29\" target=\"_blank\" rel=\"noopener noreferrer\">Herz-Jesu-Kirche<\/a>, Charlottenburg<\/td>\n<td>Mehrere <a href=\"https:\/\/forst-grunewald.de\/wp-content\/uploads\/2014-03-12-DSC03943-a-klein.jpg\" target=\"_blank\" rel=\"noopener noreferrer\">Rathenow-Stempel<\/a> an der Brandwand, aber keine 51\/A1 vergleichbaren<\/td>\n<\/tr>\n<tr class=\"alt\">\n<td><\/td>\n<td>Pfarrhaus der katholischen<a href=\"http:\/\/www.herz-jesu-charlottenburg.de\/\" target=\"_blank\" rel=\"noopener noreferrer\"> Herz-Jesu-Gemeinde<\/a>, Charlottenburg<\/td>\n<td>Keine Stempel &#8211;\u00a0 Architekt <a href=\"http:\/\/de.wikipedia.org\/wiki\/Christoph_Hehl\" target=\"_blank\" rel=\"noopener noreferrer\">Christoph Hehl<\/a><\/td>\n<\/tr>\n<tr class=\"alt\">\n<td>1890<\/td>\n<td>Garnisonskirche, Hafenplatz, Spandau<\/td>\n<td>Baujahr 1887\/90 \u2013 Entwurf <a href=\"http:\/\/de.wikipedia.org\/wiki\/Ernst_August_Ro%C3%9Fteuscher\" target=\"_blank\" rel=\"noopener noreferrer\">Ernst August Ro\u00dfteuscher<\/a> \u2013 Sprengung 04.10.1950 (oder 1949)<br \/>\n<a href=\"http:\/\/www.berliner-zeitung.de\/archiv\/ausstellung-im-kirchenmuseum-am-reformationsplatz-spandovia-sacra-erinnert-an-die-garnisonkirche,10810590,9431004.html\" target=\"_blank\" rel=\"noopener noreferrer\">Zeitungsartikel<\/a> aus 1998 mit Hinweis auf Museum &#8222;<a href=\"http:\/\/nikolai-spandau.de\/?page_id=217\" target=\"_blank\" rel=\"noopener noreferrer\">Spandovia sacra<\/a>&#8220; und &#8222;hervorragende Schwarz-Wei\u00df-Fotos aus dem Jahr 1890 zu sehen, die das Geb\u00e4ude von verschiedenen Seiten zeigen.&#8220;<br \/>\n<a href=\"http:\/\/opus.kobv.de\/zlb\/frontdoor.php?source_opus=2490&amp;la=de\" target=\"_blank\" rel=\"noopener noreferrer\">Zentralblatt der Bauverwaltung X. 1890, Nr. 34 = S. 341-348<\/a>: \u201c\u2026in m\u00e4rkisch-gothischer Backsteinbauweise\u2026 Die in Rathenower <a href=\"http:\/\/books.google.de\/books?id=srNRsdPojX0C&amp;lpg=PA62&amp;ots=49SLqeu92v&amp;dq=Handstrichstein&amp;hl=de&amp;pg=PA62#v=onepage&amp;q=Handstrichstein&amp;f=false\" target=\"_blank\" rel=\"noopener noreferrer\">Handstrichsteinen<\/a> (<a href=\"http:\/\/www.beyars.com\/kunstlexikon\/lexikon_3828.html\" target=\"_blank\" rel=\"noopener noreferrer\">Lexikon<\/a>) im Blockverband aufgemauerten Fronten, welche trotz der tiefrothen Steinfarbe vorl\u00e4ufig infolge der ziemlich breiten vollen wei\u00dfen Fuge noch einen etwas blassen Gesamtton zeigen, sind, wie die ganzen Maurerarbeiten \u00fcber Erdboden, durch den Maurermeister E. M\u00fcller in Spandau zur Ausf\u00fchrung gebracht worden.\u201d<br \/>\nErgebnis: Rathenower Ziegel, vermutlich dann mit irgendeinem der zahllosen Stempel &#8222;Rathenow&#8220;.<\/td>\n<\/tr>\n<tr class=\"alt\">\n<td>1898<\/td>\n<td>\u201c<a href=\"https:\/\/forst-grunewald.de\/wp-content\/uploads\/2014-05-05-DSC02821-klein.jpg\" target=\"_blank\" rel=\"noopener noreferrer\">Fabrik-Geb\u00e4ude<\/a>\u201d von ca. 1898 der\u00a0<a href=\"https:\/\/forst-grunewald.de\/wp-content\/uploads\/1920-Holzverlag-Naglo-Werft.jpg\" target=\"_blank\" rel=\"noopener noreferrer\">Wens-Naglo-Lanke Werft<\/a> am Havelufer in der N\u00e4he des \u201cJaczo-Turms\u201d bzw. unterhalb Weinmeisterhorn<\/td>\n<td>Keine Stempel<\/td>\n<\/tr>\n<tr>\n<td>1931<\/td>\n<td>Belvedere\/Pavillon <a href=\"http:\/\/www.stadtentwicklung.berlin.de\/cgi-bin\/hidaweb\/getdoc.pl?DEF=%2Fopt%2Fwww%2Fhtdocs%2Fdaten%2FMidas;DATEN=%2Fopt%2Fwww%2Fhtdocs%2Fdaten%2Fdaten;THE=%2Fopt%2Fwww%2Fhtdocs%2Fdaten%2Fidx;PIC=8540;KBPICTYP=jpg;PICDIR=..%2Fmfpic;FCT=g;LIST_TPL=lda_list.tpl;DOK_TPL=lda_doc.tpl;USER=test123;AnzCol=4;N_5000=7;N_5104=0;N_5110=8;N_5116=1;N_5117=2;N_9456=3;N_5230=4;N_5064=5;N_3100=6;R_5000=%3D;R_5104=%3D;R_5110=%3D;R_5116=%3D;R_5117=%3D;R_9456=%3D;R_5230=%3D;R_5064=%3D;R_3100=%3D;O_5000=and;O_5116=and;O_5117=and;O_9456=and;O_5230=and;O_5064=and;O_3100=and;i5104=;i5110=Gatow;i5116=;i5117=;i9456=;i5230=;i5064=;i3100=;i5000=&amp;KEY=obj%2009085571\" target=\"_blank\" rel=\"noopener noreferrer\">Landhaus Clara Lemm<\/a> Gatower Strasse 231-233 an der Haveluferseite, neben der ehemaligen <a href=\"https:\/\/forst-grunewald.de\/wp-content\/uploads\/1920-Holzverlag-Naglo-Werft.jpg\" target=\"_blank\" rel=\"noopener noreferrer\">Kalksteinfabrik<\/a><\/td>\n<td>Keine Stempel \/ In diesem Bereich befand sich am Havelufer fr\u00fcher eine <a href=\"https:\/\/forst-grunewald.de\/wp-content\/gallery\/jaczoturm\/1920-holzverlag-jaczoschlucht.jpg\" target=\"_blank\" rel=\"noopener noreferrer\">Kalksteinfabrik<\/a><\/td>\n<\/tr>\n<\/tbody>\n<\/table>\n<\/div>\n<\/div>\n<div><\/div>\n<div><span style=\"color: #ffffff;\">.<\/span><\/div>\n<\/div>\n<div><span style=\"color: #ffffff;\">.<\/span><\/div>\n<div><span style=\"color: #ffffff;\">.<\/span><\/div>\n","protected":false},"excerpt":{"rendered":"<p>\u00dcbersicht \u00fcber die bisher von mir abgesuchten Geb\u00e4ude, um ein Doppel der am \u201cJaczo-T\u00fcrmchen\u201d vorhandenen Stempel &#8222;51\/A1&#8220; zu finden. . Zun\u00e4chst hatte ich Geb\u00e4ude in&hellip;<\/p>\n","protected":false},"author":1,"featured_media":0,"parent":6232,"menu_order":0,"comment_status":"closed","ping_status":"closed","template":"template-fullwidth.php","meta":{"ngg_post_thumbnail":0,"iawp_total_views":9,"footnotes":""},"class_list":["post-6949","page","type-page","status-publish","hentry"],"_links":{"self":[{"href":"https:\/\/forst-grunewald.de\/index.php?rest_route=\/wp\/v2\/pages\/6949","targetHints":{"allow":["GET"]}}],"collection":[{"href":"https:\/\/forst-grunewald.de\/index.php?rest_route=\/wp\/v2\/pages"}],"about":[{"href":"https:\/\/forst-grunewald.de\/index.php?rest_route=\/wp\/v2\/types\/page"}],"author":[{"embeddable":true,"href":"https:\/\/forst-grunewald.de\/index.php?rest_route=\/wp\/v2\/users\/1"}],"replies":[{"embeddable":true,"href":"https:\/\/forst-grunewald.de\/index.php?rest_route=%2Fwp%2Fv2%2Fcomments&post=6949"}],"version-history":[{"count":114,"href":"https:\/\/forst-grunewald.de\/index.php?rest_route=\/wp\/v2\/pages\/6949\/revisions"}],"predecessor-version":[{"id":13292,"href":"https:\/\/forst-grunewald.de\/index.php?rest_route=\/wp\/v2\/pages\/6949\/revisions\/13292"}],"up":[{"embeddable":true,"href":"https:\/\/forst-grunewald.de\/index.php?rest_route=\/wp\/v2\/pages\/6232"}],"wp:attachment":[{"href":"https:\/\/forst-grunewald.de\/index.php?rest_route=%2Fwp%2Fv2%2Fmedia&parent=6949"}],"curies":[{"name":"wp","href":"https:\/\/api.w.org\/{rel}","templated":true}]}}

<div></div>
<div></div>
<div><span style="text-decoration: underline;"><strong>Übersicht über die bisher von mir abgesuchten Gebäude, um ein Doppel der am “Jaczo-Türmchen” vorhandenen Stempel &#8222;<a href="https://forst-grunewald.de/?page_id=6232" target="_blank" rel="noopener noreferrer">51/A1</a>&#8220; zu finden.<a href="https://forst-grunewald.de/?page_id=6232" target="_blank" rel="noopener noreferrer"><br />
</a></strong></span><span style="color: #ffffff;">.</span></div>
<div>Zunächst hatte ich Gebäude in der Umgebung des Jaczoturms abgesucht. Dabei stellte sich dann heraus, dass dort aber nicht jene Ziegel im historisierenden Kirchenformat verbaut sind, wie am Jaczotürmchen. Ich habe dann auch einige Stempel gefunden, aber allesamt die üblichen Stempel, welche mehr oder weniger Auskuft über die Herkunfsziegel geben. Ich suche aber mit &#8222;51 / A1&#8220; nach eine ganz bestimmte Stempelungsart.</div>
<div><span style="color: #ffffff;">.</span></div>
<div>Nach dem Fund an der St. Marien-Kirche / Kirche &#8222;Maria, Hilfe der Christen&#8220;, werde ich meine Suche nunmehr auf Kirchen und Gebäude konzentrieren, bei denen Ziegel verbaut wurden, die denen am Jaczoturm gleichen, also im historisierenden Kirchenformat.</div>
<div><span style="color: #ffffff;">.</span></div>
<div><span style="color: #ffffff;">.</span></div>
<div><strong>1. Übersicht über Gebäude mit Ziegelsteinen im historisierenden Kirchenformat und mit &#8222;Zahlenstempel&#8220; bzw. &#8222;Zahlen mit Buchstaben-Stempel&#8220;:</strong></div>
<div><span style="color: #ffffff;">.</span></div>
<div>
<div><span style="color: #ffffff;">.</span></div>
<div>
<table>
<tbody>
<tr>
<td><strong>Baujahr ca</strong></td>
<td><strong>Gebäude </strong></td>
<td><strong>Ergebnis</strong></td>
</tr>
<tr>
<td>1900</td>
<td>Katholische <a href="http://de.wikipedia.org/wiki/Rosenkranz-Basilika_(Berlin-Steglitz)" target="_blank" rel="noopener noreferrer">Rosenkranz-Basikila</a></td>
<td>Architekt Christoph Hehl<br />
<a href="https://forst-grunewald.de/wp-content/uploads/2014-07-12-IMG_9527-a-klein-vier.jpg" target="_blank" rel="noopener noreferrer">4</a>, <a href="https://forst-grunewald.de/wp-content/uploads/2014-07-12-IMG_9429-vier.jpg" target="_blank" rel="noopener noreferrer">4</a> und <a href="https://forst-grunewald.de/wp-content/uploads/2014-07-12-IMG_9466-vier.jpg" target="_blank" rel="noopener noreferrer">4</a></td>
</tr>
<tr>
<td>1902</td>
<td>Katholische <a href="http://de.wikipedia.org/wiki/Heilige-Familie-Kirche_%28Berlin-Lichterfelde%29" target="_blank" rel="noopener noreferrer">Heilige-Familie-Kirche</a>, Lichterfelde</td>
<td>Architekt Christoph Hehl<br />
Ähnliche historisierende Backsteine wie an der Kirche “Maria, Hilfe der Christen” in Spandau<br />
Wikipedia: “Die Kirche ist ein Mauerwerksbau, der mit roten handgestrichenen Backsteinen im mittelalterlichen <a class="mw-redirect" title="Backstein" href="http://de.wikipedia.org/wiki/Backstein#Klosterformat">Klosterformat</a> aus einer Ziegelei in <a title="Torgau" href="http://de.wikipedia.org/wiki/Torgau">Torgau</a> verkleidet ist.”<br />
Jedoch keine Stempel, lediglich einige Zahlensignaturen:<br />
<a href="https://forst-grunewald.de/wp-content/uploads/2014-06-13-167-DSC03991-klein.jpg" target="_blank" rel="noopener noreferrer">167</a>, <a href="https://forst-grunewald.de/wp-content/uploads/2014-06-13-175-DSC03997-klein.jpg" target="_blank" rel="noopener noreferrer">175</a>, <a href="https://forst-grunewald.de/wp-content/uploads/2014-06-13-181-DSC04015-klein.jpg" target="_blank" rel="noopener noreferrer">181</a> und <a href="https://forst-grunewald.de/wp-content/uploads/2014-06-13-430-DSC04005-klein.jpg" target="_blank" rel="noopener noreferrer">430</a></td>
</tr>
</tbody>
</table>
</div>
</div>
<div></div>
<div><span style="color: #ffffff;">.</span></div>
<div><span style="text-decoration: underline;">2. Übersicht über alle weiteren Gebäude und Stempel:</span></div>
<div>
<div>
<div><span style="color: #ffffff;">.</span></div>
<div>
<table>
<tbody>
<tr class="alt">
<td>1848</td>
<td><a href="http://www.behnitz.de" target="_blank" rel="noopener noreferrer">St. Marien am Behnitz</a> (Garnisonskirche), Spandau</td>
<td><a href="https://forst-grunewald.de/wp-content/uploads/2014-05-29-DSC03520-klein-a.jpg" target="_blank" rel="noopener noreferrer">B.R.</a><br />
<a href="https://forst-grunewald.de/wp-content/uploads/2014-05-29-DSC03525-klein.jpg" target="_blank" rel="noopener noreferrer">SITTIG &amp; W. RATHENOW</a></td>
</tr>
<tr class="alt">
<td>1872</td>
<td><a href="https://forst-grunewald.de/wp-content/uploads/1880-Spandau-Repro-1991-Stabi-BezA-Gutshof-Hey.jpg" target="_blank" rel="noopener noreferrer">Gutshof Wilhelm Hey</a> ab 1872 /<br />
Hofstelle Havelmathen / <a href="http://www.umwelt-bildungszentrum.de/" target="_blank" rel="noopener noreferrer">UBZ</a><br />
Zu diesem Gutshof gehörte zeitweise eine eigene <a href="https://forst-grunewald.de/?page_id=6339" target="_blank" rel="noopener noreferrer">Ziegelei</a></td>
<td><a href="https://forst-grunewald.de/wp-content/uploads/2014-05-08-DSC02926-a-klein.jpg" target="_blank" rel="noopener noreferrer">Eduard Borchmann Rathenow</a></td>
</tr>
<tr class="alt">
<td>1875</td>
<td><a href="http://de.wikipedia.org/wiki/Herz-Jesu-Kirche_%28Berlin-Charlottenburg%29" target="_blank" rel="noopener noreferrer">Herz-Jesu-Kirche</a>, Charlottenburg</td>
<td>Mehrere <a href="https://forst-grunewald.de/wp-content/uploads/2014-03-12-DSC03943-a-klein.jpg" target="_blank" rel="noopener noreferrer">Rathenow-Stempel</a> an der Brandwand, aber keine 51/A1 vergleichbaren</td>
</tr>
<tr class="alt">
<td></td>
<td>Pfarrhaus der katholischen<a href="http://www.herz-jesu-charlottenburg.de/" target="_blank" rel="noopener noreferrer"> Herz-Jesu-Gemeinde</a>, Charlottenburg</td>
<td>Keine Stempel &#8211;  Architekt <a href="http://de.wikipedia.org/wiki/Christoph_Hehl" target="_blank" rel="noopener noreferrer">Christoph Hehl</a></td>
</tr>
<tr class="alt">
<td>1890</td>
<td>Garnisonskirche, Hafenplatz, Spandau</td>
<td>Baujahr 1887/90 – Entwurf <a href="http://de.wikipedia.org/wiki/Ernst_August_Ro%C3%9Fteuscher" target="_blank" rel="noopener noreferrer">Ernst August Roßteuscher</a> – Sprengung 04.10.1950 (oder 1949)<br />
<a href="http://www.berliner-zeitung.de/archiv/ausstellung-im-kirchenmuseum-am-reformationsplatz-spandovia-sacra-erinnert-an-die-garnisonkirche,10810590,9431004.html" target="_blank" rel="noopener noreferrer">Zeitungsartikel</a> aus 1998 mit Hinweis auf Museum &#8222;<a href="http://nikolai-spandau.de/?page_id=217" target="_blank" rel="noopener noreferrer">Spandovia sacra</a>&#8220; und &#8222;hervorragende Schwarz-Weiß-Fotos aus dem Jahr 1890 zu sehen, die das Gebäude von verschiedenen Seiten zeigen.&#8220;<br />
<a href="http://opus.kobv.de/zlb/frontdoor.php?source_opus=2490&amp;la=de" target="_blank" rel="noopener noreferrer">Zentralblatt der Bauverwaltung X. 1890, Nr. 34 = S. 341-348</a>: “…in märkisch-gothischer Backsteinbauweise… Die in Rathenower <a href="http://books.google.de/books?id=srNRsdPojX0C&amp;lpg=PA62&amp;ots=49SLqeu92v&amp;dq=Handstrichstein&amp;hl=de&amp;pg=PA62#v=onepage&amp;q=Handstrichstein&amp;f=false" target="_blank" rel="noopener noreferrer">Handstrichsteinen</a> (<a href="http://www.beyars.com/kunstlexikon/lexikon_3828.html" target="_blank" rel="noopener noreferrer">Lexikon</a>) im Blockverband aufgemauerten Fronten, welche trotz der tiefrothen Steinfarbe vorläufig infolge der ziemlich breiten vollen weißen Fuge noch einen etwas blassen Gesamtton zeigen, sind, wie die ganzen Maurerarbeiten über Erdboden, durch den Maurermeister E. Müller in Spandau zur Ausführung gebracht worden.”<br />
Ergebnis: Rathenower Ziegel, vermutlich dann mit irgendeinem der zahllosen Stempel &#8222;Rathenow&#8220;.</td>
</tr>
<tr class="alt">
<td>1898</td>
<td>“<a href="https://forst-grunewald.de/wp-content/uploads/2014-05-05-DSC02821-klein.jpg" target="_blank" rel="noopener noreferrer">Fabrik-Gebäude</a>” von ca. 1898 der <a href="https://forst-grunewald.de/wp-content/uploads/1920-Holzverlag-Naglo-Werft.jpg" target="_blank" rel="noopener noreferrer">Wens-Naglo-Lanke Werft</a> am Havelufer in der Nähe des “Jaczo-Turms” bzw. unterhalb Weinmeisterhorn</td>
<td>Keine Stempel</td>
</tr>
<tr>
<td>1931</td>
<td>Belvedere/Pavillon <a href="http://www.stadtentwicklung.berlin.de/cgi-bin/hidaweb/getdoc.pl?DEF=%2Fopt%2Fwww%2Fhtdocs%2Fdaten%2FMidas;DATEN=%2Fopt%2Fwww%2Fhtdocs%2Fdaten%2Fdaten;THE=%2Fopt%2Fwww%2Fhtdocs%2Fdaten%2Fidx;PIC=8540;KBPICTYP=jpg;PICDIR=..%2Fmfpic;FCT=g;LIST_TPL=lda_list.tpl;DOK_TPL=lda_doc.tpl;USER=test123;AnzCol=4;N_5000=7;N_5104=0;N_5110=8;N_5116=1;N_5117=2;N_9456=3;N_5230=4;N_5064=5;N_3100=6;R_5000=%3D;R_5104=%3D;R_5110=%3D;R_5116=%3D;R_5117=%3D;R_9456=%3D;R_5230=%3D;R_5064=%3D;R_3100=%3D;O_5000=and;O_5116=and;O_5117=and;O_9456=and;O_5230=and;O_5064=and;O_3100=and;i5104=;i5110=Gatow;i5116=;i5117=;i9456=;i5230=;i5064=;i3100=;i5000=&amp;KEY=obj%2009085571" target="_blank" rel="noopener noreferrer">Landhaus Clara Lemm</a> Gatower Strasse 231-233 an der Haveluferseite, neben der ehemaligen <a href="https://forst-grunewald.de/wp-content/uploads/1920-Holzverlag-Naglo-Werft.jpg" target="_blank" rel="noopener noreferrer">Kalksteinfabrik</a></td>
<td>Keine Stempel / In diesem Bereich befand sich am Havelufer früher eine <a href="https://forst-grunewald.de/wp-content/gallery/jaczoturm/1920-holzverlag-jaczoschlucht.jpg" target="_blank" rel="noopener noreferrer">Kalksteinfabrik</a></td>
</tr>
</tbody>
</table>
</div>
</div>
<div></div>
<div><span style="color: #ffffff;">.</span></div>
</div>
<div><span style="color: #ffffff;">.</span></div>
<div><span style="color: #ffffff;">.</span></div>

<p>Übersicht über die bisher von mir abgesuchten Gebäude, um ein Doppel der am “Jaczo-Türmchen” vorhandenen Stempel &#8222;51/A1&#8220; zu finden. . Zunächst hatte ich Gebäude in&hellip;</p>
