{"id":6665,"date":"2014-06-03T07:00:28","date_gmt":"2014-06-03T06:00:28","guid":{"rendered":"http:\/\/forst-grunewald.de\/?page_id=6665"},"modified":"2019-05-25T10:36:38","modified_gmt":"2019-05-25T09:36:38","slug":"ergebnisse-der-schuelerprojektgruppe-der-paul-moor-schule","status":"publish","type":"page","link":"https:\/\/forst-grunewald.de\/?page_id=6665","title":{"rendered":"Ergebnisse der Sch\u00fclerprojektgruppe der Paul-Moor-Schule"},"content":{"rendered":"<h3>S<a href=\"https:\/\/forst-grunewald.de\/wp-content\/uploads\/2011-Uebersicht-Beringer-Hissing-Loeffler-Jaczoturm.pdf\" target=\"_blank\" rel=\"noopener noreferrer\"><img loading=\"lazy\" decoding=\"async\" class=\"alignright wp-image-6679\" src=\"https:\/\/forst-grunewald.de\/wp-content\/uploads\/2011-Uebersicht-Beringer-Hissing-Loeffler-Jaczoturm.jpg\" alt=\"2011 Uebersicht Beringer-Hissing-Loeffler Jaczoturm\" width=\"354\" height=\"249\" srcset=\"https:\/\/forst-grunewald.de\/wp-content\/uploads\/2011-Uebersicht-Beringer-Hissing-Loeffler-Jaczoturm.jpg 1307w, https:\/\/forst-grunewald.de\/wp-content\/uploads\/2011-Uebersicht-Beringer-Hissing-Loeffler-Jaczoturm-150x105.jpg 150w, https:\/\/forst-grunewald.de\/wp-content\/uploads\/2011-Uebersicht-Beringer-Hissing-Loeffler-Jaczoturm-300x211.jpg 300w, https:\/\/forst-grunewald.de\/wp-content\/uploads\/2011-Uebersicht-Beringer-Hissing-Loeffler-Jaczoturm-1024x721.jpg 1024w, https:\/\/forst-grunewald.de\/wp-content\/uploads\/2011-Uebersicht-Beringer-Hissing-Loeffler-Jaczoturm-400x281.jpg 400w\" sizes=\"auto, (max-width: 354px) 100vw, 354px\" \/><\/a>ensationeller Durchbruch bereits im Jahr 2011<\/h3>\n<p style=\"text-align: justify;\">Einem Artikel im Spandauer Volksblatt vom 07.09.2011 &#8222;<a href=\"http:\/\/www.wgso.de\/download\/1136_SVN(1).pdf\" target=\"_blank\" rel=\"noopener noreferrer\">Denkmaltag beidseits der Havel<\/a>&#8220; sowie einer Ver\u00f6ffentlichung auf der Seite &#8222;Unterwegs in Spandau&#8220; von Herrn Ralf Salecker vom 13.06.2012 unter dem Titel &#8222;<a href=\"http:\/\/www.unterwegs-in-spandau.de\/jaczo-fest-im-spandauer-ortsteil-gatow\/\" target=\"_blank\" rel=\"noopener noreferrer\">Jaczo-Fest im Spandauer Ortsteil Gatow &#8211; Auf den Spuren einer alten Sage<\/a>&#8220; habe ich entnommen, dass Sch\u00fcler der <a href=\"http:\/\/www.paul-moor-schule.cidsnet.de\/\" target=\"_blank\" rel=\"noopener noreferrer\">Paul-Moor\u2013Schule<\/a> \u00fcber eine Beteiligung an dem Engagement &#8222;<a href=\"http:\/\/denkmal-aktiv.de\/\" target=\"_blank\" rel=\"noopener noreferrer\"><strong>denk<\/strong>mal aktiv<\/a>&#8222;, hier die <a href=\"http:\/\/www.denkmal-aktiv.de\/wp-content\/uploads\/arbeitsplan1510.pdf\" target=\"_blank\" rel=\"noopener noreferrer\">Projektbeschreibung<\/a>, einen \u00e4u\u00dferst wichtigen Durchbruch erzielen konnten. Ich habe daraufhin am 25.05.2014 die Lehrerin Frau Gabriele Birkenmayer, welche die Projektgruppe leitet, angeschrieben und sie hat mir freundlicherweise umfangreich geantwortet.<\/p>\n<p style=\"text-align: justify;\">Durch Einsichtnahmen in die Katasterunterlagen und Grundbuchunterlagen konnten die Projektgruppe schon 2011 die <a href=\"https:\/\/forst-grunewald.de\/wp-content\/uploads\/2011-Zusammenstellung-Carolinenh\u00f6he.pdf\" target=\"_blank\" rel=\"noopener noreferrer\">Eigent\u00fcmerhistorie<\/a> an dem Grundst\u00fccksteil, auf welchen sich das Jaczot\u00fcrmchen befindet, nachvollziehen, welche im Ursprung auf den heute nicht mehr existieren Gutshof Carolinenh\u00f6he bei Seeburg zur\u00fcckreicht.<\/p>\n<p style=\"text-align: justify;\">Dar\u00fcber hinaus ist es ihnen durch &#8222;<em>Gl\u00fcck<\/em>&#8220; gelungen, \u00fcber einen <a href=\"http:\/\/www.gea.de\/region+reutlingen\/reutlingen\/mit+zwei+ps+in+die+schule.1816548.htm?mode=print\" target=\"_blank\" rel=\"noopener noreferrer\">Zeitungsartikel<\/a> im Reutlinger General-Anzeiger vom 01.02.2011 einen Enkel des damaligen Eigent\u00fcmers Herrn Emil Beringer ausfindig zu machen, und zwar Herrn Job-Siegfried Loeffler aus Ratingen. Herr Loeffler ist der Sohn von Frau Charlotte Loeffler, geborene Beringer, welche zeitweilig zu 1\/5 Miteigent\u00fcmerin an dem Grundst\u00fcck war, wie es auch im <a href=\"https:\/\/forst-grunewald.de\/wp-content\/gallery\/jaczoschlucht-eigentumsverhaeltnisse\/1902-1946-flurstueck-49-10-grundstueck-an-der-gatower-grenze-gatower-str-191-219.jpg\" target=\"_blank\" rel=\"noopener noreferrer\">Katasterauszug<\/a> vermerkt ist. Frau Birkenmayer hatte daraufhin telefonisch mit Herrn Loeffler Kontakt aufgenommen und konnte folgendes in Erfahrung bringen:<\/p>\n<blockquote><p><em>Der Turm habe beim Kauf des Grundst\u00fccks durch seinen Gro\u00dfvater schon dort gestanden. Dieser war Farbenfabrikant in Charlottenburg und hatte das Grundst\u00fcck gekauft, um seine Firma zu vergr\u00f6\u00dfern und um an der Havel mit seinen Schiffen besser anlegen zu k\u00f6nnen. Er baute auch die Kaimauer, die sich immer noch dort befindet. Der Erste Weltkrieg verhinderte die Umsetzung der Pl\u00e4ne: Hertha Hissink erbte das Grundst\u00fcck.<\/em><\/p><\/blockquote>\n<p style=\"text-align: justify;\">Herr Loeffler hat diese Aussage bisher leider nicht schriftlich best\u00e4tigt, so dass es bis auf Weiteres nur bei seiner m\u00fcndlichen \u00dcberlieferung bleibt.<\/p>\n<p style=\"text-align: justify;\">Seine Auskunft \u00fcber den Beweggrund des Grundst\u00fcckserwerbs stimmt mit einer <a href=\"https:\/\/forst-grunewald.de\/?page_id=6339\" target=\"_blank\" rel=\"noopener noreferrer\">Ver\u00f6ffentlichung<\/a> von Herrn Kurt Pomplum von 1961 \u00fcberein, dieser schrieb:\u00a0 &#8222;<em>Eine chemische Fabrik sollte im Jahre 1900 bei Weinmeisterhorn angelegt werden, die Grundst\u00fccke waren bereits gekauft und ein massives Bollwerk l\u00e4ngs der Havel errichtet, dann jedoch wurde der Bau der Fabrik zur\u00fcckgestellt, er unterblieb schlie\u00dflich<\/em>.&#8220;<\/p>\n<p style=\"text-align: justify;\">Demnach sind die Familien Beringer\/Hissink\/Loeffler nicht die Erbauer des Jaczoturmes. Dies bedeutet, dass der Turm vor den Jahren 1900\/01 erbaut worden sein muss.<\/p>\n<p style=\"text-align: justify;\">Hinsichtlich der Gutes Carolinenh\u00f6he hat mir Frau Birkenmayer freundlicherweise auch noch die bisher von der Projektgruppe ermittelte Eigent\u00fcmerhistorie \u00fcbermittelt, welche ich hier ebenfalls sehr gerne ver\u00f6ffentliche.<\/p>\n<p style=\"text-align: justify;\"><a href=\"https:\/\/forst-grunewald.de\/wp-content\/uploads\/2011-Zusammenstellung-Carolinenh\u00f6he.pdf\" target=\"_blank\" rel=\"noopener noreferrer\"><img loading=\"lazy\" decoding=\"async\" class=\"aligncenter size-full wp-image-6682\" src=\"https:\/\/forst-grunewald.de\/wp-content\/uploads\/2011-Zusammenstellung-Carolinenh\u00f6he.jpg\" alt=\"2011 Zusammenstellung Carolinenh\u00f6he\" width=\"681\" height=\"103\" srcset=\"https:\/\/forst-grunewald.de\/wp-content\/uploads\/2011-Zusammenstellung-Carolinenh\u00f6he.jpg 681w, https:\/\/forst-grunewald.de\/wp-content\/uploads\/2011-Zusammenstellung-Carolinenh\u00f6he-150x22.jpg 150w, https:\/\/forst-grunewald.de\/wp-content\/uploads\/2011-Zusammenstellung-Carolinenh\u00f6he-300x45.jpg 300w, https:\/\/forst-grunewald.de\/wp-content\/uploads\/2011-Zusammenstellung-Carolinenh\u00f6he-400x60.jpg 400w\" sizes=\"auto, (max-width: 681px) 100vw, 681px\" \/><\/a><\/p>\n<p style=\"text-align: justify;\">Die Frage lautet nun, welcher vorhergehende Grundst\u00fcckseigent\u00fcmer als Erbauer in Frage kommt?<\/p>\n<p>Frau Birkenmayer dazu:<\/p>\n<blockquote><p><em>Nun komme ich zu einem &#8222;wunden Punkt&#8220; unserer Rechercheaktivit\u00e4ten: Die Annahme, dass der Turm &#8222;mit gro\u00dfer Wahrscheinlichkeit von Joachim Christian Friedrich K\u00fchne gebaut worden sei, war vorschnell gegen\u00fcber der Zeitung ge\u00e4u\u00dfert und missverst\u00e4ndlich zitiert worden. Wir warteten damals auf die Kopien der Akten aus Potsdam: Die Annahme konnte sp\u00e4ter nicht best\u00e4tigt werden.<\/em><\/p>\n<p><strong><em>Abschlie\u00dfend m\u00f6chte ich sagen, dass man nach wie vor &#8222;in alle Richtungen ermitteln sollte&#8220;<\/em>.<\/strong><\/p><\/blockquote>\n<p><span style=\"color: #ffffff;\">.<\/span><\/p>\n<p><span style=\"color: #ffffff;\">.<\/span><\/p>\n<p><span style=\"color: #ffffff;\">.<\/span><\/p>\n<p>&nbsp;<\/p>\n","protected":false},"excerpt":{"rendered":"<p>Sensationeller Durchbruch bereits im Jahr 2011 Einem Artikel im Spandauer Volksblatt vom 07.09.2011 &#8222;Denkmaltag beidseits der Havel&#8220; sowie einer Ver\u00f6ffentlichung auf der Seite &#8222;Unterwegs in&hellip;<\/p>\n","protected":false},"author":1,"featured_media":0,"parent":5742,"menu_order":0,"comment_status":"closed","ping_status":"closed","template":"template-fullwidth.php","meta":{"ngg_post_thumbnail":0,"iawp_total_views":7,"footnotes":""},"class_list":["post-6665","page","type-page","status-publish","hentry"],"_links":{"self":[{"href":"https:\/\/forst-grunewald.de\/index.php?rest_route=\/wp\/v2\/pages\/6665","targetHints":{"allow":["GET"]}}],"collection":[{"href":"https:\/\/forst-grunewald.de\/index.php?rest_route=\/wp\/v2\/pages"}],"about":[{"href":"https:\/\/forst-grunewald.de\/index.php?rest_route=\/wp\/v2\/types\/page"}],"author":[{"embeddable":true,"href":"https:\/\/forst-grunewald.de\/index.php?rest_route=\/wp\/v2\/users\/1"}],"replies":[{"embeddable":true,"href":"https:\/\/forst-grunewald.de\/index.php?rest_route=%2Fwp%2Fv2%2Fcomments&post=6665"}],"version-history":[{"count":20,"href":"https:\/\/forst-grunewald.de\/index.php?rest_route=\/wp\/v2\/pages\/6665\/revisions"}],"predecessor-version":[{"id":13301,"href":"https:\/\/forst-grunewald.de\/index.php?rest_route=\/wp\/v2\/pages\/6665\/revisions\/13301"}],"up":[{"embeddable":true,"href":"https:\/\/forst-grunewald.de\/index.php?rest_route=\/wp\/v2\/pages\/5742"}],"wp:attachment":[{"href":"https:\/\/forst-grunewald.de\/index.php?rest_route=%2Fwp%2Fv2%2Fmedia&parent=6665"}],"curies":[{"name":"wp","href":"https:\/\/api.w.org\/{rel}","templated":true}]}}

Ergebnisse der Schülerprojektgruppe der Paul-Moor-Schule

<h3>S<a href="https://forst-grunewald.de/wp-content/uploads/2011-Uebersicht-Beringer-Hissing-Loeffler-Jaczoturm.pdf" target="_blank" rel="noopener noreferrer"><img loading="lazy" decoding="async" class="alignright wp-image-6679" src="https://forst-grunewald.de/wp-content/uploads/2011-Uebersicht-Beringer-Hissing-Loeffler-Jaczoturm.jpg" alt="2011 Uebersicht Beringer-Hissing-Loeffler Jaczoturm" width="354" height="249" srcset="https://forst-grunewald.de/wp-content/uploads/2011-Uebersicht-Beringer-Hissing-Loeffler-Jaczoturm.jpg 1307w, https://forst-grunewald.de/wp-content/uploads/2011-Uebersicht-Beringer-Hissing-Loeffler-Jaczoturm-150x105.jpg 150w, https://forst-grunewald.de/wp-content/uploads/2011-Uebersicht-Beringer-Hissing-Loeffler-Jaczoturm-300x211.jpg 300w, https://forst-grunewald.de/wp-content/uploads/2011-Uebersicht-Beringer-Hissing-Loeffler-Jaczoturm-1024x721.jpg 1024w, https://forst-grunewald.de/wp-content/uploads/2011-Uebersicht-Beringer-Hissing-Loeffler-Jaczoturm-400x281.jpg 400w" sizes="auto, (max-width: 354px) 100vw, 354px" /></a>ensationeller Durchbruch bereits im Jahr 2011</h3>
<p style="text-align: justify;">Einem Artikel im Spandauer Volksblatt vom 07.09.2011 &#8222;<a href="http://www.wgso.de/download/1136_SVN(1).pdf" target="_blank" rel="noopener noreferrer">Denkmaltag beidseits der Havel</a>&#8220; sowie einer Veröffentlichung auf der Seite &#8222;Unterwegs in Spandau&#8220; von Herrn Ralf Salecker vom 13.06.2012 unter dem Titel &#8222;<a href="http://www.unterwegs-in-spandau.de/jaczo-fest-im-spandauer-ortsteil-gatow/" target="_blank" rel="noopener noreferrer">Jaczo-Fest im Spandauer Ortsteil Gatow &#8211; Auf den Spuren einer alten Sage</a>&#8220; habe ich entnommen, dass Schüler der <a href="http://www.paul-moor-schule.cidsnet.de/" target="_blank" rel="noopener noreferrer">Paul-Moor–Schule</a> über eine Beteiligung an dem Engagement &#8222;<a href="http://denkmal-aktiv.de/" target="_blank" rel="noopener noreferrer"><strong>denk</strong>mal aktiv</a>&#8222;, hier die <a href="http://www.denkmal-aktiv.de/wp-content/uploads/arbeitsplan1510.pdf" target="_blank" rel="noopener noreferrer">Projektbeschreibung</a>, einen äußerst wichtigen Durchbruch erzielen konnten. Ich habe daraufhin am 25.05.2014 die Lehrerin Frau Gabriele Birkenmayer, welche die Projektgruppe leitet, angeschrieben und sie hat mir freundlicherweise umfangreich geantwortet.</p>
<p style="text-align: justify;">Durch Einsichtnahmen in die Katasterunterlagen und Grundbuchunterlagen konnten die Projektgruppe schon 2011 die <a href="https://forst-grunewald.de/wp-content/uploads/2011-Zusammenstellung-Carolinenhöhe.pdf" target="_blank" rel="noopener noreferrer">Eigentümerhistorie</a> an dem Grundstücksteil, auf welchen sich das Jaczotürmchen befindet, nachvollziehen, welche im Ursprung auf den heute nicht mehr existieren Gutshof Carolinenhöhe bei Seeburg zurückreicht.</p>
<p style="text-align: justify;">Darüber hinaus ist es ihnen durch &#8222;<em>Glück</em>&#8220; gelungen, über einen <a href="http://www.gea.de/region+reutlingen/reutlingen/mit+zwei+ps+in+die+schule.1816548.htm?mode=print" target="_blank" rel="noopener noreferrer">Zeitungsartikel</a> im Reutlinger General-Anzeiger vom 01.02.2011 einen Enkel des damaligen Eigentümers Herrn Emil Beringer ausfindig zu machen, und zwar Herrn Job-Siegfried Loeffler aus Ratingen. Herr Loeffler ist der Sohn von Frau Charlotte Loeffler, geborene Beringer, welche zeitweilig zu 1/5 Miteigentümerin an dem Grundstück war, wie es auch im <a href="https://forst-grunewald.de/wp-content/gallery/jaczoschlucht-eigentumsverhaeltnisse/1902-1946-flurstueck-49-10-grundstueck-an-der-gatower-grenze-gatower-str-191-219.jpg" target="_blank" rel="noopener noreferrer">Katasterauszug</a> vermerkt ist. Frau Birkenmayer hatte daraufhin telefonisch mit Herrn Loeffler Kontakt aufgenommen und konnte folgendes in Erfahrung bringen:</p>
<blockquote><p><em>Der Turm habe beim Kauf des Grundstücks durch seinen Großvater schon dort gestanden. Dieser war Farbenfabrikant in Charlottenburg und hatte das Grundstück gekauft, um seine Firma zu vergrößern und um an der Havel mit seinen Schiffen besser anlegen zu können. Er baute auch die Kaimauer, die sich immer noch dort befindet. Der Erste Weltkrieg verhinderte die Umsetzung der Pläne: Hertha Hissink erbte das Grundstück.</em></p></blockquote>
<p style="text-align: justify;">Herr Loeffler hat diese Aussage bisher leider nicht schriftlich bestätigt, so dass es bis auf Weiteres nur bei seiner mündlichen Überlieferung bleibt.</p>
<p style="text-align: justify;">Seine Auskunft über den Beweggrund des Grundstückserwerbs stimmt mit einer <a href="https://forst-grunewald.de/?page_id=6339" target="_blank" rel="noopener noreferrer">Veröffentlichung</a> von Herrn Kurt Pomplum von 1961 überein, dieser schrieb:  &#8222;<em>Eine chemische Fabrik sollte im Jahre 1900 bei Weinmeisterhorn angelegt werden, die Grundstücke waren bereits gekauft und ein massives Bollwerk längs der Havel errichtet, dann jedoch wurde der Bau der Fabrik zurückgestellt, er unterblieb schließlich</em>.&#8220;</p>
<p style="text-align: justify;">Demnach sind die Familien Beringer/Hissink/Loeffler nicht die Erbauer des Jaczoturmes. Dies bedeutet, dass der Turm vor den Jahren 1900/01 erbaut worden sein muss.</p>
<p style="text-align: justify;">Hinsichtlich der Gutes Carolinenhöhe hat mir Frau Birkenmayer freundlicherweise auch noch die bisher von der Projektgruppe ermittelte Eigentümerhistorie übermittelt, welche ich hier ebenfalls sehr gerne veröffentliche.</p>
<p style="text-align: justify;"><a href="https://forst-grunewald.de/wp-content/uploads/2011-Zusammenstellung-Carolinenhöhe.pdf" target="_blank" rel="noopener noreferrer"><img loading="lazy" decoding="async" class="aligncenter size-full wp-image-6682" src="https://forst-grunewald.de/wp-content/uploads/2011-Zusammenstellung-Carolinenhöhe.jpg" alt="2011 Zusammenstellung Carolinenhöhe" width="681" height="103" srcset="https://forst-grunewald.de/wp-content/uploads/2011-Zusammenstellung-Carolinenhöhe.jpg 681w, https://forst-grunewald.de/wp-content/uploads/2011-Zusammenstellung-Carolinenhöhe-150x22.jpg 150w, https://forst-grunewald.de/wp-content/uploads/2011-Zusammenstellung-Carolinenhöhe-300x45.jpg 300w, https://forst-grunewald.de/wp-content/uploads/2011-Zusammenstellung-Carolinenhöhe-400x60.jpg 400w" sizes="auto, (max-width: 681px) 100vw, 681px" /></a></p>
<p style="text-align: justify;">Die Frage lautet nun, welcher vorhergehende Grundstückseigentümer als Erbauer in Frage kommt?</p>
<p>Frau Birkenmayer dazu:</p>
<blockquote><p><em>Nun komme ich zu einem &#8222;wunden Punkt&#8220; unserer Rechercheaktivitäten: Die Annahme, dass der Turm &#8222;mit großer Wahrscheinlichkeit von Joachim Christian Friedrich Kühne gebaut worden sei, war vorschnell gegenüber der Zeitung geäußert und missverständlich zitiert worden. Wir warteten damals auf die Kopien der Akten aus Potsdam: Die Annahme konnte später nicht bestätigt werden.</em></p>
<p><strong><em>Abschließend möchte ich sagen, dass man nach wie vor &#8222;in alle Richtungen ermitteln sollte&#8220;</em>.</strong></p></blockquote>
<p><span style="color: #ffffff;">.</span></p>
<p><span style="color: #ffffff;">.</span></p>
<p><span style="color: #ffffff;">.</span></p>
<p>&nbsp;</p>

<p>Sensationeller Durchbruch bereits im Jahr 2011 Einem Artikel im Spandauer Volksblatt vom 07.09.2011 &#8222;Denkmaltag beidseits der Havel&#8220; sowie einer Veröffentlichung auf der Seite &#8222;Unterwegs in&hellip;</p>
