{"id":6011,"date":"2014-04-21T17:28:16","date_gmt":"2014-04-21T16:28:16","guid":{"rendered":"http:\/\/forst-grunewald.de\/?page_id=6011"},"modified":"2019-05-25T10:25:33","modified_gmt":"2019-05-25T09:25:33","slug":"flensburger-loewe-bei-heckeshorn","status":"publish","type":"page","link":"https:\/\/forst-grunewald.de\/?page_id=6011","title":{"rendered":"Flensburger L\u00f6we"},"content":{"rendered":"<p>Vom Flensburger L\u00f6wen aus erschliesst sich eine wunderbar Laufstrecke. Immer am Havelufer entlang, \u00fcber die Pfaueninsel bis zur Glienicker Br\u00fccke.<br \/>\nIm Juli eines jeden Jahres findet dort der sehr beliebte und vom Berlin Marathon Rekordteilnehmer Bernd H\u00fcbner veranstaltete \u201cHavellauf\u201d statt. Mehr Informationen unter<br \/>\n<a href=\"http:\/\/www.havellauf.de\" target=\"_blank\" rel=\"noopener noreferrer\">www.havellauf.de<\/a><\/p>\n<p>Bei dem Flensburger L\u00f6wen handelt es sich um eine Zinkkopie, welche<\/p>\n<ul>\n<li>1874 (1869?) bei Anlegung der Wannseer Villenkolonie Alsen angefertigt wurde.<\/li>\n<li>1938 wurde der L\u00f6we an seinem heutigen Platz am Heckeshorn umgesetzt.<\/li>\n<li>2005 wurde er umfangreich restauriert.<br \/>\nDazu wurde der L\u00f6we vom Sockel genommen und in seiner Abwesenheit &#8211; und zur Freude der Kinder &#8211; durch eine Figur von &#8222;Bugs Bunny&#8220; <a href=\"https:\/\/forst-grunewald.de\/wp-content\/gallery\/flensburger-loewe\/2005-03-24-bernd-huebner-mit-dem-osterhasen-auf-dem-sockel.jpg\" target=\"_blank\" rel=\"noopener noreferrer\">ersetzt<\/a>.<\/li>\n<\/ul>\n<p>Der Original &#8222;<a href=\"http:\/\/www.flensburg-online.de\/altesflensburg\/idstedt-loewe.html\" target=\"_blank\" rel=\"noopener noreferrer\">Idstedt L\u00f6we<\/a>&#8220; wurde 1862 auf dem alten Friedhof der Stadt Flensburg aufgestellt und 1864 auf Anweisung Bismarcks nach Berlin verbracht, wo er in Lichterfelde im <a href=\"https:\/\/forst-grunewald.de\/wp-content\/gallery\/flensburger-loewe\/1934-08-07-flensburger-loewe-a-klein.jpg\" target=\"_blank\" rel=\"noopener noreferrer\">Hof der Kadettenanstalt<\/a> stand. Ab 1945 befand er sich dann in Kopenhagen und gelangte erst im Jahr 2011 wieder an seinem urspr\u00fcnglichen Standort nach Flensburg:<\/p>\n<p style=\"padding-left: 30px;\"><iframe loading=\"lazy\" src=\"\/\/www.youtube.com\/embed\/ym7i0nWrAvk\" width=\"581\" height=\"350\"><\/iframe><\/p>\n<ul>\n<li><strong>\u00a0Gru\u00dfwort des Deutschen Botschafters Michael Zenner zur Einweihung des Denkmals &#8222;Idstedt-L\u00f6we&#8220; in Flensburg vom <strong><a href=\"http:\/\/www.kopenhagen.diplo.de\/Vertretung\/kopenhagen\/de\/Aktuelles_20aus_20der_20Botschaft\/seite__rede__botschafter__flensburg__100911.html\" target=\"_blank\" rel=\"noopener noreferrer\">10.09.2011<\/a><\/strong><\/strong>:<\/li>\n<\/ul>\n<div style=\"padding-left: 30px;\">\n<div><div class=\"spoiler-wrap\">\n\t\t\t\t<div class=\"spoiler-head folded\">Spoiler<\/div>\n\t\t\t\t<div class=\"spoiler-body\"><br \/>\n&#8222;<em><em>F\u00fcr Ihre Einladung zur heutigen Feierstunde anl\u00e4sslich der R\u00fcckkehr des \u201eIdstedt L\u00f6wen\u201c nach Flensburg m\u00f6chte ich Ihnen herzlich danken.<\/em><\/em><em><em>Das Denkmal ist nach der <a href=\"http:\/\/de.wikipedia.org\/wiki\/Schleswig-Holsteinischer_Krieg_%281848%E2%80%931851%29\" target=\"_blank\" rel=\"noopener noreferrer\">Schlacht bei Idstedt<\/a>, bei der am 25. Juli 1850 mehr als 6.500 Menschen starben, errichtet worden.<\/em><\/em><em>Aber nicht R\u00fcckschau, Erinnerung an Sieger und Besiegte sollen den heutigen Tag bestimmen. Heute f\u00fchrt uns die Freundschaft und das Vertrauen zwischen D\u00e4nen und Deutschen, wie es die neue Inschrift am Sockel des Denkmals ausdr\u00fcckt, an diesem Ort zusammen.<\/em><em>Die deutsch &#8211; d\u00e4nischen Beziehungen sind heute so eng, wie nie zuvor. Die Zusammenarbeit von D\u00e4nen und Deutschen \u00fcber die Grenzen hinweg ist zu einer Selbstverst\u00e4ndlichkeit geworden und ein Zeichen f\u00fcr die gewachsene Freundschaft zwischen unseren beiden L\u00e4ndern.<\/em><em>Ich freue mich als deutscher Botschafter in D\u00e4nemark, an der Vertiefung und Weiterentwicklung unserer Beziehungen mitwirken zu d\u00fcrfen.<\/em><em>D\u00e4nemark und Deutschland sind in allen Bereichen wichtige Partner. Wir arbeiten im europ\u00e4ischen und internationalen Rahmen eng zusammen. Hier gilt es gemeinsam an der Weiterentwicklung der Europ\u00e4ischen Union mitzuwirken und mit unseren Partnern in der Europ\u00e4ischen Union und der NATO bei der Bew\u00e4ltigung internationaler Probleme und Herausforderungen eng zusammen zu arbeiten. Wir setzen uns f\u00fcr Frieden, Freiheit, Gerechtigkeit und die Wahrung der Menschenrechte in der Welt ein. Der Kampf gegen den Hunger, der Schutz der Umwelt, der Meere und des Klimas sind globale Herausforderungen, die nur gemeinsam bew\u00e4ltigt werden k\u00f6nnen.<\/em><em>Das gegenseitige Interesse an der Kultur des Nachbarn st\u00e4rkt die Beziehungen zwischen Deutschen und D\u00e4nen. An den unterschiedlichsten Orten in D\u00e4nemark und Deutschland bieten sich Gelegenheiten in Ausstellungen, bei Theater-, Literatur- oder Musikveranstaltungen die Werke d\u00e4nischer und deutscher K\u00fcnstler zu erleben.<\/em><\/p>\n<p><em>Das Erlernen der Sprache des Anderen ist von au\u00dferordentlicher Bedeutung f\u00fcr das gegenseitige Verstehen und bringt uns einander n\u00e4her.<\/em><\/p>\n<p><em>Gerade hier in dieser Region sind die deutsch\u2013d\u00e4nischen Beziehungen besonders eng. D\u00e4nen und Deutsche arbeiten f\u00fcr unsere Zukunft in Europa.<\/em><\/p>\n<p><em>Der L\u00f6we, einst Symbol der Macht und kriegerischer \u00dcberlegenheit, und damit verbunden der Blick in die Geschichte, f\u00fchrt uns deutlich vor Augen, dass wir die Verpflichtung haben, unseren heutigen Weg weiter zu beschreiten und unsere gemeinsame Zukunft in Europa zu gestalten in Freundschaft und Vertrauen.<\/em>&#8220;<\/p>\n<p><\/div>\n\t\t\t<\/div><\/p>\n<\/div>\n<\/div>\n<p>&nbsp;<\/p>\n<p>&nbsp;<\/p>\n<p>Weitere Informationen:<\/p>\n<ul>\n<li><a href=\"http:\/\/de.wikipedia.org\/wiki\/Flensburger_L%C3%B6we_(Berlin)\" target=\"_blank\" rel=\"noopener noreferrer\">Wikipedia &#8211; Flensburger L\u00f6we<\/a><\/li>\n<li><a href=\"http:\/\/www.flensburg-online.de\/altesflensburg\/idstedt-loewe.html\" target=\"_blank\" rel=\"noopener noreferrer\">Flensburg Online &#8211; Idstedt L\u00f6we<\/a><\/li>\n<\/ul>\n<p>&nbsp;<\/p>\nngg_shortcode_0_placeholder\n<p>&nbsp;<\/p>\n","protected":false},"excerpt":{"rendered":"<p>Vom Flensburger L\u00f6wen aus erschliesst sich eine wunderbar Laufstrecke. Immer am Havelufer entlang, \u00fcber die Pfaueninsel bis zur Glienicker Br\u00fccke. Im Juli eines jeden Jahres&hellip;<\/p>\n","protected":false},"author":1,"featured_media":0,"parent":5590,"menu_order":0,"comment_status":"closed","ping_status":"closed","template":"template-fullwidth.php","meta":{"ngg_post_thumbnail":0,"iawp_total_views":15,"footnotes":""},"class_list":["post-6011","page","type-page","status-publish","hentry"],"_links":{"self":[{"href":"https:\/\/forst-grunewald.de\/index.php?rest_route=\/wp\/v2\/pages\/6011","targetHints":{"allow":["GET"]}}],"collection":[{"href":"https:\/\/forst-grunewald.de\/index.php?rest_route=\/wp\/v2\/pages"}],"about":[{"href":"https:\/\/forst-grunewald.de\/index.php?rest_route=\/wp\/v2\/types\/page"}],"author":[{"embeddable":true,"href":"https:\/\/forst-grunewald.de\/index.php?rest_route=\/wp\/v2\/users\/1"}],"replies":[{"embeddable":true,"href":"https:\/\/forst-grunewald.de\/index.php?rest_route=%2Fwp%2Fv2%2Fcomments&post=6011"}],"version-history":[{"count":39,"href":"https:\/\/forst-grunewald.de\/index.php?rest_route=\/wp\/v2\/pages\/6011\/revisions"}],"predecessor-version":[{"id":13275,"href":"https:\/\/forst-grunewald.de\/index.php?rest_route=\/wp\/v2\/pages\/6011\/revisions\/13275"}],"up":[{"embeddable":true,"href":"https:\/\/forst-grunewald.de\/index.php?rest_route=\/wp\/v2\/pages\/5590"}],"wp:attachment":[{"href":"https:\/\/forst-grunewald.de\/index.php?rest_route=%2Fwp%2Fv2%2Fmedia&parent=6011"}],"curies":[{"name":"wp","href":"https:\/\/api.w.org\/{rel}","templated":true}]}}

Flensburger Löwe

<p>Vom Flensburger Löwen aus erschliesst sich eine wunderbar Laufstrecke. Immer am Havelufer entlang, über die Pfaueninsel bis zur Glienicker Brücke.<br />
Im Juli eines jeden Jahres findet dort der sehr beliebte und vom Berlin Marathon Rekordteilnehmer Bernd Hübner veranstaltete “Havellauf” statt. Mehr Informationen unter<br />
<a href="http://www.havellauf.de" target="_blank" rel="noopener noreferrer">www.havellauf.de</a></p>
<p>Bei dem Flensburger Löwen handelt es sich um eine Zinkkopie, welche</p>
<ul>
<li>1874 (1869?) bei Anlegung der Wannseer Villenkolonie Alsen angefertigt wurde.</li>
<li>1938 wurde der Löwe an seinem heutigen Platz am Heckeshorn umgesetzt.</li>
<li>2005 wurde er umfangreich restauriert.<br />
Dazu wurde der Löwe vom Sockel genommen und in seiner Abwesenheit &#8211; und zur Freude der Kinder &#8211; durch eine Figur von &#8222;Bugs Bunny&#8220; <a href="https://forst-grunewald.de/wp-content/gallery/flensburger-loewe/2005-03-24-bernd-huebner-mit-dem-osterhasen-auf-dem-sockel.jpg" target="_blank" rel="noopener noreferrer">ersetzt</a>.</li>
</ul>
<p>Der Original &#8222;<a href="http://www.flensburg-online.de/altesflensburg/idstedt-loewe.html" target="_blank" rel="noopener noreferrer">Idstedt Löwe</a>&#8220; wurde 1862 auf dem alten Friedhof der Stadt Flensburg aufgestellt und 1864 auf Anweisung Bismarcks nach Berlin verbracht, wo er in Lichterfelde im <a href="https://forst-grunewald.de/wp-content/gallery/flensburger-loewe/1934-08-07-flensburger-loewe-a-klein.jpg" target="_blank" rel="noopener noreferrer">Hof der Kadettenanstalt</a> stand. Ab 1945 befand er sich dann in Kopenhagen und gelangte erst im Jahr 2011 wieder an seinem ursprünglichen Standort nach Flensburg:</p>
<p style="padding-left: 30px;"><iframe loading="lazy" src="//www.youtube.com/embed/ym7i0nWrAvk" width="581" height="350"></iframe></p>
<ul>
<li><strong> Grußwort des Deutschen Botschafters Michael Zenner zur Einweihung des Denkmals &#8222;Idstedt-Löwe&#8220; in Flensburg vom <strong><a href="http://www.kopenhagen.diplo.de/Vertretung/kopenhagen/de/Aktuelles_20aus_20der_20Botschaft/seite__rede__botschafter__flensburg__100911.html" target="_blank" rel="noopener noreferrer">10.09.2011</a></strong></strong>:</li>
</ul>
<div style="padding-left: 30px;">
<div><div class="spoiler-wrap">
				<div class="spoiler-head folded">Spoiler</div>
				<div class="spoiler-body"><br />
&#8222;<em><em>Für Ihre Einladung zur heutigen Feierstunde anlässlich der Rückkehr des „Idstedt Löwen“ nach Flensburg möchte ich Ihnen herzlich danken.</em></em><em><em>Das Denkmal ist nach der <a href="http://de.wikipedia.org/wiki/Schleswig-Holsteinischer_Krieg_%281848%E2%80%931851%29" target="_blank" rel="noopener noreferrer">Schlacht bei Idstedt</a>, bei der am 25. Juli 1850 mehr als 6.500 Menschen starben, errichtet worden.</em></em><em>Aber nicht Rückschau, Erinnerung an Sieger und Besiegte sollen den heutigen Tag bestimmen. Heute führt uns die Freundschaft und das Vertrauen zwischen Dänen und Deutschen, wie es die neue Inschrift am Sockel des Denkmals ausdrückt, an diesem Ort zusammen.</em><em>Die deutsch &#8211; dänischen Beziehungen sind heute so eng, wie nie zuvor. Die Zusammenarbeit von Dänen und Deutschen über die Grenzen hinweg ist zu einer Selbstverständlichkeit geworden und ein Zeichen für die gewachsene Freundschaft zwischen unseren beiden Ländern.</em><em>Ich freue mich als deutscher Botschafter in Dänemark, an der Vertiefung und Weiterentwicklung unserer Beziehungen mitwirken zu dürfen.</em><em>Dänemark und Deutschland sind in allen Bereichen wichtige Partner. Wir arbeiten im europäischen und internationalen Rahmen eng zusammen. Hier gilt es gemeinsam an der Weiterentwicklung der Europäischen Union mitzuwirken und mit unseren Partnern in der Europäischen Union und der NATO bei der Bewältigung internationaler Probleme und Herausforderungen eng zusammen zu arbeiten. Wir setzen uns für Frieden, Freiheit, Gerechtigkeit und die Wahrung der Menschenrechte in der Welt ein. Der Kampf gegen den Hunger, der Schutz der Umwelt, der Meere und des Klimas sind globale Herausforderungen, die nur gemeinsam bewältigt werden können.</em><em>Das gegenseitige Interesse an der Kultur des Nachbarn stärkt die Beziehungen zwischen Deutschen und Dänen. An den unterschiedlichsten Orten in Dänemark und Deutschland bieten sich Gelegenheiten in Ausstellungen, bei Theater-, Literatur- oder Musikveranstaltungen die Werke dänischer und deutscher Künstler zu erleben.</em></p>
<p><em>Das Erlernen der Sprache des Anderen ist von außerordentlicher Bedeutung für das gegenseitige Verstehen und bringt uns einander näher.</em></p>
<p><em>Gerade hier in dieser Region sind die deutsch–dänischen Beziehungen besonders eng. Dänen und Deutsche arbeiten für unsere Zukunft in Europa.</em></p>
<p><em>Der Löwe, einst Symbol der Macht und kriegerischer Überlegenheit, und damit verbunden der Blick in die Geschichte, führt uns deutlich vor Augen, dass wir die Verpflichtung haben, unseren heutigen Weg weiter zu beschreiten und unsere gemeinsame Zukunft in Europa zu gestalten in Freundschaft und Vertrauen.</em>&#8220;</p>
<p></div>
			</div></p>
</div>
</div>
<p>&nbsp;</p>
<p>&nbsp;</p>
<p>Weitere Informationen:</p>
<ul>
<li><a href="http://de.wikipedia.org/wiki/Flensburger_L%C3%B6we_(Berlin)" target="_blank" rel="noopener noreferrer">Wikipedia &#8211; Flensburger Löwe</a></li>
<li><a href="http://www.flensburg-online.de/altesflensburg/idstedt-loewe.html" target="_blank" rel="noopener noreferrer">Flensburg Online &#8211; Idstedt Löwe</a></li>
</ul>
<p>&nbsp;</p>
ngg_shortcode_0_placeholder
<p>&nbsp;</p>

<p>Vom Flensburger Löwen aus erschliesst sich eine wunderbar Laufstrecke. Immer am Havelufer entlang, über die Pfaueninsel bis zur Glienicker Brücke. Im Juli eines jeden Jahres&hellip;</p>
