{"id":583,"date":"2012-06-03T16:43:04","date_gmt":"2012-06-03T16:43:04","guid":{"rendered":"http:\/\/forst-grunewald.de\/wordpress\/?page_id=583"},"modified":"2025-11-22T07:36:51","modified_gmt":"2025-11-22T06:36:51","slug":"schmook-alexander","status":"publish","type":"page","link":"https:\/\/forst-grunewald.de\/?page_id=583","title":{"rendered":"Schmook, Alexander"},"content":{"rendered":"<p>&nbsp;<\/p>\n<figure id=\"attachment_6450\" aria-describedby=\"caption-attachment-6450\" style=\"width: 372px\" class=\"wp-caption alignright\"><a href=\"https:\/\/forst-grunewald.de\/wp-content\/uploads\/1939-Alexander-Schmook-aklein.jpg\" target=\"_blank\" rel=\"noopener noreferrer\"><img loading=\"lazy\" decoding=\"async\" class=\"wp-image-6450 \" src=\"https:\/\/forst-grunewald.de\/wp-content\/uploads\/1939-Alexander-Schmook-aklein.jpg\" alt=\"Herzlichen Dank f\u00fcr die \u00dcbermittlung an Herrn Dr. Lorenz Stark\" width=\"372\" height=\"448\" srcset=\"https:\/\/forst-grunewald.de\/wp-content\/uploads\/1939-Alexander-Schmook-aklein.jpg 755w, https:\/\/forst-grunewald.de\/wp-content\/uploads\/1939-Alexander-Schmook-aklein-124x150.jpg 124w, https:\/\/forst-grunewald.de\/wp-content\/uploads\/1939-Alexander-Schmook-aklein-249x300.jpg 249w, https:\/\/forst-grunewald.de\/wp-content\/uploads\/1939-Alexander-Schmook-aklein-400x481.jpg 400w\" sizes=\"auto, (max-width: 372px) 100vw, 372px\" \/><\/a><figcaption id=\"caption-attachment-6450\" class=\"wp-caption-text\"><span style=\"font-family: arial, helvetica, sans-serif; font-size: 10pt;\">Herzlichen Dank f\u00fcr die \u00dcbermittlung an Herrn Dr. Lorenz Stark<\/span><\/figcaption><\/figure>\n<p style=\"text-align: justify;\"><span style=\"font-family: arial, helvetica, sans-serif; font-size: 12pt;\">Alexander Schmook war fr\u00fcher einmal der Forstmeister des Grunewaldes. 1950 hat er unter dem Titel <a href=\"https:\/\/forst-grunewald.de\/?page_id=361\" target=\"_blank\" rel=\"noopener noreferrer\">&#8222;Es war einmal im Grunewald&#8230; Jagdliche Erinnerungen und Plauderein des letzten Grunewaldforstmeisters&#8220;<\/a> \u00fcber seine Arbeit ein Buch ver\u00f6ffentlicht.<\/span><\/p>\n<p style=\"text-align: justify;\"><span style=\"font-family: arial, helvetica, sans-serif; font-size: 12pt;\">Zum einen enth\u00e4lt das Werk, wie der Titel schon sagt, viele &#8222;Jagdgeschichten&#8220; (Auszug <a href=\"https:\/\/forst-grunewald.de\/?page_id=576\" target=\"_blank\" rel=\"noopener noreferrer\">hier<\/a>), dessen Lesung mir deswegen allerdings weniger Freude bereitet. Interessant ist allerdings der lebendige Sprachstil. Zum anderen ist das Werk aber denn auch eines der wichtigsten Schilderungen \u00fcber den Grunewald in fr\u00fcheren Zeiten und<\/span><\/p>\n<ul>\n<li style=\"text-align: justify;\"><span style=\"font-family: arial, helvetica, sans-serif; font-size: 12pt;\"><strong>je mehr Zeit vergeht, desto mehr muss man Herrn Schmook dankbar daf\u00fcr sein, dass er sein Buch geschrieben hat!<\/strong><\/span><\/li>\n<\/ul>\n<p style=\"text-align: justify;\"><span style=\"font-family: arial, helvetica, sans-serif; font-size: 12pt;\">Auf den Seiten 13 und 17 seines Buches ist zu entnehmen, dass seine Amtszeit vom <strong>01. April <\/strong><strong>1929 &#8211; 1934<\/strong> dauerte. Nach der Macht\u00fcbernahme der Nationalsozialisten hat er sein Amt verloren, \u00fcber den Grund schreibt er auf Seite 13, dass er<\/span><\/p>\n<blockquote><p><span style=\"font-family: arial, helvetica, sans-serif; font-size: 12pt;\"><em>&#8222;1934 auf Betreiben oder mit Hilfe der Partei von seiner Stelle weichen mu\u00dfte, weil er ihr nicht angeh\u00f6rte<\/em>.&#8220;<\/span><\/p><\/blockquote>\n<p style=\"text-align: justify;\"><span style=\"font-family: arial, helvetica, sans-serif; font-size: 12pt;\">\u00dcber sein Ausscheiden aus dem Dienst schreibt er auf den Seiten 246-248 folgendes:<\/span><\/p>\n<blockquote>\n<p style=\"text-align: justify;\"><span style=\"font-family: arial, helvetica, sans-serif; font-size: 12pt;\">\u201c<strong>Der kleine braune Meteorit. Und &#8211; der gro\u00dfe &#8212; !<\/strong>\u201d<\/span><\/p>\n<p style=\"text-align: justify;\"><span style=\"font-family: arial, helvetica, sans-serif; font-size: 12pt;\"><em>Kurz nach der braunen \u201cMacht\u00fcbernahme\u201d wurde ich aus meiner lebensl\u00e4nglichen Anstellung bei meiner Heimatstadt wegen Nichtzugeh\u00f6rigkeit zur Partei zun\u00e4chst vom Dienst suspendiert. <\/em><\/span><\/p>\n<p style=\"text-align: justify;\"><span style=\"font-family: arial, helvetica, sans-serif; font-size: 12pt;\"><em>Auf dem Wege zu meinem Rechtsanwalt, der mit mir bem\u00fcht war, ein von mir gegen mich selbst beantragtens Disziplinarverfahren im ordentlichen Rechtswege durchzusetzen, stie\u00df ich unweit meiner Wohnung im Wald auf zwei braune Reiter mit allerhand \u201cLametta\u201d. In dem Reiter zur Linken erkannte ich einen der S\u00f6hne des letzten Kaisers, der im&nbsp; Kriege 1914\/18 als Oberst ein Regiment gef\u00fchrt hatte, in dem zur Rechten einen Portierssohn aus der Kolonie Grunewald, von dem mir bekannt war, da\u00df er seine braune Karriere dem &#8211; 17. Mai verdankte. Durch seine Stiefelsammlung f\u00fcr die <a href=\"https:\/\/de.wikipedia.org\/wiki\/Sturmabteilung\" target=\"_blank\" rel=\"noopener noreferrer\">SA<\/a> und den bald darauf erfolgenden Ankauf eines Luxusautos und die Einrichtung eines feudalen SA-Kasions in der Grunewalder Bismarckalle hatte er sich \u201ceinen Namen\u201d gemacht. Mir als altem Pferdenarr und gedientem Kavalleristen fiel seine kl\u00e4gliche Haltung auf dem Pferde beim Antraben auf&#8230;<\/em><\/span><\/p>\n<p style=\"text-align: justify;\"><span style=\"font-family: arial, helvetica, sans-serif; font-size: 12pt;\"><em>Einige Wochen oder Monate sp\u00e4ter ging ich am Restaurant Hundekehle vorbei zu meinem Anwalt. Da wurde in dem beliebten Ausflugslokal eine gro\u00dfe Hochzeit gefeiert. Es war &#8211; der wackelige Reitersmann&#8230; Hoch ging es her. Bei dem sch\u00f6nen Wetter sa\u00dfen die G\u00e4ste auf den Freiterrassen. Gerade hielt <a id=\"Zelle135Link2\" href=\"http:\/\/de.wikipedia.org\/wiki\/Hermann_G%C3%B6ring\" target=\"_blank\" rel=\"noopener noreferrer\">G\u00f6ring<\/a> eine Rede auf das Hochzeitspaar in der bekannten Weise und Aufmachung&#8230;Und als ich am Nachmittag sp\u00e4t zur\u00fcckkam, wurde noch immer gefeiert. Der jetzige Festredner war aber, nach Verschwinden G\u00f6rings, der <a id=\"Zelle135Link3\" href=\"http:\/\/de.wikipedia.org\/wiki\/Joseph_Goebbels\" target=\"_blank\" rel=\"noopener noreferrer\">Propagandaminister<\/a>&#8230; <\/em><\/span><\/p>\n<p style=\"text-align: justify;\"><span style=\"font-family: arial, helvetica, sans-serif; font-size: 12pt;\"><em>Vier Monate sp\u00e4ter verhaftete man in Cuxhaven das junge Paar, das schon Fahrkarten und Ausweise zur Abreise nach Chile bei sich hatte&#8230; <\/em><em>So rasch erf\u00fcllte sich hier, was ich meiner Frau gesagt hatte an jenem Tage, da ich die beiden Reiter antraf: \u201cDa geht ein Meteorit auf! Ob es wohl lange dauern wird, bis er zerplatzt?\u201d<\/em><\/span><\/p>\n<p style=\"text-align: justify;\"><span style=\"font-family: arial, helvetica, sans-serif; font-size: 12pt;\"><em>Und auch der <a id=\"Zelle135Link4\" href=\"http:\/\/de.wikipedia.org\/wiki\/Adolf_Hitler\" target=\"_blank\" rel=\"noopener noreferrer\">gro\u00dfe braune Meteorit<\/a> begegnete mir einmal im Grunewalde&#8230;<\/em><\/span><\/p>\n<p style=\"text-align: justify;\"><span style=\"font-family: arial, helvetica, sans-serif; font-size: 12pt;\"><em>Ich ging allein am St\u00f6lpchenseekanal entlang in Gedanken&#8230;<\/em><em> Noch immer rang ich vergeblich um mein Recht und Wiedergutmachung. Fast ein Jahr schon. Man hielt mich hin und im Ungewissen. Das von mir beantragte Disziplinarverfahren gegen mich selbst hatte man kurzerhand abgelehnt, Gehalt und Pension verweigert bis zur Entscheidung, mir die Wohnung aufgek\u00fcndigt. In solchen Sorgen um die Zukunft meiner Familie ging ich dahin&#8230; Geschrei in meinem R\u00fccken lie\u00df mich aufhorchen&#8230; Auf dem schmalen Kanal brauste ein schnittiges kleines Motorboot heran. Auf dem Vorderdecke einige schwarze und braune Uniformen&#8230;, hinten wallte blutrot eine riesige Fahne&#8230; Boote mit Ruderjugend paddelten um die Wette hinterher&#8230; Auf dem Hinterdeck stand allein in dunklem Anzug, einen Arm quer \u00fcber die Brust gelegt, den anderen so darauf gest\u00fctzt, da\u00df das Kinn darin ruhte, baarh\u00e4uptig, mit der charakteristischen Locke, ein tiefes Sinnen versunkender <\/em><em>Mann&#8230;<\/em><em> Das war der Mann, bis zu dem ich meine Bitte vergeblich zu tragen mich auf jede nur denkbare Weise bem\u00fcht hatte&#8230; \u00dcberall in seinen Vorzimmern hatte man mich abgefangen und abgewiesen, weil ich &#8211; nicht seiner Partei angeh\u00f6rte&#8230; Das Boot glitt vorbei, &#8211; vom jenseitigen Ufer jubelten ihm Menschen zu&#8230; Er stand und sann.<\/em><\/span><\/p>\n<p style=\"text-align: justify;\"><span style=\"font-family: arial, helvetica, sans-serif; font-size: 12pt;\"><em>Und noch jahrelang habe ich versucht, in Berlin, M\u00fcnchen und Berchtesgaden, ihm meinen Fall mit der Bitte um baldige und gerechte Entscheidung selbst vorzutragen, weil ich noch an Gerechtigkeit glaubte&#8230; Alles vergebens&#8230;<\/em><\/span><\/p>\n<p style=\"text-align: justify;\"><span style=\"font-family: arial, helvetica, sans-serif; font-size: 12pt;\"><em>Und als ich nach Hause zur\u00fcckkehrte und meiner Frau berichtet hatte, schlo\u00df ich ahnungsvoll die Worte daran: \u201cMir scheint auch er ein Meteor, das flammend aufsteigt und dann &#8211; zerplatzt. J\u00e4hen Aufstieg k\u00f6nnen Deutsche selten vertragen. Zu leicht erliegen sie dann der Hybris, dem Gr\u00f6\u00dfenwahn&#8230;\u201d<\/em><\/span><\/p>\n<p style=\"text-align: justify;\"><span style=\"font-family: arial, helvetica, sans-serif; font-size: 12pt;\"><em>\u201dStill\u201d, antwortete meine Frau, \u201cDu redest Dich um Kopf und Kragen&#8230;!<\/em>\u201d<\/span><\/p>\n<\/blockquote>\n<p style=\"text-align: justify;\"><span style=\"font-family: arial, helvetica, sans-serif; font-size: 12pt;\">Und Weiteres \u00fcber sein Schicksal auf Seite 23, seine Gesamthabe ging,<\/span><\/p>\n<blockquote>\n<p style=\"text-align: justify;\"><span style=\"font-family: arial, helvetica, sans-serif; font-size: 12pt;\">\u201c<em>verloren, als ich in meinem sudetenl\u00e4ndischen Revier am Fu\u00dfe der Schneekoppe von den Tschechen enteignet und ausgewiesen wurde&#8230;\u201d<\/em><\/span><\/p>\n<\/blockquote>\n<p style=\"text-align: justify;\"><span style=\"font-family: arial, helvetica, sans-serif; font-size: 12pt;\">Mit verlorengegangen auch Bilder und vermutlich auch andere Erinnerungsst\u00fccke an den Grunewald.<\/span><\/p>\n<p style=\"text-align: justify;\"><span style=\"font-family: arial, helvetica, sans-serif; font-size: 12pt;\">Alexander Schmook verstarb 1969.<\/span><\/p>\n<p style=\"text-align: justify;\"><span style=\"font-family: arial, helvetica, sans-serif; font-size: 12pt;\">Mehr \u00fcber ihn bitte auf Wikipedia:<\/span><br \/>\n<span style=\"font-family: arial, helvetica, sans-serif; font-size: 12pt;\"><a id=\"Text58Link1\" href=\"http:\/\/de.wikipedia.org\/wiki\/Alexander_Schmook\" target=\"_blank\" rel=\"noopener noreferrer\">http:\/\/de.wikipedia.org\/wiki\/Alexander_Schmook<\/a><\/span><\/p>\n<p style=\"text-align: justify;\"><span style=\"font-family: arial, helvetica, sans-serif; font-size: 12pt;\">Falls jemand mehr \u00fcber Herrn Schmoook wei\u00df oder vielleicht sogar weitere Fotos von ihm hat, bitte melden.<\/span><\/p>\n<div class=\"notranslate\" style=\"all: initial;\">&nbsp;<\/div>\n","protected":false},"excerpt":{"rendered":"<p>&nbsp; Alexander Schmook war fr\u00fcher einmal der Forstmeister des Grunewaldes. 1950 hat er unter dem Titel &#8222;Es war einmal im Grunewald&#8230; Jagdliche Erinnerungen und Plauderein&hellip;<\/p>\n","protected":false},"author":1,"featured_media":0,"parent":361,"menu_order":0,"comment_status":"closed","ping_status":"closed","template":"","meta":{"ngg_post_thumbnail":0,"iawp_total_views":28,"footnotes":""},"class_list":["post-583","page","type-page","status-publish","hentry"],"_links":{"self":[{"href":"https:\/\/forst-grunewald.de\/index.php?rest_route=\/wp\/v2\/pages\/583","targetHints":{"allow":["GET"]}}],"collection":[{"href":"https:\/\/forst-grunewald.de\/index.php?rest_route=\/wp\/v2\/pages"}],"about":[{"href":"https:\/\/forst-grunewald.de\/index.php?rest_route=\/wp\/v2\/types\/page"}],"author":[{"embeddable":true,"href":"https:\/\/forst-grunewald.de\/index.php?rest_route=\/wp\/v2\/users\/1"}],"replies":[{"embeddable":true,"href":"https:\/\/forst-grunewald.de\/index.php?rest_route=%2Fwp%2Fv2%2Fcomments&post=583"}],"version-history":[{"count":44,"href":"https:\/\/forst-grunewald.de\/index.php?rest_route=\/wp\/v2\/pages\/583\/revisions"}],"predecessor-version":[{"id":43757,"href":"https:\/\/forst-grunewald.de\/index.php?rest_route=\/wp\/v2\/pages\/583\/revisions\/43757"}],"up":[{"embeddable":true,"href":"https:\/\/forst-grunewald.de\/index.php?rest_route=\/wp\/v2\/pages\/361"}],"wp:attachment":[{"href":"https:\/\/forst-grunewald.de\/index.php?rest_route=%2Fwp%2Fv2%2Fmedia&parent=583"}],"curies":[{"name":"wp","href":"https:\/\/api.w.org\/{rel}","templated":true}]}}

<p>&nbsp;</p>
<figure id="attachment_6450" aria-describedby="caption-attachment-6450" style="width: 372px" class="wp-caption alignright"><a href="https://forst-grunewald.de/wp-content/uploads/1939-Alexander-Schmook-aklein.jpg" target="_blank" rel="noopener noreferrer"><img loading="lazy" decoding="async" class="wp-image-6450 " src="https://forst-grunewald.de/wp-content/uploads/1939-Alexander-Schmook-aklein.jpg" alt="Herzlichen Dank für die Übermittlung an Herrn Dr. Lorenz Stark" width="372" height="448" srcset="https://forst-grunewald.de/wp-content/uploads/1939-Alexander-Schmook-aklein.jpg 755w, https://forst-grunewald.de/wp-content/uploads/1939-Alexander-Schmook-aklein-124x150.jpg 124w, https://forst-grunewald.de/wp-content/uploads/1939-Alexander-Schmook-aklein-249x300.jpg 249w, https://forst-grunewald.de/wp-content/uploads/1939-Alexander-Schmook-aklein-400x481.jpg 400w" sizes="auto, (max-width: 372px) 100vw, 372px" /></a><figcaption id="caption-attachment-6450" class="wp-caption-text"><span style="font-family: arial, helvetica, sans-serif; font-size: 10pt;">Herzlichen Dank für die Übermittlung an Herrn Dr. Lorenz Stark</span></figcaption></figure>
<p style="text-align: justify;"><span style="font-family: arial, helvetica, sans-serif; font-size: 12pt;">Alexander Schmook war früher einmal der Forstmeister des Grunewaldes. 1950 hat er unter dem Titel <a href="https://forst-grunewald.de/?page_id=361" target="_blank" rel="noopener noreferrer">&#8222;Es war einmal im Grunewald&#8230; Jagdliche Erinnerungen und Plauderein des letzten Grunewaldforstmeisters&#8220;</a> über seine Arbeit ein Buch veröffentlicht.</span></p>
<p style="text-align: justify;"><span style="font-family: arial, helvetica, sans-serif; font-size: 12pt;">Zum einen enthält das Werk, wie der Titel schon sagt, viele &#8222;Jagdgeschichten&#8220; (Auszug <a href="https://forst-grunewald.de/?page_id=576" target="_blank" rel="noopener noreferrer">hier</a>), dessen Lesung mir deswegen allerdings weniger Freude bereitet. Interessant ist allerdings der lebendige Sprachstil. Zum anderen ist das Werk aber denn auch eines der wichtigsten Schilderungen über den Grunewald in früheren Zeiten und</span></p>
<ul>
<li style="text-align: justify;"><span style="font-family: arial, helvetica, sans-serif; font-size: 12pt;"><strong>je mehr Zeit vergeht, desto mehr muss man Herrn Schmook dankbar dafür sein, dass er sein Buch geschrieben hat!</strong></span></li>
</ul>
<p style="text-align: justify;"><span style="font-family: arial, helvetica, sans-serif; font-size: 12pt;">Auf den Seiten 13 und 17 seines Buches ist zu entnehmen, dass seine Amtszeit vom <strong>01. April </strong><strong>1929 &#8211; 1934</strong> dauerte. Nach der Machtübernahme der Nationalsozialisten hat er sein Amt verloren, über den Grund schreibt er auf Seite 13, dass er</span></p>
<blockquote><p><span style="font-family: arial, helvetica, sans-serif; font-size: 12pt;"><em>&#8222;1934 auf Betreiben oder mit Hilfe der Partei von seiner Stelle weichen mußte, weil er ihr nicht angehörte</em>.&#8220;</span></p></blockquote>
<p style="text-align: justify;"><span style="font-family: arial, helvetica, sans-serif; font-size: 12pt;">Über sein Ausscheiden aus dem Dienst schreibt er auf den Seiten 246-248 folgendes:</span></p>
<blockquote>
<p style="text-align: justify;"><span style="font-family: arial, helvetica, sans-serif; font-size: 12pt;">“<strong>Der kleine braune Meteorit. Und &#8211; der große &#8212; !</strong>”</span></p>
<p style="text-align: justify;"><span style="font-family: arial, helvetica, sans-serif; font-size: 12pt;"><em>Kurz nach der braunen “Machtübernahme” wurde ich aus meiner lebenslänglichen Anstellung bei meiner Heimatstadt wegen Nichtzugehörigkeit zur Partei zunächst vom Dienst suspendiert. </em></span></p>
<p style="text-align: justify;"><span style="font-family: arial, helvetica, sans-serif; font-size: 12pt;"><em>Auf dem Wege zu meinem Rechtsanwalt, der mit mir bemüht war, ein von mir gegen mich selbst beantragtens Disziplinarverfahren im ordentlichen Rechtswege durchzusetzen, stieß ich unweit meiner Wohnung im Wald auf zwei braune Reiter mit allerhand “Lametta”. In dem Reiter zur Linken erkannte ich einen der Söhne des letzten Kaisers, der im&nbsp; Kriege 1914/18 als Oberst ein Regiment geführt hatte, in dem zur Rechten einen Portierssohn aus der Kolonie Grunewald, von dem mir bekannt war, daß er seine braune Karriere dem &#8211; 17. Mai verdankte. Durch seine Stiefelsammlung für die <a href="https://de.wikipedia.org/wiki/Sturmabteilung" target="_blank" rel="noopener noreferrer">SA</a> und den bald darauf erfolgenden Ankauf eines Luxusautos und die Einrichtung eines feudalen SA-Kasions in der Grunewalder Bismarckalle hatte er sich “einen Namen” gemacht. Mir als altem Pferdenarr und gedientem Kavalleristen fiel seine klägliche Haltung auf dem Pferde beim Antraben auf&#8230;</em></span></p>
<p style="text-align: justify;"><span style="font-family: arial, helvetica, sans-serif; font-size: 12pt;"><em>Einige Wochen oder Monate später ging ich am Restaurant Hundekehle vorbei zu meinem Anwalt. Da wurde in dem beliebten Ausflugslokal eine große Hochzeit gefeiert. Es war &#8211; der wackelige Reitersmann&#8230; Hoch ging es her. Bei dem schönen Wetter saßen die Gäste auf den Freiterrassen. Gerade hielt <a id="Zelle135Link2" href="http://de.wikipedia.org/wiki/Hermann_G%C3%B6ring" target="_blank" rel="noopener noreferrer">Göring</a> eine Rede auf das Hochzeitspaar in der bekannten Weise und Aufmachung&#8230;Und als ich am Nachmittag spät zurückkam, wurde noch immer gefeiert. Der jetzige Festredner war aber, nach Verschwinden Görings, der <a id="Zelle135Link3" href="http://de.wikipedia.org/wiki/Joseph_Goebbels" target="_blank" rel="noopener noreferrer">Propagandaminister</a>&#8230; </em></span></p>
<p style="text-align: justify;"><span style="font-family: arial, helvetica, sans-serif; font-size: 12pt;"><em>Vier Monate später verhaftete man in Cuxhaven das junge Paar, das schon Fahrkarten und Ausweise zur Abreise nach Chile bei sich hatte&#8230; </em><em>So rasch erfüllte sich hier, was ich meiner Frau gesagt hatte an jenem Tage, da ich die beiden Reiter antraf: “Da geht ein Meteorit auf! Ob es wohl lange dauern wird, bis er zerplatzt?”</em></span></p>
<p style="text-align: justify;"><span style="font-family: arial, helvetica, sans-serif; font-size: 12pt;"><em>Und auch der <a id="Zelle135Link4" href="http://de.wikipedia.org/wiki/Adolf_Hitler" target="_blank" rel="noopener noreferrer">große braune Meteorit</a> begegnete mir einmal im Grunewalde&#8230;</em></span></p>
<p style="text-align: justify;"><span style="font-family: arial, helvetica, sans-serif; font-size: 12pt;"><em>Ich ging allein am Stölpchenseekanal entlang in Gedanken&#8230;</em><em> Noch immer rang ich vergeblich um mein Recht und Wiedergutmachung. Fast ein Jahr schon. Man hielt mich hin und im Ungewissen. Das von mir beantragte Disziplinarverfahren gegen mich selbst hatte man kurzerhand abgelehnt, Gehalt und Pension verweigert bis zur Entscheidung, mir die Wohnung aufgekündigt. In solchen Sorgen um die Zukunft meiner Familie ging ich dahin&#8230; Geschrei in meinem Rücken ließ mich aufhorchen&#8230; Auf dem schmalen Kanal brauste ein schnittiges kleines Motorboot heran. Auf dem Vorderdecke einige schwarze und braune Uniformen&#8230;, hinten wallte blutrot eine riesige Fahne&#8230; Boote mit Ruderjugend paddelten um die Wette hinterher&#8230; Auf dem Hinterdeck stand allein in dunklem Anzug, einen Arm quer über die Brust gelegt, den anderen so darauf gestützt, daß das Kinn darin ruhte, baarhäuptig, mit der charakteristischen Locke, ein tiefes Sinnen versunkender </em><em>Mann&#8230;</em><em> Das war der Mann, bis zu dem ich meine Bitte vergeblich zu tragen mich auf jede nur denkbare Weise bemüht hatte&#8230; Überall in seinen Vorzimmern hatte man mich abgefangen und abgewiesen, weil ich &#8211; nicht seiner Partei angehörte&#8230; Das Boot glitt vorbei, &#8211; vom jenseitigen Ufer jubelten ihm Menschen zu&#8230; Er stand und sann.</em></span></p>
<p style="text-align: justify;"><span style="font-family: arial, helvetica, sans-serif; font-size: 12pt;"><em>Und noch jahrelang habe ich versucht, in Berlin, München und Berchtesgaden, ihm meinen Fall mit der Bitte um baldige und gerechte Entscheidung selbst vorzutragen, weil ich noch an Gerechtigkeit glaubte&#8230; Alles vergebens&#8230;</em></span></p>
<p style="text-align: justify;"><span style="font-family: arial, helvetica, sans-serif; font-size: 12pt;"><em>Und als ich nach Hause zurückkehrte und meiner Frau berichtet hatte, schloß ich ahnungsvoll die Worte daran: “Mir scheint auch er ein Meteor, das flammend aufsteigt und dann &#8211; zerplatzt. Jähen Aufstieg können Deutsche selten vertragen. Zu leicht erliegen sie dann der Hybris, dem Größenwahn&#8230;”</em></span></p>
<p style="text-align: justify;"><span style="font-family: arial, helvetica, sans-serif; font-size: 12pt;"><em>”Still”, antwortete meine Frau, “Du redest Dich um Kopf und Kragen&#8230;!</em>”</span></p>
</blockquote>
<p style="text-align: justify;"><span style="font-family: arial, helvetica, sans-serif; font-size: 12pt;">Und Weiteres über sein Schicksal auf Seite 23, seine Gesamthabe ging,</span></p>
<blockquote>
<p style="text-align: justify;"><span style="font-family: arial, helvetica, sans-serif; font-size: 12pt;">“<em>verloren, als ich in meinem sudetenländischen Revier am Fuße der Schneekoppe von den Tschechen enteignet und ausgewiesen wurde&#8230;”</em></span></p>
</blockquote>
<p style="text-align: justify;"><span style="font-family: arial, helvetica, sans-serif; font-size: 12pt;">Mit verlorengegangen auch Bilder und vermutlich auch andere Erinnerungsstücke an den Grunewald.</span></p>
<p style="text-align: justify;"><span style="font-family: arial, helvetica, sans-serif; font-size: 12pt;">Alexander Schmook verstarb 1969.</span></p>
<p style="text-align: justify;"><span style="font-family: arial, helvetica, sans-serif; font-size: 12pt;">Mehr über ihn bitte auf Wikipedia:</span><br />
<span style="font-family: arial, helvetica, sans-serif; font-size: 12pt;"><a id="Text58Link1" href="http://de.wikipedia.org/wiki/Alexander_Schmook" target="_blank" rel="noopener noreferrer">http://de.wikipedia.org/wiki/Alexander_Schmook</a></span></p>
<p style="text-align: justify;"><span style="font-family: arial, helvetica, sans-serif; font-size: 12pt;">Falls jemand mehr über Herrn Schmoook weiß oder vielleicht sogar weitere Fotos von ihm hat, bitte melden.</span></p>
<div class="notranslate" style="all: initial;">&nbsp;</div>

<p>&nbsp; Alexander Schmook war früher einmal der Forstmeister des Grunewaldes. 1950 hat er unter dem Titel &#8222;Es war einmal im Grunewald&#8230; Jagdliche Erinnerungen und Plauderein&hellip;</p>
