{"id":5580,"date":"2013-12-25T10:53:00","date_gmt":"2013-12-25T09:53:00","guid":{"rendered":"http:\/\/forst-grunewald.de\/?page_id=5580"},"modified":"2024-05-06T08:35:00","modified_gmt":"2024-05-06T07:35:00","slug":"u-bahnwerkstaetten-grunewald","status":"publish","type":"page","link":"https:\/\/forst-grunewald.de\/?page_id=5580","title":{"rendered":"U-Bahnwerkst\u00e4tten Grunewald"},"content":{"rendered":"<p>Die U-Bahnwerkst\u00e4tten Grunewald wurden 1913 errichtet. Sie liegen am westlichen Rand des &#8222;<a href=\"https:\/\/forst-grunewald.de\/?page_id=4659\" target=\"_blank\" rel=\"noopener noreferrer\">Breite Berg<\/a>&#8222;, kurz vor der ehemaligen Spandauer-Berg-Brauerei.<\/p>\n<p>Dankbarerweise weist ihr Name &#8222;U-Bahnwerkst\u00e4tten Grunewald&#8220; darauf hin, dass sie sich am n\u00f6rdlichen Rand des ehemaligen Grunewaldes befinden. W\u00fcrde man die Werkst\u00e4tten erst heute anlegen, so erhielten sie evtl. die Namen Werkst\u00e4tten &#8222;Ruhleben&#8220;, &#8222;Westend&#8220; oder &#8222;Charlottenburg&#8220;, denn durch die Ausdehnung der Stadt ist es nur noch mit geschichtlicher Ortskenntnis nachvollziehbar, dass die Werkst\u00e4tten und die beiden U-Bahnh\u00f6fe &#8222;Ruhleben&#8220; und &#8222;Olympiastadion&#8220; direkt am Rand des urspr\u00fcnglichen Grunewaldgebietes liegen.&nbsp; Und, wenn ich mich auch hinsichtlich des den Grunewald durchschneidenden <a href=\"https:\/\/forst-grunewald.de\/?page_id=23\" target=\"_blank\" rel=\"noopener noreferrer\">Autoverkehrs<\/a> kritisch ge\u00e4u\u00dfert habe, in diesem Fall ist die Anlage der U-Bahnh\u00f6fe und der U-Bahnwerkst\u00e4tten unaufdringlich gelungen.<\/p>\n<p>Mit den beiden Bahnh\u00f6fen und dem Betriebswerk verbinde ich au\u00dferdem Kindheitserinnerungen. Meine Familie wohnte in Staaken und wenn wir damals &#8222;in die Stadt&#8220; gefahren sind, bedeutete dies, dass die Spandauer Altstadt. Wenn man zum Ku&#8217;Damm oder etwa zum Nollendorfplatz in Sch\u00f6neberg wollte, dann sagte man, wir fahren &#8222;nach Berlin&#8220;, oder eben &#8222;nach Sch\u00f6neberg&#8220;.&nbsp; Meine Patentante wohnte in Sch\u00f6neberg, unweit des <a href=\"http:\/\/de.wikipedia.org\/wiki\/U-Bahnhof_Nollendorfplatz\" target=\"_blank\" rel=\"noopener noreferrer\">U-Bahnhofes Nollendorfplatz<\/a> und des Winterfeldplatzes. Wenn wir zu ihre fuhren, mussten wir zun\u00e4chst immer von Staaken aus mit der Buslinie 31 oder 80 bis zum U-Bahnhof Ruhleben fahren und von dort dann in die U-Bahn umsteigen. Dann begann f\u00fcr mich als kleinen Jungen immer der H\u00f6hepunkt &#8222;der kleinen Reise&#8220;. Denn ich hatte zu Hause eine Fleischmann HO-Eisenbahnplatte, war also Eisenbahnfan, und bei den Werkst\u00e4tten vorbei zu fahren, hat mir ausgesprochen viel Spa\u00df gemacht. Ich kniete mich dann immer auf die Sitzbank um beim vorbeifahren auch ja kein Detail zu verpassen. Nach verlassen des Bahnhofes Olympiastadion ging es dann leider &#8222;in den Untergrund&#8220;, die Zugbeleuchtung flackerte auf und au\u00dfen dann pl\u00f6tzlich nur noch &#8222;Schw\u00e4rze&#8220;, daf\u00fcr spiegelte sich dann nur noch mein Gesicht im Fenster. Ja, und dann begann wieder der langweilige Teil der kleinen Reise zu meiner Patentante und ihrer Familie, wo ich aber immer sehr gerne war, denn sie hatte \u00e4ltere Kinder, die sehr nett zu mir waren und au\u00dferdem gab es Coca-Cola und das Leben &#8222;in Berlin&#8220;, insbesondere zu Sylvester,&nbsp; war aus Sicht eines kleinen Jungen doch sehr viel aufregender als im l\u00e4ndlichen staakener Spandau.<\/p>\n<p>Urspr\u00fcnglich war mal geplant, die U-Bahn von Ruhleben bis nach Spandau zu verl\u00e4ngern, was bisher aber nicht umgesetzt wurde. Daf\u00fcr wurde 1984 der <a href=\"http:\/\/de.wikipedia.org\/wiki\/U-Bahnhof_Altstadt_Spandau\" target=\"_blank\" rel=\"noopener noreferrer\">U-Bahnhof Spandau<\/a> mit der Linienanbindung \u00fcber Siemensstadt gebaut.<\/p>\n<p>Die Arbeitsgemeinschaft Berliner U-Bahn betreibt im alten Stellwerkgeb\u00e4ude ein <a href=\"http:\/\/www.ag-berliner-u-bahn.de\/index.php\/museum\" target=\"_blank\" rel=\"noopener noreferrer\">U-Bahn-Museum<\/a>. Es hat jeweils am <strong>2. Samstag im Monat<\/strong> in der Zeit von <strong>10:30 bis 16:00 Uhr<\/strong> ge\u00f6ffnet. Der Eingang&nbsp;zum U-Bahn-Museum befindet sich direkt in der Empfangshalle am U-Bahnhof Olympiastadion an der U2.<\/p>\n<ul>\n<li><a href=\"http:\/\/www.bvg.de\/index.php\/de\/103842\/name\/Pressemitteilungen\/article\/1262856.html\" target=\"_blank\" rel=\"noopener noreferrer\">2013<\/a> &#8211; BVG &#8222;Er\u00f6ffnung der U-Bahnwerkstatt Halle 4 in Grunewald&#8220;<\/li>\n<\/ul>\n<p>&nbsp;<\/p>\nngg_shortcode_0_placeholder\n<p>&nbsp;<\/p>\n<p>&nbsp;<\/p>\n<p>&nbsp;<\/p>\n","protected":false},"excerpt":{"rendered":"<p>Die U-Bahnwerkst\u00e4tten Grunewald wurden 1913 errichtet. Sie liegen am westlichen Rand des &#8222;Breite Berg&#8222;, kurz vor der ehemaligen Spandauer-Berg-Brauerei. Dankbarerweise weist ihr Name &#8222;U-Bahnwerkst\u00e4tten Grunewald&#8220;&hellip;<\/p>\n","protected":false},"author":1,"featured_media":0,"parent":23,"menu_order":0,"comment_status":"closed","ping_status":"closed","template":"template\/full-width.php","meta":{"ngg_post_thumbnail":0,"iawp_total_views":25,"footnotes":""},"class_list":["post-5580","page","type-page","status-publish","hentry"],"_links":{"self":[{"href":"https:\/\/forst-grunewald.de\/index.php?rest_route=\/wp\/v2\/pages\/5580","targetHints":{"allow":["GET"]}}],"collection":[{"href":"https:\/\/forst-grunewald.de\/index.php?rest_route=\/wp\/v2\/pages"}],"about":[{"href":"https:\/\/forst-grunewald.de\/index.php?rest_route=\/wp\/v2\/types\/page"}],"author":[{"embeddable":true,"href":"https:\/\/forst-grunewald.de\/index.php?rest_route=\/wp\/v2\/users\/1"}],"replies":[{"embeddable":true,"href":"https:\/\/forst-grunewald.de\/index.php?rest_route=%2Fwp%2Fv2%2Fcomments&post=5580"}],"version-history":[{"count":11,"href":"https:\/\/forst-grunewald.de\/index.php?rest_route=\/wp\/v2\/pages\/5580\/revisions"}],"predecessor-version":[{"id":41587,"href":"https:\/\/forst-grunewald.de\/index.php?rest_route=\/wp\/v2\/pages\/5580\/revisions\/41587"}],"up":[{"embeddable":true,"href":"https:\/\/forst-grunewald.de\/index.php?rest_route=\/wp\/v2\/pages\/23"}],"wp:attachment":[{"href":"https:\/\/forst-grunewald.de\/index.php?rest_route=%2Fwp%2Fv2%2Fmedia&parent=5580"}],"curies":[{"name":"wp","href":"https:\/\/api.w.org\/{rel}","templated":true}]}}