{"id":5530,"date":"2013-11-21T12:47:08","date_gmt":"2013-11-21T11:47:08","guid":{"rendered":"http:\/\/forst-grunewald.de\/?page_id=5530"},"modified":"2024-05-06T07:52:27","modified_gmt":"2024-05-06T06:52:27","slug":"messe","status":"publish","type":"page","link":"https:\/\/forst-grunewald.de\/?page_id=5530","title":{"rendered":"Messegel\u00e4nde"},"content":{"rendered":"<figure id=\"attachment_5557\" aria-describedby=\"caption-attachment-5557\" style=\"width: 640px\" class=\"wp-caption alignright\"><a href=\"https:\/\/forst-grunewald.de\/wp-content\/uploads\/1936-Adler-Messe-Berlin-klein.jpg\" target=\"_blank\" rel=\"noopener noreferrer\"><img loading=\"lazy\" decoding=\"async\" class=\"size-large wp-image-5557 \" style=\"border: 1px solid black;\" src=\"https:\/\/forst-grunewald.de\/wp-content\/uploads\/1936-Adler-Messe-Berlin-klein-1024x679.jpg\" alt=\"1936 Adler Messe Berlin klein\" width=\"640\" height=\"424\" srcset=\"https:\/\/forst-grunewald.de\/wp-content\/uploads\/1936-Adler-Messe-Berlin-klein-1024x679.jpg 1024w, https:\/\/forst-grunewald.de\/wp-content\/uploads\/1936-Adler-Messe-Berlin-klein-150x99.jpg 150w, https:\/\/forst-grunewald.de\/wp-content\/uploads\/1936-Adler-Messe-Berlin-klein-300x198.jpg 300w, https:\/\/forst-grunewald.de\/wp-content\/uploads\/1936-Adler-Messe-Berlin-klein-400x265.jpg 400w, https:\/\/forst-grunewald.de\/wp-content\/uploads\/1936-Adler-Messe-Berlin-klein.jpg 1600w\" sizes=\"auto, (max-width: 640px) 100vw, 640px\" \/><\/a><figcaption id=\"caption-attachment-5557\" class=\"wp-caption-text\">Betriebsf\u00e4higer <a href=\"http:\/\/de.wikipedia.org\/wiki\/Adler_%28Lokomotive%29\" target=\"_blank\" rel=\"noopener noreferrer\">Adler<\/a>-Nachbau zur Olympiade 1936 auf dem Messegel\u00e4nde, im Hintergrund die im Bau befindliche Haupt-Eingangshalle an der Ostpreu\u00dfenallee-<a href=\"http:\/\/de.wikipedia.org\/wiki\/Masurenallee\" target=\"_blank\" rel=\"noopener noreferrer\">Masurenallee<\/a>&#8211;<a href=\"https:\/\/www.berlin.de\/ba-charlottenburg-wilmersdorf\/bezirk\/lexikon\/hammarskjldplatz.html\" target=\"_blank\" rel=\"noopener noreferrer\">Hammarskj\u00f6ldplatz<\/a>.<br \/>In der Galerie befindet sich au\u00dferdem noch eine <a href=\"https:\/\/forst-grunewald.de\/wp-content\/gallery\/messe-gelaende\/1961-messe-berlin-industrieausstellung-klein.jpg\" target=\"_blank\" rel=\"noopener noreferrer\">Ansichtskartenabbildung<\/a> eines nicht betriebsf\u00e4higen Nachbaus aus den 1950er Jahren.<\/figcaption><\/figure>\n<p style=\"text-align: justify;\"><span style=\"color: #000000;\">Ansonsten ist das Messegel\u00e4nde r\u00e4umlich betrachtet leider ein kleines \u201c<span style=\"color: #4545b9;\"><a href=\"http:\/\/de.wikipedia.org\/wiki\/Schwarzes_Loch\" target=\"_blank\" rel=\"noopener noreferrer\"><span style=\"color: #4545b9;\">Schwarzes Loch<\/span><\/a><\/span>\u201d. \u00dcber die Jahrzehnte betrachtet breitet sich das Gel\u00e4nde kontinuierlich aus und verschluckt auch eigene Raumreserven. Es wird die Frage sein, wann die Fl\u00e4chenreserven letztendlich ersch\u00f6pft sein werden.<\/span><\/p>\n<p style=\"text-align: justify;\"><span style=\"color: #000000;\">Um das Gel\u00e4nde und seine Entwicklung wirklich umfassend zu dokumentieren, bedarf es eigentlich einer eigenen Website. Das Gel\u00e4nde selbst, als am ehemaligen Rande des urspr\u00fcnglichen Grunewaldes gelegen, ist jedoch nicht das eigentliche Thema dieses Portals \u00fcber den \u201cForst Grundwald\u201d. Daher hier nur noch zwei Punkte, welche ich f\u00fcr besonders erw\u00e4hnenswert halte:<\/span><\/p>\n<ol>\n<li style=\"text-align: justify;\"><span style=\"text-decoration: underline; color: #000000;\"><strong>Exerzierplatz:<\/strong><\/span><br \/>\n<span style=\"color: #000000;\"> Im Bereich ders heutigen Bus-Bahnhofs und Messegel\u00e4ndes befand sich fr\u00fcher ein Exerzierplatz sowie <span style=\"color: #4545b9;\"><a href=\"https:\/\/forst-grunewald.de\/?page_id=5408\" target=\"_blank\" rel=\"noopener noreferrer\"><span style=\"color: #4545b9;\">Schie\u00dfst\u00e4nde<\/span><\/a><\/span>. Der Exerzierplatz wurde (<span style=\"color: #4545b9;\"><a href=\"https:\/\/forst-grunewald.de\/wp-content\/gallery\/schiessstaende-westend\/1891-kiessling-schiessstaende-2.jpg\" target=\"_blank\" rel=\"noopener noreferrer\"><span style=\"color: #4545b9;\">1891<\/span><\/a><\/span>) von der <span style=\"color: #4545b9;\"><a href=\"http:\/\/de.wikipedia.org\/wiki\/Regiment_der_Gardes_du_Corps\" target=\"_blank\" rel=\"noopener noreferrer\"><span style=\"color: #4545b9;\">Garde du Corps<\/span><\/a><\/span> genutzt. Nach der Bebauung des Gel\u00e4ndes, wurde der Exerzierplatz nach S\u00fcden verlegt (<span style=\"color: #4545b9;\"><a href=\"https:\/\/forst-grunewald.de\/wp-content\/gallery\/schiessstaende-westend\/1902-grunewald-pharus-stabi-schiessstaende.jpg\" target=\"_blank\" rel=\"noopener noreferrer\"><span style=\"color: #4545b9;\">1902<\/span><\/a><\/span>\/<span style=\"color: #4545b9;\"><a href=\"https:\/\/forst-grunewald.de\/wp-content\/gallery\/schiessstaende-westend\/1904-pharus-schiessstaende-1.jpg\" target=\"_blank\" rel=\"noopener noreferrer\"><span style=\"color: #4545b9;\">1904<\/span><\/a><\/span>), in etwa in den Bereich der 1935 erbauten und 2011 abgerissenen <span style=\"color: #4545b9;\"><a href=\"https:\/\/forst-grunewald.de\/wp-content\/gallery\/messe-gelaende\/1937-04-10-deutschlandhalle-klein.jpg\" target=\"_blank\" rel=\"noopener noreferrer\"><span style=\"color: #4545b9;\">Deutschlandhalle<\/span><\/a><\/span>. Mit der Verlegung des Exerzierplatzes wurden anscheinend die Schie\u00dfst\u00e4nde entfernt.<\/span><br \/>\n<span style=\"color: #000000;\"> Die Gel\u00e4ndeentwicklung kann anhand der Galerie nachvollzogen werden.<br \/>\n<span style=\"color: #ffffff;\">.<\/span><br \/>\n<\/span><\/li>\n<li style=\"text-align: justify;\"><span style=\"text-decoration: underline;\"><strong>1925 Der Wettbewerb f\u00fcr das Messe und Ausstellungsgel\u00e4nde &#8211; Sieger &#8222;Berlin bleibt Berlin&#8220; von Prof. Heinrich Straumer:<\/strong><\/span><br \/>\nBeigef\u00fcgt habe ich als Schlaglicht auf das Ausschreibungsverfahren eine Galerie mit Entw\u00fcrfen, welche in der Deutschen Bauzeitung Nummer 12 vom 10.02.1926 und Nummer 15 vom 20.02.1926 ver\u00f6ffentlicht wurden. Es kann durchaus sein, dass noch weitere Entw\u00fcrfe ver\u00f6ffentlicht wurden, aber mir liegen nur diese beiden Ausgaben vor.<br \/>\nAbgebildet ist auch der 1. Preis von Prof. Heinrich Straumer unter dem Kennwort: &#8222;Berlin bleibt Berlin&#8220;.<br \/>\n<span style=\"color: #ffffff;\"> .<\/span><\/li>\n<li><span style=\"color: #000000;\"><span style=\"text-decoration: underline;\"><strong>1936 KDF-Stadt zur Olympiade<\/strong><\/span>:<\/span><br \/>\n<span style=\"color: #000000;\"><span style=\"color: #000000;\"> Zur Zeit der Olympischen Spiele im Berliner Olympiastadion, befand sich auf dem heutigen Messegel\u00e4nde eine &#8222;<strong>K<\/strong>raft <strong>d<\/strong>urch <strong>F<\/strong>reude &#8211; Stadt&#8220;. <\/span><\/span><span style=\"color: #000000;\"><span style=\"color: #000000;\">Was ich bisher an Bildern zusammentragen konnte, befindet sich unten in der eigenen Galerie. Als weitere Quellen sind zu nennen:<br \/>\n<span style=\"color: #ffffff;\">.<\/span><br \/>\n<\/span><\/span><\/p>\n<ol style=\"text-align: justify;\">\n<li><span style=\"color: #000000;\">Ein Kurzfilm von 12 Minuten: &#8222;<span class=\"hr3rot\">Die KDF-Stadt &#8211; <\/span><span class=\"13b\">Eine Frohe Erinnerung an die 11. Olympiade in Berlin&#8220; Regie: Otto Geiger, 1936. Das <span style=\"color: #4545b9;\"><a href=\"http:\/\/www.dhm.de\/kino\/filme2005_01.html\" target=\"_blank\" rel=\"noopener noreferrer\"><span style=\"color: #4545b9;\">Deutsche Historische Museum<\/span><\/a><\/span> \u00fcber diesen Film:<br \/>\n<\/span>&#8222;<em>In Berlin sollte die &#8222;KdF-Stadt&#8220; (Kraft durch Freude) 1936 jedem &#8222;deutschen Volksgenossen&#8220; den Besuch der Olympischen Spielen erm\u00f6glichen. In den eigens erbauten H\u00e4usern in der N\u00e4he des Berliner Olympiastadions wurden g\u00fcnstige Unterk\u00fcnfte und Verpflegung angeboten.<\/em>&#8222;<\/span><\/li>\n<li><span style=\"color: #000000;\">Auf einer heute anscheinend nicht mehr bestehenden Webseite des &#8222;CSU Ortsverband N\u00fcrnberg-Lichtenhof&#8220; fand ich vor einigen Jahren noch folgende Information:<br \/>\n&#8222;<em>Bei der Olympiade 1936 in Berlin waren dort gro\u00dfe Holzhallen als Ausstellungsbauten errichtet worden. Nach der Beendigung der Wettk\u00e4mpfe wurde ein Teil dieser Geb\u00e4ude nach N\u00fcrnberg verbracht und dort als &#8222;KdF-Stadt&#8220; im Nordosten des Reichsparteitagsgel\u00e4nde wieder aufgebaut&#8230;.&#8220;<\/em><\/span><\/li>\n<\/ol>\n<p style=\"text-align: justify;\"><span style=\"color: #000000;\">Die KdF-Stadt befand sich s\u00fcdlich der Wandalenallee. Heute befinden sich dort <\/span><span style=\"color: #ffffff;\"><span style=\"color: #000000;\">Hallengeb\u00e4ude.<\/span><\/span><\/p>\n<p style=\"text-align: justify;\">Kleine Ironie der Geschichte: Am 01. Oktober 2015 wurde in der Messehalle 26, wo sich fr\u00fcher die KdF-Stadt befand, eine Notunterkunft f\u00fcr Fl\u00fcchtlingsmenschen eingerichtet.<\/p>\n<\/li>\n<\/ol>\n<p><span style=\"color: #ffffff;\">.<\/span><\/p>\nngg_shortcode_0_placeholder\n<p>&nbsp;<\/p>\n","protected":false},"excerpt":{"rendered":"<p>Ansonsten ist das Messegel\u00e4nde r\u00e4umlich betrachtet leider ein kleines \u201cSchwarzes Loch\u201d. \u00dcber die Jahrzehnte betrachtet breitet sich das Gel\u00e4nde kontinuierlich aus und verschluckt auch eigene&hellip;<\/p>\n","protected":false},"author":1,"featured_media":0,"parent":0,"menu_order":0,"comment_status":"closed","ping_status":"closed","template":"template\/full-width.php","meta":{"ngg_post_thumbnail":0,"iawp_total_views":72,"footnotes":""},"class_list":["post-5530","page","type-page","status-publish","hentry"],"_links":{"self":[{"href":"https:\/\/forst-grunewald.de\/index.php?rest_route=\/wp\/v2\/pages\/5530","targetHints":{"allow":["GET"]}}],"collection":[{"href":"https:\/\/forst-grunewald.de\/index.php?rest_route=\/wp\/v2\/pages"}],"about":[{"href":"https:\/\/forst-grunewald.de\/index.php?rest_route=\/wp\/v2\/types\/page"}],"author":[{"embeddable":true,"href":"https:\/\/forst-grunewald.de\/index.php?rest_route=\/wp\/v2\/users\/1"}],"replies":[{"embeddable":true,"href":"https:\/\/forst-grunewald.de\/index.php?rest_route=%2Fwp%2Fv2%2Fcomments&post=5530"}],"version-history":[{"count":41,"href":"https:\/\/forst-grunewald.de\/index.php?rest_route=\/wp\/v2\/pages\/5530\/revisions"}],"predecessor-version":[{"id":41552,"href":"https:\/\/forst-grunewald.de\/index.php?rest_route=\/wp\/v2\/pages\/5530\/revisions\/41552"}],"wp:attachment":[{"href":"https:\/\/forst-grunewald.de\/index.php?rest_route=%2Fwp%2Fv2%2Fmedia&parent=5530"}],"curies":[{"name":"wp","href":"https:\/\/api.w.org\/{rel}","templated":true}]}}

Messegelände

<figure id="attachment_5557" aria-describedby="caption-attachment-5557" style="width: 640px" class="wp-caption alignright"><a href="https://forst-grunewald.de/wp-content/uploads/1936-Adler-Messe-Berlin-klein.jpg" target="_blank" rel="noopener noreferrer"><img loading="lazy" decoding="async" class="size-large wp-image-5557 " style="border: 1px solid black;" src="https://forst-grunewald.de/wp-content/uploads/1936-Adler-Messe-Berlin-klein-1024x679.jpg" alt="1936 Adler Messe Berlin klein" width="640" height="424" srcset="https://forst-grunewald.de/wp-content/uploads/1936-Adler-Messe-Berlin-klein-1024x679.jpg 1024w, https://forst-grunewald.de/wp-content/uploads/1936-Adler-Messe-Berlin-klein-150x99.jpg 150w, https://forst-grunewald.de/wp-content/uploads/1936-Adler-Messe-Berlin-klein-300x198.jpg 300w, https://forst-grunewald.de/wp-content/uploads/1936-Adler-Messe-Berlin-klein-400x265.jpg 400w, https://forst-grunewald.de/wp-content/uploads/1936-Adler-Messe-Berlin-klein.jpg 1600w" sizes="auto, (max-width: 640px) 100vw, 640px" /></a><figcaption id="caption-attachment-5557" class="wp-caption-text">Betriebsfähiger <a href="http://de.wikipedia.org/wiki/Adler_%28Lokomotive%29" target="_blank" rel="noopener noreferrer">Adler</a>-Nachbau zur Olympiade 1936 auf dem Messegelände, im Hintergrund die im Bau befindliche Haupt-Eingangshalle an der Ostpreußenallee-<a href="http://de.wikipedia.org/wiki/Masurenallee" target="_blank" rel="noopener noreferrer">Masurenallee</a>&#8211;<a href="https://www.berlin.de/ba-charlottenburg-wilmersdorf/bezirk/lexikon/hammarskjldplatz.html" target="_blank" rel="noopener noreferrer">Hammarskjöldplatz</a>.<br />In der Galerie befindet sich außerdem noch eine <a href="https://forst-grunewald.de/wp-content/gallery/messe-gelaende/1961-messe-berlin-industrieausstellung-klein.jpg" target="_blank" rel="noopener noreferrer">Ansichtskartenabbildung</a> eines nicht betriebsfähigen Nachbaus aus den 1950er Jahren.</figcaption></figure>
<p style="text-align: justify;"><span style="color: #000000;">Ansonsten ist das Messegelände räumlich betrachtet leider ein kleines “<span style="color: #4545b9;"><a href="http://de.wikipedia.org/wiki/Schwarzes_Loch" target="_blank" rel="noopener noreferrer"><span style="color: #4545b9;">Schwarzes Loch</span></a></span>”. Über die Jahrzehnte betrachtet breitet sich das Gelände kontinuierlich aus und verschluckt auch eigene Raumreserven. Es wird die Frage sein, wann die Flächenreserven letztendlich erschöpft sein werden.</span></p>
<p style="text-align: justify;"><span style="color: #000000;">Um das Gelände und seine Entwicklung wirklich umfassend zu dokumentieren, bedarf es eigentlich einer eigenen Website. Das Gelände selbst, als am ehemaligen Rande des ursprünglichen Grunewaldes gelegen, ist jedoch nicht das eigentliche Thema dieses Portals über den “Forst Grundwald”. Daher hier nur noch zwei Punkte, welche ich für besonders erwähnenswert halte:</span></p>
<ol>
<li style="text-align: justify;"><span style="text-decoration: underline; color: #000000;"><strong>Exerzierplatz:</strong></span><br />
<span style="color: #000000;"> Im Bereich ders heutigen Bus-Bahnhofs und Messegeländes befand sich früher ein Exerzierplatz sowie <span style="color: #4545b9;"><a href="https://forst-grunewald.de/?page_id=5408" target="_blank" rel="noopener noreferrer"><span style="color: #4545b9;">Schießstände</span></a></span>. Der Exerzierplatz wurde (<span style="color: #4545b9;"><a href="https://forst-grunewald.de/wp-content/gallery/schiessstaende-westend/1891-kiessling-schiessstaende-2.jpg" target="_blank" rel="noopener noreferrer"><span style="color: #4545b9;">1891</span></a></span>) von der <span style="color: #4545b9;"><a href="http://de.wikipedia.org/wiki/Regiment_der_Gardes_du_Corps" target="_blank" rel="noopener noreferrer"><span style="color: #4545b9;">Garde du Corps</span></a></span> genutzt. Nach der Bebauung des Geländes, wurde der Exerzierplatz nach Süden verlegt (<span style="color: #4545b9;"><a href="https://forst-grunewald.de/wp-content/gallery/schiessstaende-westend/1902-grunewald-pharus-stabi-schiessstaende.jpg" target="_blank" rel="noopener noreferrer"><span style="color: #4545b9;">1902</span></a></span>/<span style="color: #4545b9;"><a href="https://forst-grunewald.de/wp-content/gallery/schiessstaende-westend/1904-pharus-schiessstaende-1.jpg" target="_blank" rel="noopener noreferrer"><span style="color: #4545b9;">1904</span></a></span>), in etwa in den Bereich der 1935 erbauten und 2011 abgerissenen <span style="color: #4545b9;"><a href="https://forst-grunewald.de/wp-content/gallery/messe-gelaende/1937-04-10-deutschlandhalle-klein.jpg" target="_blank" rel="noopener noreferrer"><span style="color: #4545b9;">Deutschlandhalle</span></a></span>. Mit der Verlegung des Exerzierplatzes wurden anscheinend die Schießstände entfernt.</span><br />
<span style="color: #000000;"> Die Geländeentwicklung kann anhand der Galerie nachvollzogen werden.<br />
<span style="color: #ffffff;">.</span><br />
</span></li>
<li style="text-align: justify;"><span style="text-decoration: underline;"><strong>1925 Der Wettbewerb für das Messe und Ausstellungsgelände &#8211; Sieger &#8222;Berlin bleibt Berlin&#8220; von Prof. Heinrich Straumer:</strong></span><br />
Beigefügt habe ich als Schlaglicht auf das Ausschreibungsverfahren eine Galerie mit Entwürfen, welche in der Deutschen Bauzeitung Nummer 12 vom 10.02.1926 und Nummer 15 vom 20.02.1926 veröffentlicht wurden. Es kann durchaus sein, dass noch weitere Entwürfe veröffentlicht wurden, aber mir liegen nur diese beiden Ausgaben vor.<br />
Abgebildet ist auch der 1. Preis von Prof. Heinrich Straumer unter dem Kennwort: &#8222;Berlin bleibt Berlin&#8220;.<br />
<span style="color: #ffffff;"> .</span></li>
<li><span style="color: #000000;"><span style="text-decoration: underline;"><strong>1936 KDF-Stadt zur Olympiade</strong></span>:</span><br />
<span style="color: #000000;"><span style="color: #000000;"> Zur Zeit der Olympischen Spiele im Berliner Olympiastadion, befand sich auf dem heutigen Messegelände eine &#8222;<strong>K</strong>raft <strong>d</strong>urch <strong>F</strong>reude &#8211; Stadt&#8220;. </span></span><span style="color: #000000;"><span style="color: #000000;">Was ich bisher an Bildern zusammentragen konnte, befindet sich unten in der eigenen Galerie. Als weitere Quellen sind zu nennen:<br />
<span style="color: #ffffff;">.</span><br />
</span></span></p>
<ol style="text-align: justify;">
<li><span style="color: #000000;">Ein Kurzfilm von 12 Minuten: &#8222;<span class="hr3rot">Die KDF-Stadt &#8211; </span><span class="13b">Eine Frohe Erinnerung an die 11. Olympiade in Berlin&#8220; Regie: Otto Geiger, 1936. Das <span style="color: #4545b9;"><a href="http://www.dhm.de/kino/filme2005_01.html" target="_blank" rel="noopener noreferrer"><span style="color: #4545b9;">Deutsche Historische Museum</span></a></span> über diesen Film:<br />
</span>&#8222;<em>In Berlin sollte die &#8222;KdF-Stadt&#8220; (Kraft durch Freude) 1936 jedem &#8222;deutschen Volksgenossen&#8220; den Besuch der Olympischen Spielen ermöglichen. In den eigens erbauten Häusern in der Nähe des Berliner Olympiastadions wurden günstige Unterkünfte und Verpflegung angeboten.</em>&#8222;</span></li>
<li><span style="color: #000000;">Auf einer heute anscheinend nicht mehr bestehenden Webseite des &#8222;CSU Ortsverband Nürnberg-Lichtenhof&#8220; fand ich vor einigen Jahren noch folgende Information:<br />
&#8222;<em>Bei der Olympiade 1936 in Berlin waren dort große Holzhallen als Ausstellungsbauten errichtet worden. Nach der Beendigung der Wettkämpfe wurde ein Teil dieser Gebäude nach Nürnberg verbracht und dort als &#8222;KdF-Stadt&#8220; im Nordosten des Reichsparteitagsgelände wieder aufgebaut&#8230;.&#8220;</em></span></li>
</ol>
<p style="text-align: justify;"><span style="color: #000000;">Die KdF-Stadt befand sich südlich der Wandalenallee. Heute befinden sich dort </span><span style="color: #ffffff;"><span style="color: #000000;">Hallengebäude.</span></span></p>
<p style="text-align: justify;">Kleine Ironie der Geschichte: Am 01. Oktober 2015 wurde in der Messehalle 26, wo sich früher die KdF-Stadt befand, eine Notunterkunft für Flüchtlingsmenschen eingerichtet.</p>
</li>
</ol>
<p><span style="color: #ffffff;">.</span></p>
ngg_shortcode_0_placeholder
<p>&nbsp;</p>

<p>Ansonsten ist das Messegelände räumlich betrachtet leider ein kleines “Schwarzes Loch”. Über die Jahrzehnte betrachtet breitet sich das Gelände kontinuierlich aus und verschluckt auch eigene&hellip;</p>
