{"id":507,"date":"2012-06-02T17:37:10","date_gmt":"2012-06-02T17:37:10","guid":{"rendered":"http:\/\/forst-grunewald.de\/wordpress\/?page_id=507"},"modified":"2021-04-12T11:38:02","modified_gmt":"2021-04-12T10:38:02","slug":"forst-duppel","status":"publish","type":"page","link":"https:\/\/forst-grunewald.de\/?page_id=507","title":{"rendered":"Forst D\u00fcppel"},"content":{"rendered":"<p style=\"text-align: justify;\">(Fr\u00fchere) Namen:<\/p>\n<ul style=\"text-align: justify;\">\n<li>Stolpe<\/li>\n<li>Glienecksche Werder<\/li>\n<li>Der Kartz \/ Potsdamer Forst<\/li>\n<li>Forst Potsdam<\/li>\n<li>Berliner Stadtforst D\u00fcppel<\/li>\n<li>Forst D\u00fcppel \/ <a href=\"https:\/\/de.wikipedia.org\/wiki\/D%C3%BCppeler_Forst\" target=\"_blank\" rel=\"noopener\">D\u00fcppeler Forst<\/a><\/li>\n<\/ul>\n<p style=\"text-align: justify;\">Das hier beschriebene Gebiet geh\u00f6rt nicht zum GruneWald. Dennoch ist es ein fabelhaftes Laufgebiet und es war immer wieder auch eines unserer Trainingsgebiete. Viele H\u00fcgel und im Sommer eine sch\u00f6ne Mischung aus Laub- und Nadelwald. Am Havelufer f\u00fchrt fast direkt am Wasser und zum Teil auch auf dem Havelh\u00fcgeln je ein Wanderweg entlang. Seit 1990 veranstaltet jedes Jahr im Juli der bekannte Berliner Marathonl\u00e4ufer<a href=\"http:\/\/havellauf.de\/bernd-huebner\/index.html\" target=\"_blank\" rel=\"noopener noreferrer\"> Bernd H\u00fcbner<\/a> auf dem Haveluferweg zwischen dem Flensburger L\u00f6wen und der Glienicker Br\u00fccke seinen beliebten &#8222;<a href=\"http:\/\/havellauf.de\/ehrentafel\/index.html\" target=\"_blank\" rel=\"noopener noreferrer\">Havellauf<\/a>&#8222;. \u00dcber Bernd wurde ich urspr\u00fcnglich auch auf dieses Laufgebiet aufmerksam.<\/p>\n<p style=\"text-align: justify;\">\u00dcbrigens, es geht auch ohne den Uferweg: Die Stolper Berge, der Sch\u00e4ferberg und der Schlo\u00dfpark Glienicke sind f\u00fcr sich genommen schon ein landschaftliches Erlebnis.<\/p>\n<p style=\"text-align: justify;\">Nachfolgend einige Orte in Stichworten,<\/p>\n<ul style=\"text-align: justify;\">\n<li>wobei ich bitte, ein besonderes Augenmerk auf den &#8222;<a href=\"https:\/\/forst-grunewald.de\/?page_id=515\" target=\"_blank\" rel=\"noopener\"><strong>Alten Hof<\/strong><\/a>&#8220; und das &#8222;<a href=\"https:\/\/forst-grunewald.de\/?page_id=525\" target=\"_blank\" rel=\"noopener\"><strong>Nineveen<\/strong><\/a>&#8222;, dessen Name verloren gehen zu droht, zu richten,<\/li>\n<\/ul>\n<p>f\u00fcr welche ich eigene Unterseiten angelegt habe.<\/p>\n<p style=\"text-align: justify;\">Woher stammt der Name Nikolskoe? Laut <a href=\"http:\/\/de.wikipedia.org\/wiki\/Blockhaus_Nikolskoe\" target=\"_blank\" rel=\"noopener noreferrer\">Wikpedia<\/a> (Stand 08.12.2012):<\/p>\n<blockquote>\n<p style=\"text-align: justify;\">Am 24. Oktober 1820 besuchte das Gro\u00dff\u00fcrstenpaar <a href=\"http:\/\/de.wikipedia.org\/wiki\/Charlotte_von_Preu%C3%9Fen_%281798%E2%80%931860%29\" target=\"_blank\" rel=\"noopener noreferrer\">Charlotte\/Alexandra<\/a> und <a href=\"http:\/\/de.wikipedia.org\/wiki\/Nikolaus_I._%28Russland%29\" target=\"_blank\" rel=\"noopener noreferrer\">Nikolaus<\/a> Berlin und Potsdam und stolz zeigte <a href=\"http:\/\/de.wikipedia.org\/wiki\/Friedrich_Wilhelm_III._(Preu%C3%9Fen)\" target=\"_blank\" rel=\"noopener noreferrer\">Friedrich Wilhelm III.<\/a> ihnen zum ersten Mal das Blockhaus. M\u00f6glich ist, dass die Namensgebung \u201eNikolskoe\u201c (vom <a title=\"Russische Sprache\" href=\"\/wiki\/Russische_Sprache\">russ.<\/a> \u041d\u0438\u043a\u043e\u043b\u044c\u0441\u043a\u043e\u0435 <em>Nikol&#8217;skoje<\/em> &#8211; \u201eNikolaus eigen\u201c) auf diesen Besuch zur\u00fcckgeht, die Bezeichnung \u201erussisches Haus\u201c aber blieb eine popul\u00e4re Bezeichnung, die sich vor allem in \u00e4lteren Reisebeschreibungen findet.<\/p>\n<\/blockquote>\n<p style=\"text-align: justify;\"><span style=\"text-decoration: underline;\">Orts\u00fcbersicht Forst D\u00fcppel:<\/span><\/p>\n<ul>\n<li><a href=\"https:\/\/forst-grunewald.de\/?page_id=515\" target=\"_blank\" rel=\"noopener noreferrer\">Alter Hof<\/a><\/li>\n<li>Glienicker Br\u00fccke<a id=\"Zelle133Link1\" href=\"http:\/\/www.glienicker-bruecke.de\" target=\"_blank\" rel=\"noopener\"><\/a><\/li>\n<li>Glienicker Park<\/li>\n<li>Moorlake (<a href=\"https:\/\/moorlake.de\/\" target=\"_blank\" rel=\"noopener\">Wirtshaus<\/a>)<\/li>\n<li>Nikolskoe (<a href=\"https:\/\/blockhaus-nikolskoe.de\/\" target=\"_blank\" rel=\"noopener\">Gastst\u00e4tte<\/a> &#8211;\u00a0<a href=\"http:\/\/www.kirche-nikolskoe.de\" target=\"_blank\" rel=\"noopener noreferrer\">Evangelische Kirche St. Peter und Paul auf Nikolskoe)<\/a><\/li>\n<li><a href=\"https:\/\/forst-grunewald.de\/?page_id=525\" target=\"_blank\" rel=\"noopener noreferrer\">Nineveen<\/a><\/li>\n<li><a href=\"https:\/\/forst-grunewald.de\/?page_id=536\" target=\"_blank\" rel=\"noopener noreferrer\">Rose Range<\/a><\/li>\n<li>Sch\u00e4ferberg<\/li>\n<\/ul>\nngg_shortcode_0_placeholder\n<p>&nbsp;<\/p>\n<p>&nbsp;<\/p>\n<p>&nbsp;<\/p>\n<p>&nbsp;<\/p>\n","protected":false},"excerpt":{"rendered":"<p>(Fr\u00fchere) Namen: Stolpe Glienecksche Werder Der Kartz \/ Potsdamer Forst Forst Potsdam Berliner Stadtforst D\u00fcppel Forst D\u00fcppel \/ D\u00fcppeler Forst Das hier beschriebene Gebiet geh\u00f6rt&hellip;<\/p>\n","protected":false},"author":1,"featured_media":0,"parent":0,"menu_order":0,"comment_status":"closed","ping_status":"closed","template":"template-fullwidth.php","meta":{"ngg_post_thumbnail":0,"iawp_total_views":73,"footnotes":""},"class_list":["post-507","page","type-page","status-publish","hentry"],"_links":{"self":[{"href":"https:\/\/forst-grunewald.de\/index.php?rest_route=\/wp\/v2\/pages\/507","targetHints":{"allow":["GET"]}}],"collection":[{"href":"https:\/\/forst-grunewald.de\/index.php?rest_route=\/wp\/v2\/pages"}],"about":[{"href":"https:\/\/forst-grunewald.de\/index.php?rest_route=\/wp\/v2\/types\/page"}],"author":[{"embeddable":true,"href":"https:\/\/forst-grunewald.de\/index.php?rest_route=\/wp\/v2\/users\/1"}],"replies":[{"embeddable":true,"href":"https:\/\/forst-grunewald.de\/index.php?rest_route=%2Fwp%2Fv2%2Fcomments&post=507"}],"version-history":[{"count":33,"href":"https:\/\/forst-grunewald.de\/index.php?rest_route=\/wp\/v2\/pages\/507\/revisions"}],"predecessor-version":[{"id":14773,"href":"https:\/\/forst-grunewald.de\/index.php?rest_route=\/wp\/v2\/pages\/507\/revisions\/14773"}],"wp:attachment":[{"href":"https:\/\/forst-grunewald.de\/index.php?rest_route=%2Fwp%2Fv2%2Fmedia&parent=507"}],"curies":[{"name":"wp","href":"https:\/\/api.w.org\/{rel}","templated":true}]}}

Forst Düppel

<p style="text-align: justify;">(Frühere) Namen:</p>
<ul style="text-align: justify;">
<li>Stolpe</li>
<li>Glienecksche Werder</li>
<li>Der Kartz / Potsdamer Forst</li>
<li>Forst Potsdam</li>
<li>Berliner Stadtforst Düppel</li>
<li>Forst Düppel / <a href="https://de.wikipedia.org/wiki/D%C3%BCppeler_Forst" target="_blank" rel="noopener">Düppeler Forst</a></li>
</ul>
<p style="text-align: justify;">Das hier beschriebene Gebiet gehört nicht zum GruneWald. Dennoch ist es ein fabelhaftes Laufgebiet und es war immer wieder auch eines unserer Trainingsgebiete. Viele Hügel und im Sommer eine schöne Mischung aus Laub- und Nadelwald. Am Havelufer führt fast direkt am Wasser und zum Teil auch auf dem Havelhügeln je ein Wanderweg entlang. Seit 1990 veranstaltet jedes Jahr im Juli der bekannte Berliner Marathonläufer<a href="http://havellauf.de/bernd-huebner/index.html" target="_blank" rel="noopener noreferrer"> Bernd Hübner</a> auf dem Haveluferweg zwischen dem Flensburger Löwen und der Glienicker Brücke seinen beliebten &#8222;<a href="http://havellauf.de/ehrentafel/index.html" target="_blank" rel="noopener noreferrer">Havellauf</a>&#8222;. Über Bernd wurde ich ursprünglich auch auf dieses Laufgebiet aufmerksam.</p>
<p style="text-align: justify;">Übrigens, es geht auch ohne den Uferweg: Die Stolper Berge, der Schäferberg und der Schloßpark Glienicke sind für sich genommen schon ein landschaftliches Erlebnis.</p>
<p style="text-align: justify;">Nachfolgend einige Orte in Stichworten,</p>
<ul style="text-align: justify;">
<li>wobei ich bitte, ein besonderes Augenmerk auf den &#8222;<a href="https://forst-grunewald.de/?page_id=515" target="_blank" rel="noopener"><strong>Alten Hof</strong></a>&#8220; und das &#8222;<a href="https://forst-grunewald.de/?page_id=525" target="_blank" rel="noopener"><strong>Nineveen</strong></a>&#8222;, dessen Name verloren gehen zu droht, zu richten,</li>
</ul>
<p>für welche ich eigene Unterseiten angelegt habe.</p>
<p style="text-align: justify;">Woher stammt der Name Nikolskoe? Laut <a href="http://de.wikipedia.org/wiki/Blockhaus_Nikolskoe" target="_blank" rel="noopener noreferrer">Wikpedia</a> (Stand 08.12.2012):</p>
<blockquote>
<p style="text-align: justify;">Am 24. Oktober 1820 besuchte das Großfürstenpaar <a href="http://de.wikipedia.org/wiki/Charlotte_von_Preu%C3%9Fen_%281798%E2%80%931860%29" target="_blank" rel="noopener noreferrer">Charlotte/Alexandra</a> und <a href="http://de.wikipedia.org/wiki/Nikolaus_I._%28Russland%29" target="_blank" rel="noopener noreferrer">Nikolaus</a> Berlin und Potsdam und stolz zeigte <a href="http://de.wikipedia.org/wiki/Friedrich_Wilhelm_III._(Preu%C3%9Fen)" target="_blank" rel="noopener noreferrer">Friedrich Wilhelm III.</a> ihnen zum ersten Mal das Blockhaus. Möglich ist, dass die Namensgebung „Nikolskoe“ (vom <a title="Russische Sprache" href="/wiki/Russische_Sprache">russ.</a> Никольское <em>Nikol&#8217;skoje</em> &#8211; „Nikolaus eigen“) auf diesen Besuch zurückgeht, die Bezeichnung „russisches Haus“ aber blieb eine populäre Bezeichnung, die sich vor allem in älteren Reisebeschreibungen findet.</p>
</blockquote>
<p style="text-align: justify;"><span style="text-decoration: underline;">Ortsübersicht Forst Düppel:</span></p>
<ul>
<li><a href="https://forst-grunewald.de/?page_id=515" target="_blank" rel="noopener noreferrer">Alter Hof</a></li>
<li>Glienicker Brücke<a id="Zelle133Link1" href="http://www.glienicker-bruecke.de" target="_blank" rel="noopener"></a></li>
<li>Glienicker Park</li>
<li>Moorlake (<a href="https://moorlake.de/" target="_blank" rel="noopener">Wirtshaus</a>)</li>
<li>Nikolskoe (<a href="https://blockhaus-nikolskoe.de/" target="_blank" rel="noopener">Gaststätte</a> &#8211; <a href="http://www.kirche-nikolskoe.de" target="_blank" rel="noopener noreferrer">Evangelische Kirche St. Peter und Paul auf Nikolskoe)</a></li>
<li><a href="https://forst-grunewald.de/?page_id=525" target="_blank" rel="noopener noreferrer">Nineveen</a></li>
<li><a href="https://forst-grunewald.de/?page_id=536" target="_blank" rel="noopener noreferrer">Rose Range</a></li>
<li>Schäferberg</li>
</ul>
ngg_shortcode_0_placeholder
<p>&nbsp;</p>
<p>&nbsp;</p>
<p>&nbsp;</p>
<p>&nbsp;</p>

<p>(Frühere) Namen: Stolpe Glienecksche Werder Der Kartz / Potsdamer Forst Forst Potsdam Berliner Stadtforst Düppel Forst Düppel / Düppeler Forst Das hier beschriebene Gebiet gehört&hellip;</p>
