{"id":5053,"date":"2013-07-14T19:16:31","date_gmt":"2013-07-14T18:16:31","guid":{"rendered":"http:\/\/forst-grunewald.de\/?page_id=5053"},"modified":"2024-05-06T08:34:29","modified_gmt":"2024-05-06T07:34:29","slug":"tiefwerder-wiesen","status":"publish","type":"page","link":"https:\/\/forst-grunewald.de\/?page_id=5053","title":{"rendered":"Tiefwerder"},"content":{"rendered":"<p style=\"text-align: justify;\"><a href=\"https:\/\/forst-grunewald.de\/wp-content\/uploads\/1814-Schinkel-Karl-Friedrich-Landschaft-bei-Pichelswerder-klein.jpg\" target=\"_blank\" rel=\"noopener noreferrer\"><img loading=\"lazy\" decoding=\"async\" class=\"alignright size-large wp-image-5122\" style=\"border: 1px solid black;\" src=\"https:\/\/forst-grunewald.de\/wp-content\/uploads\/1814-Schinkel-Karl-Friedrich-Landschaft-bei-Pichelswerder-klein-1024x647.jpg\" alt=\"1814 Schinkel, Karl-Friedrich Landschaft bei Pichelswerder klein\" width=\"640\" height=\"404\" srcset=\"https:\/\/forst-grunewald.de\/wp-content\/uploads\/1814-Schinkel-Karl-Friedrich-Landschaft-bei-Pichelswerder-klein-1024x647.jpg 1024w, https:\/\/forst-grunewald.de\/wp-content\/uploads\/1814-Schinkel-Karl-Friedrich-Landschaft-bei-Pichelswerder-klein-150x94.jpg 150w, https:\/\/forst-grunewald.de\/wp-content\/uploads\/1814-Schinkel-Karl-Friedrich-Landschaft-bei-Pichelswerder-klein-300x189.jpg 300w, https:\/\/forst-grunewald.de\/wp-content\/uploads\/1814-Schinkel-Karl-Friedrich-Landschaft-bei-Pichelswerder-klein-400x252.jpg 400w, https:\/\/forst-grunewald.de\/wp-content\/uploads\/1814-Schinkel-Karl-Friedrich-Landschaft-bei-Pichelswerder-klein.jpg 1186w\" sizes=\"auto, (max-width: 640px) 100vw, 640px\" \/><\/a>Absolutes Kleinod.<\/p>\n<p style=\"text-align: justify;\"><strong>Im Norden<\/strong> ein urspr\u00fcngliches Fischerdorf. Hierhin wurden die Fischer aus dem Burgwall\/Pichelsdorf umquartiert, damit die Zitadelle freies Schussfeld hat.<\/p>\n<p style=\"text-align: justify;\"><strong>Weiter s\u00fcdlich<\/strong> dann die romatische Wasserkleinkartenkolonie \u201c<a href=\"http:\/\/www.tiefwerder.de\" target=\"_blank\" rel=\"noopener noreferrer\">Klein Venedig<\/a>\u201d. Als ich noch ein kleiner Junge war, ist mein Vater mit mir einige Male mit unserem Boot \u201c<a href=\"http:\/\/www.berliner-dampfer.de\/html\/mops.html\" target=\"_blank\" rel=\"noopener noreferrer\">Mops<\/a>\u201d durch die Wasserarme gefahren, das war jedesmal wundersch\u00f6n.<\/p>\n<p style=\"text-align: justify;\"><strong>Im S\u00fcden<\/strong> liegen dann die Tiefwerder Wiesen, eines der letzten \u00dcberschwemmungsgebiete in Berlin, zum Teil eingerahmt vom n\u00f6rdlichen Teil des <a href=\"https:\/\/forst-grunewald.de\/?page_id=4060\" target=\"_blank\" rel=\"noopener noreferrer\">Pichelswerder<\/a>.<\/p>\n<p style=\"text-align: justify;\"><strong>Westlich<\/strong> ist Tiefwerder begrenzt von der kanalisierten Havel (Pichelsdorf\/Wilhelmstadt).<\/p>\n<p style=\"text-align: justify;\"><strong>\u00d6stlich<\/strong> hingegen vom Faulen See und das Schutzgebiet der Berliner Wasserbetriebe.<\/p>\n<p style=\"text-align: justify;\">Bei einem kleinen Teil der Tiefwerder Wiesen handelte sich sich zu &#8222;DDR-Zeiten&#8220; um eine Exklave der Gemeinde Seeburg. Mehr dazu bitte <a href=\"http:\/\/www.seeburg-city.de\/city\/TiefenwerdenWiesen\/tiefwerder_wiesen.htm\" target=\"_blank\" rel=\"noopener noreferrer\">hier<\/a>.<\/p>\n<p style=\"padding-left: 30px;\"><strong>1902<\/strong> <a href=\"https:\/\/forst-grunewald.de\/?page_id=676\" target=\"_blank\" rel=\"noopener noreferrer\">Berdrow<\/a>, Seite 94:<\/p>\n<div style=\"padding-left: 30px;\"><div class=\"spoiler-wrap\">\n\t\t\t\t<div class=\"spoiler-head folded\">Spoiler<\/div>\n\t\t\t\t<div class=\"spoiler-body\"><em>Eine Wasserfahrt nach Schildhorn:<br \/>\n<\/em><em>Bald sind der Burgwall und der Kietz, zwei Erinnerungen an Spandaus erste Jugendtage, erreicht. Letztere wurde bis 1815 von den Kietzfischern, den Nachkommen der unter besonderem Schutze des Landesherrn und der Spandauer Vogtei stehenden Wenden, bewohnt. Da er aber in der Schu\u00dflinie der Festungskanonen lag und bei den Belagerungen der Stadt mehrmals zerst\u00f6rt worden war, mu\u00dften die Bewohner nach dem Tiefwerder \u00fcbersiedeln, wo ihnen 1816-1818 ein neues Dorf erbaut wurde.<br \/>\n<\/em><em>Die zwischen der Havel und dem zugewachsenen Faulen See gelegene Ortschaft hat sich in den letzten Jahren stark modernisiert, w\u00e4hrend das ein Endchen weiter abw\u00e4rts auf dem rechten Ufer liegende Pichelsdorf noch immer jenes altert\u00fcmliche, den St\u00e4dter so traut und anheimelnd ber\u00fchrende Aussehen bietet.<br \/>\n<\/em><em>Alte Gebr\u00e4uche wie das \u201cAntuten\u201d des Weihnachtsfestes und die Anfertigung eigenartiger, mit Binsenmark und Flittern beklebter Ostereier waren bis vor kurzem noch hier \u00fcblich.<\/em><\/div>\n\t\t\t<\/div><\/div>\n<ul>\n<li><strong>Aktuell<\/strong>: \u201c<span style=\"color: #ff0000;\"><strong>Rettet Klein Venedig<\/strong><\/span>\u201d:&nbsp; <a href=\"http:\/\/www.tiefwerder.de\" target=\"_blank\" rel=\"noopener noreferrer\">www.tiefwerder.de<br \/>\n<\/a><span style=\"color: #ffffff;\">.<\/span><\/li>\n<li><a href=\"http:\/\/www.berlin.de\/ba-spandau\/aktuelles\/pressemitteilungen\/pressemitteilung.362860.php\" target=\"_blank\" rel=\"noopener noreferrer\">2015<\/a> Bezirksamt Spandau: <strong>Renaturierung von Tiefwerder Wiesen abgeschlossen<\/strong>\n<div>\n<div><div class=\"spoiler-wrap\">\n\t\t\t\t<div class=\"spoiler-head folded\">Spoiler<\/div>\n\t\t\t\t<div class=\"spoiler-body\">Pressemitteilung vom 09.09.2015<br \/>\nDas UEP-Projekt Tiefwerder Wiesen hatte die \u00f6kologische Aufwertung im Zentralbereich des Landschaftsschutzgebietes Tiefwerder Wiesen auf ca. 16 Hektar zum Inhalt. Wie bereits mehrfach berichtet worden ist, wurden daf\u00fcr F\u00f6rdermittel in Millionen-H\u00f6he bewilligt, um eine Aufwertung des Gebietes f\u00fcr die Erholungsnutzung und den Naturschutz durch die Entfernung von kontaminierten B\u00f6den und Aufsch\u00fcttungen, Fundamenten und st\u00f6rende Verbauungen mit dem Ziel einer umfassenden Renaturierung zu erreichen.<br \/>\nNach drei Jahren Bauzeit sind die Ma\u00dfnahmen nun abgeschlossen und dies ist ein guter Grund das Erreichte zu besichtigen und zu feiern.Bezirksstadtrat Carsten R\u00f6ding l\u00e4dt Sie als Pressevertreter dazu herzlich ein<br \/>\nam Freitag, den 25. September 2015<br \/>\nab 13.00 Uhr mit Bootsfahrt und Besichtigung und\/oder<br \/>\nab 15.00 Uhr bei einem Grillfest.<br \/>\nTreffpunkt ist jeweils der Werkhof des Bezirksamts Spandau,<br \/>\nTiefwerderweg 19 b, 13597 Berlin.<br \/>\nAnmelden bitte bei Herrn Steffen Brodt (Plan.b) unter<br \/>\nTelefon 030 \u2013 847 91 10 oder E-Mail plan@b-berlin.eu<\/div>\n\t\t\t<\/div><\/div>\n<\/div>\n<\/li>\n<\/ul>\n<p><span style=\"color: #ffffff;\">.<\/span><\/p>\n<p>Zur Gallerie bitte folgender Hinweis:<\/p>\n<ul>\n<li>Mehrere Bilder hat mir freundlicherweise Herr Joachim Gregat \u00fcbermittelt, welcher aus&nbsp; der alten Fischerfamilie Rasenack entstammt. Er wurde in Tiefwerder geboren (ein Bild zeigt sein Geburtshaus Dorfstra\u00dfe 56) und hat von 1947 &#8211; 1973 auch dort gelebt.<\/li>\n<\/ul>\nngg_shortcode_0_placeholder\n<p>&nbsp;<\/p>\n","protected":false},"excerpt":{"rendered":"<p>Absolutes Kleinod. Im Norden ein urspr\u00fcngliches Fischerdorf. Hierhin wurden die Fischer aus dem Burgwall\/Pichelsdorf umquartiert, damit die Zitadelle freies Schussfeld hat. Weiter s\u00fcdlich dann die&hellip;<\/p>\n","protected":false},"author":1,"featured_media":0,"parent":0,"menu_order":0,"comment_status":"closed","ping_status":"closed","template":"template\/full-width.php","meta":{"ngg_post_thumbnail":0,"iawp_total_views":14,"footnotes":""},"class_list":["post-5053","page","type-page","status-publish","hentry"],"_links":{"self":[{"href":"https:\/\/forst-grunewald.de\/index.php?rest_route=\/wp\/v2\/pages\/5053","targetHints":{"allow":["GET"]}}],"collection":[{"href":"https:\/\/forst-grunewald.de\/index.php?rest_route=\/wp\/v2\/pages"}],"about":[{"href":"https:\/\/forst-grunewald.de\/index.php?rest_route=\/wp\/v2\/types\/page"}],"author":[{"embeddable":true,"href":"https:\/\/forst-grunewald.de\/index.php?rest_route=\/wp\/v2\/users\/1"}],"replies":[{"embeddable":true,"href":"https:\/\/forst-grunewald.de\/index.php?rest_route=%2Fwp%2Fv2%2Fcomments&post=5053"}],"version-history":[{"count":24,"href":"https:\/\/forst-grunewald.de\/index.php?rest_route=\/wp\/v2\/pages\/5053\/revisions"}],"predecessor-version":[{"id":41584,"href":"https:\/\/forst-grunewald.de\/index.php?rest_route=\/wp\/v2\/pages\/5053\/revisions\/41584"}],"wp:attachment":[{"href":"https:\/\/forst-grunewald.de\/index.php?rest_route=%2Fwp%2Fv2%2Fmedia&parent=5053"}],"curies":[{"name":"wp","href":"https:\/\/api.w.org\/{rel}","templated":true}]}}