{"id":4912,"date":"2013-07-13T21:40:45","date_gmt":"2013-07-13T20:40:45","guid":{"rendered":"http:\/\/forst-grunewald.de\/?page_id=4912"},"modified":"2024-05-06T07:47:15","modified_gmt":"2024-05-06T06:47:15","slug":"wildschweinplastik","status":"publish","type":"page","link":"https:\/\/forst-grunewald.de\/?page_id=4912","title":{"rendered":"Wildschweinplastik"},"content":{"rendered":"<div>\n<p style=\"text-align: justify;\"><a href=\"https:\/\/forst-grunewald.de\/wp-content\/uploads\/1900-07-10-Jagdschloss-Grunewald-mit-Denkmal-klein.jpg\" target=\"_blank\" rel=\"noopener\"><img loading=\"lazy\" decoding=\"async\" class=\"wp-image-9323 alignleft\" src=\"https:\/\/forst-grunewald.de\/wp-content\/uploads\/1900-07-10-Jagdschloss-Grunewald-mit-Denkmal-klein.jpg\" alt=\"\" width=\"195\" height=\"153\" srcset=\"https:\/\/forst-grunewald.de\/wp-content\/uploads\/1900-07-10-Jagdschloss-Grunewald-mit-Denkmal-klein.jpg 1600w, https:\/\/forst-grunewald.de\/wp-content\/uploads\/1900-07-10-Jagdschloss-Grunewald-mit-Denkmal-klein-150x118.jpg 150w, https:\/\/forst-grunewald.de\/wp-content\/uploads\/1900-07-10-Jagdschloss-Grunewald-mit-Denkmal-klein-300x235.jpg 300w, https:\/\/forst-grunewald.de\/wp-content\/uploads\/1900-07-10-Jagdschloss-Grunewald-mit-Denkmal-klein-768x602.jpg 768w, https:\/\/forst-grunewald.de\/wp-content\/uploads\/1900-07-10-Jagdschloss-Grunewald-mit-Denkmal-klein-1024x803.jpg 1024w, https:\/\/forst-grunewald.de\/wp-content\/uploads\/1900-07-10-Jagdschloss-Grunewald-mit-Denkmal-klein-400x314.jpg 400w\" sizes=\"auto, (max-width: 195px) 100vw, 195px\" \/><\/a>Im Innenhof befindet sich eine aus Gusseisen (Angabe laut <a href=\"https:\/\/forst-grunewald.de\/?page_id=361\" target=\"_blank\" rel=\"noopener\">Fontane 1894<\/a> und <a href=\"https:\/\/forst-grunewald.de\/?page_id=676\" target=\"_blank\" rel=\"noopener\">Berdrow 1902<\/a>) hergestellte <a href=\"https:\/\/forst-grunewald.de\/wp-content\/gallery\/grunewaldseen-grunewaldsee-jagdschloss-grunewald\/2009-09-04-mit-seffi-im-jagdschloss-grunewald-039-klein.jpg\" target=\"_blank\" rel=\"noopener\">Wildschweinjagdplastik<\/a> aus dem Jahre 1862.<\/p>\n<p style=\"text-align: justify;\">Die Plastik stand urspr\u00fcnglich vor dem Schlosseingang, wurde sp\u00e4ter aber vor den Jagdzeugschuppen verlegt, wo sie sich auch heute noch befindet.<\/p>\n<p style=\"text-align: justify;\">Die Plastik wies nach dem Zweiten Weltkrieg vor\u00fcbergehend dahingehend eine Besch\u00e4digung auf, dass bei dem Wildschwein und den drei Hunden die Schw\u00e4nze fehlten.<\/p>\n<p style=\"text-align: justify;\"><img loading=\"lazy\" decoding=\"async\" class=\"alignright\" src=\"https:\/\/forst-grunewald.de\/wp-content\/uploads\/2009-09-04-Mit-Seffi-im-Jagdschloss-Grunewald-041a-klein.jpg\" alt=\"\" width=\"197\" height=\"203\">Auf dem Sockel steht: \u201c<strong>Johannes Brix \u2013 Berlin<\/strong>\u201d. Hierbei handelt es sich aber nicht um den K\u00fcnstler, der die Plastik modelliert hat, sondern um den Gie\u00dfer. Zur damaligen Zeit stellte die Fertigkeit des Gie\u00dfens f\u00fcr sich selbst schon eine herausragende Leistung dar. Das Motiv stammt von<\/p>\n<ul>\n<li style=\"text-align: justify;\"><strong> <a href=\"https:\/\/de.wikipedia.org\/wiki\/Friedrich_Wilhelm_Wolff\" target=\"_blank\" rel=\"noopener\">Wilhelm Wolf<\/a><\/strong>,<\/li>\n<\/ul>\n<p style=\"text-align: justify;\">welcher wegen seiner zahlreichen Tierplastiken auch den Beinahmen &#8222;Tier-Wolff&#8220; hatte. Der Name des K\u00fcnstlers ist auf der Plastik aber nicht angegeben.<\/p>\n<p style=\"text-align: justify;\">1981\/97, B\u00f6rsch-Suphan, Seite 9:<\/p>\n<blockquote><p><em>An die Jagdromantik des 19. Jahrhunderts erinnert noch heute die in Zink gegossene Wildscheingruppe von <a href=\"http:\/\/de.wikipedia.org\/wiki\/Friedrich_Wilhelm_Wolff\" target=\"_blank\" rel=\"noopener\">Wilhelm Wolf<\/a>, die 1862 im Hof aufgestellt wurde.<\/em><\/p><\/blockquote>\n<p style=\"text-align: justify;\">Weiterf\u00fchrend (mit weiteren Bildern der Plastik):<\/p>\n<ul>\n<li style=\"text-align: justify;\"><a href=\"https:\/\/forst-grunewald.de\/?page_id=2012\" target=\"_blank\" rel=\"noopener\">Jagd und Wilderei<\/a><\/li>\n<\/ul>\n<\/div>\n<p>&nbsp;<\/p>\n<p>&nbsp;<\/p>\n","protected":false},"excerpt":{"rendered":"<p>Im Innenhof befindet sich eine aus Gusseisen (Angabe laut Fontane 1894 und Berdrow 1902) hergestellte Wildschweinjagdplastik aus dem Jahre 1862. Die Plastik stand urspr\u00fcnglich vor&hellip;<\/p>\n","protected":false},"author":1,"featured_media":0,"parent":4895,"menu_order":0,"comment_status":"closed","ping_status":"closed","template":"template\/full-width.php","meta":{"ngg_post_thumbnail":0,"iawp_total_views":9,"footnotes":""},"class_list":["post-4912","page","type-page","status-publish","hentry"],"_links":{"self":[{"href":"https:\/\/forst-grunewald.de\/index.php?rest_route=\/wp\/v2\/pages\/4912","targetHints":{"allow":["GET"]}}],"collection":[{"href":"https:\/\/forst-grunewald.de\/index.php?rest_route=\/wp\/v2\/pages"}],"about":[{"href":"https:\/\/forst-grunewald.de\/index.php?rest_route=\/wp\/v2\/types\/page"}],"author":[{"embeddable":true,"href":"https:\/\/forst-grunewald.de\/index.php?rest_route=\/wp\/v2\/users\/1"}],"replies":[{"embeddable":true,"href":"https:\/\/forst-grunewald.de\/index.php?rest_route=%2Fwp%2Fv2%2Fcomments&post=4912"}],"version-history":[{"count":33,"href":"https:\/\/forst-grunewald.de\/index.php?rest_route=\/wp\/v2\/pages\/4912\/revisions"}],"predecessor-version":[{"id":41537,"href":"https:\/\/forst-grunewald.de\/index.php?rest_route=\/wp\/v2\/pages\/4912\/revisions\/41537"}],"up":[{"embeddable":true,"href":"https:\/\/forst-grunewald.de\/index.php?rest_route=\/wp\/v2\/pages\/4895"}],"wp:attachment":[{"href":"https:\/\/forst-grunewald.de\/index.php?rest_route=%2Fwp%2Fv2%2Fmedia&parent=4912"}],"curies":[{"name":"wp","href":"https:\/\/api.w.org\/{rel}","templated":true}]}}

<div>
<p style="text-align: justify;"><a href="https://forst-grunewald.de/wp-content/uploads/1900-07-10-Jagdschloss-Grunewald-mit-Denkmal-klein.jpg" target="_blank" rel="noopener"><img loading="lazy" decoding="async" class="wp-image-9323 alignleft" src="https://forst-grunewald.de/wp-content/uploads/1900-07-10-Jagdschloss-Grunewald-mit-Denkmal-klein.jpg" alt="" width="195" height="153" srcset="https://forst-grunewald.de/wp-content/uploads/1900-07-10-Jagdschloss-Grunewald-mit-Denkmal-klein.jpg 1600w, https://forst-grunewald.de/wp-content/uploads/1900-07-10-Jagdschloss-Grunewald-mit-Denkmal-klein-150x118.jpg 150w, https://forst-grunewald.de/wp-content/uploads/1900-07-10-Jagdschloss-Grunewald-mit-Denkmal-klein-300x235.jpg 300w, https://forst-grunewald.de/wp-content/uploads/1900-07-10-Jagdschloss-Grunewald-mit-Denkmal-klein-768x602.jpg 768w, https://forst-grunewald.de/wp-content/uploads/1900-07-10-Jagdschloss-Grunewald-mit-Denkmal-klein-1024x803.jpg 1024w, https://forst-grunewald.de/wp-content/uploads/1900-07-10-Jagdschloss-Grunewald-mit-Denkmal-klein-400x314.jpg 400w" sizes="auto, (max-width: 195px) 100vw, 195px" /></a>Im Innenhof befindet sich eine aus Gusseisen (Angabe laut <a href="https://forst-grunewald.de/?page_id=361" target="_blank" rel="noopener">Fontane 1894</a> und <a href="https://forst-grunewald.de/?page_id=676" target="_blank" rel="noopener">Berdrow 1902</a>) hergestellte <a href="https://forst-grunewald.de/wp-content/gallery/grunewaldseen-grunewaldsee-jagdschloss-grunewald/2009-09-04-mit-seffi-im-jagdschloss-grunewald-039-klein.jpg" target="_blank" rel="noopener">Wildschweinjagdplastik</a> aus dem Jahre 1862.</p>
<p style="text-align: justify;">Die Plastik stand ursprünglich vor dem Schlosseingang, wurde später aber vor den Jagdzeugschuppen verlegt, wo sie sich auch heute noch befindet.</p>
<p style="text-align: justify;">Die Plastik wies nach dem Zweiten Weltkrieg vorübergehend dahingehend eine Beschädigung auf, dass bei dem Wildschwein und den drei Hunden die Schwänze fehlten.</p>
<p style="text-align: justify;"><img loading="lazy" decoding="async" class="alignright" src="https://forst-grunewald.de/wp-content/uploads/2009-09-04-Mit-Seffi-im-Jagdschloss-Grunewald-041a-klein.jpg" alt="" width="197" height="203">Auf dem Sockel steht: “<strong>Johannes Brix – Berlin</strong>”. Hierbei handelt es sich aber nicht um den Künstler, der die Plastik modelliert hat, sondern um den Gießer. Zur damaligen Zeit stellte die Fertigkeit des Gießens für sich selbst schon eine herausragende Leistung dar. Das Motiv stammt von</p>
<ul>
<li style="text-align: justify;"><strong> <a href="https://de.wikipedia.org/wiki/Friedrich_Wilhelm_Wolff" target="_blank" rel="noopener">Wilhelm Wolf</a></strong>,</li>
</ul>
<p style="text-align: justify;">welcher wegen seiner zahlreichen Tierplastiken auch den Beinahmen &#8222;Tier-Wolff&#8220; hatte. Der Name des Künstlers ist auf der Plastik aber nicht angegeben.</p>
<p style="text-align: justify;">1981/97, Börsch-Suphan, Seite 9:</p>
<blockquote><p><em>An die Jagdromantik des 19. Jahrhunderts erinnert noch heute die in Zink gegossene Wildscheingruppe von <a href="http://de.wikipedia.org/wiki/Friedrich_Wilhelm_Wolff" target="_blank" rel="noopener">Wilhelm Wolf</a>, die 1862 im Hof aufgestellt wurde.</em></p></blockquote>
<p style="text-align: justify;">Weiterführend (mit weiteren Bildern der Plastik):</p>
<ul>
<li style="text-align: justify;"><a href="https://forst-grunewald.de/?page_id=2012" target="_blank" rel="noopener">Jagd und Wilderei</a></li>
</ul>
</div>
<p>&nbsp;</p>
<p>&nbsp;</p>

<p>Im Innenhof befindet sich eine aus Gusseisen (Angabe laut Fontane 1894 und Berdrow 1902) hergestellte Wildschweinjagdplastik aus dem Jahre 1862. Die Plastik stand ursprünglich vor&hellip;</p>
