{"id":4907,"date":"2013-07-13T21:35:56","date_gmt":"2013-07-13T20:35:56","guid":{"rendered":"http:\/\/forst-grunewald.de\/?page_id=4907"},"modified":"2024-05-06T07:47:50","modified_gmt":"2024-05-06T06:47:50","slug":"einmauerungssage","status":"publish","type":"page","link":"https:\/\/forst-grunewald.de\/?page_id=4907","title":{"rendered":"Einmauerungssage"},"content":{"rendered":"<h4><strong>Zur Einmauerungssage, verbirgt die s\u00fcdliche Wendeltreppe ein Geheimnis?<\/strong><\/h4>\n<p>&nbsp;<\/p>\n<p style=\"text-align: justify;\"><a href=\"https:\/\/forst-grunewald.de\/?page_id=676\" target=\"_blank\" rel=\"noopener\">Berdrow<\/a> befasste sich 1902 sehr ausf\u00fchrlich mit dem Jagdschloss und berichtet von der Sage \u00fcber die Einmauerung von <a href=\"http:\/\/de.wikipedia.org\/wiki\/Anna_Sydow\" target=\"_blank\" rel=\"noopener\">Anna Sydow<\/a>, und zwar in einem Raum unterhalb des Erdgeschosses der Wendeltreppe im <a href=\"https:\/\/forst-grunewald.de\/wp-content\/gallery\/grunewaldseen-grunewaldsee-jagdschloss-grunewald\/2012-12-30-grunewaldsee-jagdschloss-paulsborn-055-klein.jpg\" target=\"_blank\" rel=\"noopener\">S\u00fcdfl\u00fcgel<\/a>:<\/p>\n<blockquote>\n<p style=\"text-align: justify;\">\u201cDie Wendeltreppe in dem S\u00fcdfl\u00fcgel des Schlosses, welches noch als Zugang zu den Bodenr\u00e4umen benutzt wird, bricht \u00fcber dem Erdgescho\u00df ab, w\u00e4hrend noch der Treppenabsatz und andere bauliche Erscheinungen beweisen, da\u00df sie ehedem hinabf\u00fchrte. Hier m\u00fcndet sie in einem der beiden Zimmer, die an Jagdtagen der Kaiser meistens benutzt. Vor der zugemauerten Th\u00fcr stand fr\u00fcher ein hoher wei\u00dfer Kachelofen, der sp\u00e4ter durch einen bronzefarbigen ersetzt ist. In diesem unzug\u00e4nglichen Treppenraum soll der Sage nach die Gie\u00dferin geendet haben.\u201d<\/p>\n<\/blockquote>\n<p style=\"text-align: justify;\">Er berichtet au\u00dferdem, dass sich die sp\u00e4teren Hoheiten <a href=\"http:\/\/de.wikipedia.org\/wiki\/Friedrich_Wilhelm_IV.\" target=\"_blank\" rel=\"noopener\">Friedrich Wilhelm IV.<\/a> und <a href=\"http:\/\/de.wikipedia.org\/wiki\/Wilhelm_I._%28Deutsches_Reich%29\" target=\"_blank\" rel=\"noopener\">Wilhelm I.<\/a> seinerzeit ausdr\u00fccklich geweigert hatten, diesen Raum \u00f6ffnen zu lassen:<\/p>\n<blockquote>\n<p style=\"text-align: justify;\"><a href=\"http:\/\/de.wikipedia.org\/wiki\/Friedrich_Wilhelm_IV.\" target=\"_blank\" rel=\"noopener\">\u201cFriedrich Wilhelm IV.<\/a>, der Romantiker auf dem Throne, hat sich seinerzeit geweigert, die Erlaubnis zum Oeffnen des Raumes zu geben, indem er sagte: Haben meine Ahnherrn den Treppenaufgang zugemauert, so m\u00fcssen sie ihre guten Gr\u00fcnde dazu gehabt haben; ich will nichts daran \u00e4ndern. Auch <a href=\"http:\/\/de.wikipedia.org\/wiki\/Wilhelm_I._%28Deutsches_Reich%29\" target=\"_blank\" rel=\"noopener\">Kaiser Wilhelm I.<\/a> stellte sich sich auf den Standpunkt seines Bruders. Im Jahre 1884 war der alte Kaiser gelegentlich einer Schie\u00dfjagd zum letzten Male im Grunewaldschlosse, begleitet von seinem Schwager, dem <a href=\"http:\/\/de.wikipedia.org\/wiki\/Karl_August_von_Sachsen-Weimar-Eisenach\" target=\"_blank\" rel=\"noopener\">Gro\u00dfherzog von Weimar<\/a>. Letzterer soll ge\u00e4u\u00dfert haben, man m\u00f6ge doch, um allen Ger\u00fcchten ein Ende zu machen, den geheimnisvollen Raum \u00f6ffnen lassen, um festzustellen, was dort vorhanden sei und was nicht. Darauf soll der Kaiser geantwortet haben, er nehme Anstand, diesen Treppenraum \u00f6ffnen zu lassen, da alle seine Vorfahren seit \u00e4lterer Zeit ihn verschlossen gehalten h\u00e4tten. Ebenso wenig gelang es einigen Geschichtsfreunden, vom Kronprinzen, dem nachmaligen <a href=\"http:\/\/de.wikipedia.org\/wiki\/Friedrich_III._%28Deutsches_Reich%29\" target=\"_blank\" rel=\"noopener\">Kaiser Friedrich<\/a>, die Erlaubnis zur Durchsuchung zu erhalten. Mit der Denkweise seines Vaters in diesem Punkte wohlvertraut, mu\u00dfte er die Bitte, die er als Monarch vielleicht erf\u00fcllt h\u00e4tte, abschlagen. So wird denn dem finsteren Treppenverlie\u00df der Reiz des Geheimnisvollen wohl noch lange erhalten bleiben, was sicherlich mehr wert ist als die Gewi\u00dfheit, da\u00df nichts dahinter steckt, welche Gewi\u00dfheit \u00fcberkluge Leute jetzt schon zu haben vorgeben.\u201d<\/p>\n<\/blockquote>\n<p style=\"text-align: justify;\">Nun, die Sache erinnert mich an <a href=\"http:\/\/de.wikipedia.org\/wiki\/Rudolf_Gantenbrink\" target=\"_blank\" rel=\"noopener\">Gantenbrinks<\/a> Upuaut Expedition. Anstatt aufzumachen und nachzuschauen, wird abgebrochen bzw. gemauert.<\/p>\n<p style=\"text-align: justify;\">Es ist mir bisher nicht gelungen zu erfahren, ob dieser Raum in den Jahren seit 1902 ge\u00f6ffnet wurde und was sich bzw. ob sich \u00fcberhaupt etwas darin befand. Die Beschreibung von Wolter, Sommer, Klotz aus dem Jahr 1927 bringt leider keine weitere Erkenntnis.&nbsp; Aber die Frage ist halt: Wurde der Raum zwischenzeitlich ge\u00f6ffnet?<\/p>\n<figure style=\"width: 279px\" class=\"wp-caption alignright\"><a href=\"http:\/\/upload.wikimedia.org\/wikipedia\/commons\/b\/b0\/Renaissanceplan_um_1700.jpg\" target=\"_blank\" rel=\"noopener\"><img loading=\"lazy\" decoding=\"async\" class=\"\" src=\"http:\/\/upload.wikimedia.org\/wikipedia\/commons\/b\/b0\/Renaissanceplan_um_1700.jpg\" alt=\"\" width=\"279\" height=\"218\"><\/a><figcaption class=\"wp-caption-text\"><span style=\"font-size: 8pt;\">Wikipedia: Renaissanceplan um 1700<\/span><\/figcaption><\/figure>\n<p style=\"text-align: justify;\">Bei Wikipedia ist ein Grundriss ver\u00f6ffentlicht, der sogenannte \u201c<a href=\"http:\/\/de.wikipedia.org\/wiki\/Datei:Renaissanceplan_um_1700.jpg\" target=\"_blank\" rel=\"noopener\">Renaissanceplan<\/a>\u201d Auf diesem ist der kleine s\u00fcdliche Treppenaufgang zu erkennen.<\/p>\n<p style=\"text-align: justify;\">B\u00f6rsch-Supan nimmt 1981\/97 Beschreibungen vor. Er benennt die einzelnen R\u00e4ume mit Nummern, leider liegt seinem F\u00fchrer aber kein Raumverzeichnis bei. Auf Seite 21 beschreibt er \u201cRaum 1\u2033 im Erdgeschoss. Das ist vermutlich der Raum im S\u00fcdfl\u00fcgel zum See. Man erreicht ihn durch den Gro\u00dfen Saal im Erdgeschoss (\u201cRaum 2\/3\u2033). Einen Zugang zum s\u00fcdlichen Treppenhausturm erw\u00e4hnt er aber nicht, auch nicht den scheinbaren kleinen Treppenabsatz, der heute noch zu erkennen ist. An gleicher Stelle befindet sich dann \u00fcber \u201cRaum 1\u2033 im ersten Obergeschoss wohl \u201cRaum 11\u2033. \u00dcber diesen schreibt er: \u201c\u2026 durch die T\u00fcr mit den charakteristischen Sandsteinrahmen, die den Zugang zu einer nur ins zweite Obergescho\u00df f\u00fchrenden Wendeltreppe verschlie\u00dft, hat der Raum noch viel von seiner urspr\u00fcnglichen Stilhaltung bewahrt.\u201d Also leider kein Hinweis, ob die Wendeltreppe fr\u00fcher ins Erdgeschoss f\u00fchrte, der Abgang aber sp\u00e4ter vermauert wurde? Leider aber auch keine Erw\u00e4hnung von der Sage um <a href=\"http:\/\/de.wikipedia.org\/wiki\/Anna_Sydow\" target=\"_blank\" rel=\"noopener\">Anna Sydow<\/a>.<\/p>\n<p style=\"text-align: justify;\">\u00dcber das Verh\u00e4ltnis von Joachim II. und Anna Sydow, welcher nach dem Tod von Joachim II. von dessen Sohn und Nachfolger <a href=\"http:\/\/de.wikipedia.org\/wiki\/Johann_Georg_%28Brandenburg%29\" target=\"_blank\" rel=\"noopener\">Johann Georg<\/a> \u00fcbel und unrechtm\u00e4\u00dfig mitgespielt wurde, habe ich hier die Beschreibung aus dem Jahre 1761 von <a href=\"http:\/\/de.wikipedia.org\/wiki\/Johann_Carl_Conrad_Oelrichs\" target=\"_blank\" rel=\"noopener\">Johann Carl Conrad Oelrichs<\/a> beigef\u00fcgt, welcher seinerseits in Abschriften den Inhalt von Originaldokumenten aus den Jahren 1561, 1562&nbsp; und 1570 \u00fcberliefert hat:<\/p>\n<ul>\n<li style=\"text-align: justify;\">\u201c<a href=\"https:\/\/forst-grunewald.de\/wp-content\/uploads\/1761-Oelrichs-Brandenburgische-Geschichte-Auszug-ueber-Anna-Sydow-und-Joachim-II.pdf\" target=\"_blank\" rel=\"noopener\">1761 Oelrichs \u2013 Brandenburgische Geschichte \u2013 Auszug \u00fcber Anna Sydow und Joachim II<\/a>\u201c<\/li>\n<\/ul>\n<p style=\"text-align: center;\">___________________<\/p>\n<p style=\"text-align: justify;\">Am 27.01.2013 habe ich an einer Schlossf\u00fchrung teilgenommen. Die S\u00fcdfl\u00fcgeltreppe beginnt erst im ersten Obergeschoss. Die Frage, die sich mir stellt ist, ob sich darunter im Erdgeschoss nur Mauerwerk befindet, oder aber ein (ehemaliger Treppen-)Raum. Dass die Treppe erst im ersten Obergeschoss beginn, ist in der Tat ungew\u00f6hnlich. Gleichfalls sieht es nicht so aus, als ob sich \u201cin der Mauer\u201d noch ein Raum befindet. Ich glaube es jedenfalls nicht. Aber: Man k\u00f6nnte dennoch mal nachpr\u00fcfen um festzustellen, ob es in der Wand einen Hohlraum gibt. Die sehr freundliche und kompetente Schlossf\u00fchrerin meine Spa\u00dfeshalber:<\/p>\n<blockquote>\n<p style=\"text-align: justify;\"><em>Wenn es die K\u00f6nige vorher nicht getan haben, werden wir es erst recht nicht tun!<\/em><\/p>\n<\/blockquote>\n<p style=\"text-align: justify;\">Manche Geheimnisse gilt es halt zu bewahren.<\/p>\n<p>&nbsp;<\/p>\n","protected":false},"excerpt":{"rendered":"<p>Zur Einmauerungssage, verbirgt die s\u00fcdliche Wendeltreppe ein Geheimnis? &nbsp; Berdrow befasste sich 1902 sehr ausf\u00fchrlich mit dem Jagdschloss und berichtet von der Sage \u00fcber die&hellip;<\/p>\n","protected":false},"author":1,"featured_media":0,"parent":4895,"menu_order":0,"comment_status":"closed","ping_status":"closed","template":"template\/full-width.php","meta":{"ngg_post_thumbnail":0,"iawp_total_views":36,"footnotes":""},"class_list":["post-4907","page","type-page","status-publish","hentry"],"_links":{"self":[{"href":"https:\/\/forst-grunewald.de\/index.php?rest_route=\/wp\/v2\/pages\/4907","targetHints":{"allow":["GET"]}}],"collection":[{"href":"https:\/\/forst-grunewald.de\/index.php?rest_route=\/wp\/v2\/pages"}],"about":[{"href":"https:\/\/forst-grunewald.de\/index.php?rest_route=\/wp\/v2\/types\/page"}],"author":[{"embeddable":true,"href":"https:\/\/forst-grunewald.de\/index.php?rest_route=\/wp\/v2\/users\/1"}],"replies":[{"embeddable":true,"href":"https:\/\/forst-grunewald.de\/index.php?rest_route=%2Fwp%2Fv2%2Fcomments&post=4907"}],"version-history":[{"count":41,"href":"https:\/\/forst-grunewald.de\/index.php?rest_route=\/wp\/v2\/pages\/4907\/revisions"}],"predecessor-version":[{"id":41541,"href":"https:\/\/forst-grunewald.de\/index.php?rest_route=\/wp\/v2\/pages\/4907\/revisions\/41541"}],"up":[{"embeddable":true,"href":"https:\/\/forst-grunewald.de\/index.php?rest_route=\/wp\/v2\/pages\/4895"}],"wp:attachment":[{"href":"https:\/\/forst-grunewald.de\/index.php?rest_route=%2Fwp%2Fv2%2Fmedia&parent=4907"}],"curies":[{"name":"wp","href":"https:\/\/api.w.org\/{rel}","templated":true}]}}