{"id":49,"date":"2012-05-23T17:02:25","date_gmt":"2012-05-23T16:02:25","guid":{"rendered":"http:\/\/forst-grunewald.de\/wordpress\/?page_id=49"},"modified":"2026-03-15T19:53:03","modified_gmt":"2026-03-15T18:53:03","slug":"sitemap","status":"publish","type":"page","link":"https:\/\/forst-grunewald.de\/","title":{"rendered":"Einf\u00fchrung"},"content":{"rendered":"<p><img loading=\"lazy\" decoding=\"async\" class=\"alignnone size-full wp-image-42070\" src=\"https:\/\/forst-grunewald.de\/wp-content\/uploads\/2012-06-10-18-Forst-Grunewald-LOGO-NEU-3722x1043-Test-scaled.jpg\" alt=\"\" width=\"2560\" height=\"717\" srcset=\"https:\/\/forst-grunewald.de\/wp-content\/uploads\/2012-06-10-18-Forst-Grunewald-LOGO-NEU-3722x1043-Test-scaled.jpg 2560w, https:\/\/forst-grunewald.de\/wp-content\/uploads\/2012-06-10-18-Forst-Grunewald-LOGO-NEU-3722x1043-Test-450x126.jpg 450w, https:\/\/forst-grunewald.de\/wp-content\/uploads\/2012-06-10-18-Forst-Grunewald-LOGO-NEU-3722x1043-Test-1600x448.jpg 1600w, https:\/\/forst-grunewald.de\/wp-content\/uploads\/2012-06-10-18-Forst-Grunewald-LOGO-NEU-3722x1043-Test-200x56.jpg 200w, https:\/\/forst-grunewald.de\/wp-content\/uploads\/2012-06-10-18-Forst-Grunewald-LOGO-NEU-3722x1043-Test-768x215.jpg 768w, https:\/\/forst-grunewald.de\/wp-content\/uploads\/2012-06-10-18-Forst-Grunewald-LOGO-NEU-3722x1043-Test-1536x430.jpg 1536w, https:\/\/forst-grunewald.de\/wp-content\/uploads\/2012-06-10-18-Forst-Grunewald-LOGO-NEU-3722x1043-Test-2048x574.jpg 2048w\" sizes=\"auto, (max-width: 2560px) 100vw, 2560px\" \/><\/p>\n<p>&nbsp;<\/p>\n<p>&nbsp;<\/p>\n<p style=\"text-align: justify;\"><span style=\"font-family: arial, helvetica, sans-serif; font-size: 12pt;\"><a href=\"https:\/\/forst-grunewald.de\/wp-content\/uploads\/2006-06-22-CIMG9001.jpg\" target=\"_blank\" rel=\"noopener noreferrer\"><img loading=\"lazy\" decoding=\"async\" class=\"alignright wp-image-5235\" src=\"https:\/\/forst-grunewald.de\/wp-content\/uploads\/2006-06-22-CIMG9001-1024x767.jpg\" alt=\"\" width=\"350\" height=\"262\" srcset=\"https:\/\/forst-grunewald.de\/wp-content\/uploads\/2006-06-22-CIMG9001-1024x767.jpg 1024w, https:\/\/forst-grunewald.de\/wp-content\/uploads\/2006-06-22-CIMG9001-150x112.jpg 150w, https:\/\/forst-grunewald.de\/wp-content\/uploads\/2006-06-22-CIMG9001-300x224.jpg 300w, https:\/\/forst-grunewald.de\/wp-content\/uploads\/2006-06-22-CIMG9001-400x299.jpg 400w, https:\/\/forst-grunewald.de\/wp-content\/uploads\/2006-06-22-CIMG9001.jpg 1067w\" sizes=\"auto, (max-width: 350px) 100vw, 350px\" \/><\/a>Eigentlich gedacht als kleine Nebenunterhaltung zu meinem \u201cLauftreff Grunewald\u201d (2005 &#8211; 2010), habe ich seit 2005 Lauftreff-Fotografien in Beziehung zu historischen Postkarten und Landkarten und sp\u00e4ter auch zu historischen Wanderf\u00fchren gesetzt.<\/span><\/p>\n<p style=\"text-align: justify;\"><span style=\"font-family: arial, helvetica, sans-serif; font-size: 12pt;\">Mittlerweile ist es wohl die gr\u00f6\u00dfte und dar\u00fcber hinaus geordnete (A-Z) Sammlung von Fotos und Ansichten \u00fcber unseren Berliner GruneWald geworden, welche im Internet ver\u00f6ffentlicht ist.<\/span><\/p>\n<p style=\"text-align: justify;\"><span style=\"font-family: arial, helvetica, sans-serif; font-size: 12pt;\">Mein herzlicher Dank geht an jene Laufsportlerinnen und Laufsportler, welche in den vergangenen Jahren gemeinsam mit mir unseren GruneWald durchlaufen haben und sich hierbei auch von mir fotografieren lie\u00dfen.<\/span><\/p>\n<p style=\"text-align: justify;\"><span style=\"font-family: arial, helvetica, sans-serif; font-size: 12pt;\"><a href=\"https:\/\/forst-grunewald.de\/wp-content\/uploads\/2016-12-05-Teufelsberg-DSC00725-klein-png.png\" target=\"_blank\" rel=\"noopener\"><img loading=\"lazy\" decoding=\"async\" class=\"wp-image-41912 alignleft\" src=\"https:\/\/forst-grunewald.de\/wp-content\/uploads\/2016-12-05-Teufelsberg-DSC00725-klein-png.png\" alt=\"\" width=\"350\" height=\"197\" srcset=\"https:\/\/forst-grunewald.de\/wp-content\/uploads\/2016-12-05-Teufelsberg-DSC00725-klein-png.png 1920w, https:\/\/forst-grunewald.de\/wp-content\/uploads\/2016-12-05-Teufelsberg-DSC00725-klein-png-450x253.png 450w, https:\/\/forst-grunewald.de\/wp-content\/uploads\/2016-12-05-Teufelsberg-DSC00725-klein-png-1600x899.png 1600w, https:\/\/forst-grunewald.de\/wp-content\/uploads\/2016-12-05-Teufelsberg-DSC00725-klein-png-200x112.png 200w, https:\/\/forst-grunewald.de\/wp-content\/uploads\/2016-12-05-Teufelsberg-DSC00725-klein-png-768x432.png 768w, https:\/\/forst-grunewald.de\/wp-content\/uploads\/2016-12-05-Teufelsberg-DSC00725-klein-png-1536x863.png 1536w\" sizes=\"auto, (max-width: 350px) 100vw, 350px\" \/><\/a>Dadurch enth\u00e4lt diese Website nicht nur eine riesengro\u00dfe Sammlung historischer Ansichten und ein Abbild der zum Teil bemerkenswert sch\u00f6nen Landschaft am Rande einer Gro\u00dfstadt, sondern unserem Wald wird somit zus\u00e4tzlich auch eine menschliche Lebendigkeit verliehen, welche die Nutzung des Grunewalds (auch) als \u201cBerlin\u2019s L\u00e4uferparadies\u201d zeitgem\u00e4\u00df darstellt.<\/span><\/p>\n<p style=\"text-align: justify;\"><span style=\"font-family: arial, helvetica, sans-serif; font-size: 12pt;\">Diese Seite erhebt keinesfalls einen Anspruch auf Vollst\u00e4ndigkeit und Richtigkeit. Wer etwas \u201cbeisteuern\u201d m\u00f6chte, kann gerne <a href=\"https:\/\/forst-grunewald.de\/?page_id=2\" target=\"_blank\" rel=\"noopener noreferrer\">Kontakt<\/a> mit mir aufnehmen. Ansonsten wird diese Seite fortlaufend weiterentwickelt und ich w\u00fcnsche Ihnen gute Unterhaltung.<\/span><\/p>\n<p style=\"text-align: justify;\"><span style=\"font-family: arial, helvetica, sans-serif; font-size: 12pt;\">Aus dem Lauftreff Grunewald heraus, hat sich au\u00dferdem noch meine Webseite <a href=\"https:\/\/www.berliner-dampfer.de\" target=\"_blank\" rel=\"noopener noreferrer\">&#8222;Berliner Dampfer&#8220;<\/a> entwickelt.<\/span><\/p>\n<p style=\"text-align: justify;\"><span style=\"font-family: arial, helvetica, sans-serif; font-size: 12pt;\"><strong>Uwe Gerber<br \/>\n<\/strong>01. Mai 2009<strong><br \/>\n<\/strong><\/span><\/p>\n<p><span style=\"font-family: arial, helvetica, sans-serif; font-size: 12pt;\">PS. Ab dem 23. Mai 2012 stellte ich diese Webseite von einem html-Format auf WordPress um.<br \/>\nPS. Ab dem 29. Juni 2026 ein neues WordPress-Design.<\/span><\/p>\n<p>&nbsp;<\/p>\n<p><span style=\"text-decoration: underline;\"><span style=\"font-family: arial, helvetica, sans-serif; font-size: 12pt;\">Bilder:<\/span><\/span><br \/>\n<span style=\"font-family: arial, helvetica, sans-serif; font-size: 12pt;\">18.04.1911: Der <a href=\"https:\/\/forst-grunewald.de\/?page_id=1047\" target=\"_blank\" rel=\"noopener\">Pechsee<\/a> (Logo). Gezeichnet am 18.04.1911 von <a href=\"https:\/\/forst-grunewald.de\/?page_id=14960\" target=\"_blank\" rel=\"noopener\">Adolph Doebber<\/a>.<br \/>\n10.06.2012: Am Havelufer, Blick von Gatow auf den Grunewaldturm auf dem Karslberg.<br \/>\n11.10.2013: Blick vom <a href=\"https:\/\/forst-grunewald.de\/?page_id=3776\" target=\"_blank\" rel=\"noopener\">Teufelsberg<\/a>-Radarstation (ehem. <a href=\"https:\/\/forst-grunewald.de\/?page_id=3792\" target=\"_blank\" rel=\"noopener\">Skihang<\/a>) Richtung <a href=\"https:\/\/forst-grunewald.de\/?page_id=1150\" target=\"_blank\" rel=\"noopener\">Teufelsfenn<\/a>.<br \/>\n05.12.2016: Blick vom <a href=\"https:\/\/forst-grunewald.de\/?page_id=3776\" target=\"_blank\" rel=\"noopener\">Teufelsberg<\/a>-Plateau in Richtung <a href=\"https:\/\/forst-grunewald.de\/?page_id=1280\" target=\"_blank\" rel=\"noopener\">Torfgraben<\/a>\/<a href=\"https:\/\/forst-grunewald.de\/?page_id=1111\" target=\"_blank\" rel=\"noopener\">Postfenn<\/a> bzw. <a href=\"https:\/\/forst-grunewald.de\/?page_id=5139\" target=\"_blank\" rel=\"noopener\">Kiesgrube Postfenn<\/a><\/span><\/p>\n","protected":false},"excerpt":{"rendered":"<p>&nbsp; &nbsp; Eigentlich gedacht als kleine Nebenunterhaltung zu meinem \u201cLauftreff Grunewald\u201d (2005 &#8211; 2010), habe ich seit 2005 Lauftreff-Fotografien in Beziehung zu historischen Postkarten und&hellip;<\/p>\n","protected":false},"author":1,"featured_media":0,"parent":0,"menu_order":0,"comment_status":"closed","ping_status":"closed","template":"","meta":{"ngg_post_thumbnail":0,"iawp_total_views":762,"footnotes":""},"class_list":["post-49","page","type-page","status-publish","hentry"],"_links":{"self":[{"href":"https:\/\/forst-grunewald.de\/index.php?rest_route=\/wp\/v2\/pages\/49","targetHints":{"allow":["GET"]}}],"collection":[{"href":"https:\/\/forst-grunewald.de\/index.php?rest_route=\/wp\/v2\/pages"}],"about":[{"href":"https:\/\/forst-grunewald.de\/index.php?rest_route=\/wp\/v2\/types\/page"}],"author":[{"embeddable":true,"href":"https:\/\/forst-grunewald.de\/index.php?rest_route=\/wp\/v2\/users\/1"}],"replies":[{"embeddable":true,"href":"https:\/\/forst-grunewald.de\/index.php?rest_route=%2Fwp%2Fv2%2Fcomments&post=49"}],"version-history":[{"count":130,"href":"https:\/\/forst-grunewald.de\/index.php?rest_route=\/wp\/v2\/pages\/49\/revisions"}],"predecessor-version":[{"id":43946,"href":"https:\/\/forst-grunewald.de\/index.php?rest_route=\/wp\/v2\/pages\/49\/revisions\/43946"}],"wp:attachment":[{"href":"https:\/\/forst-grunewald.de\/index.php?rest_route=%2Fwp%2Fv2%2Fmedia&parent=49"}],"curies":[{"name":"wp","href":"https:\/\/api.w.org\/{rel}","templated":true}]}}