{"id":4659,"date":"2013-06-18T15:21:27","date_gmt":"2013-06-18T14:21:27","guid":{"rendered":"http:\/\/forst-grunewald.de\/?page_id=4659"},"modified":"2025-04-28T17:02:26","modified_gmt":"2025-04-28T16:02:26","slug":"pichelsberg","status":"publish","type":"page","link":"https:\/\/forst-grunewald.de\/?page_id=4659","title":{"rendered":"Pichelsberge und Breite Berg"},"content":{"rendered":"<p style=\"text-align: justify;\"><a href=\"https:\/\/forst-grunewald.de\/wp-content\/uploads\/1914-Baedeker-Pichlsberg-Breite-Berg-klein.jpg\" target=\"_blank\" rel=\"noopener\"><img loading=\"lazy\" decoding=\"async\" class=\"alignright wp-image-4702\" style=\"border: 1px solid black;\" src=\"https:\/\/forst-grunewald.de\/wp-content\/uploads\/1914-Baedeker-Pichlsberg-Breite-Berg-klein.jpg\" alt=\"1914 Baedeker Pichlsberg-Breite Berg klein\" width=\"451\" height=\"544\" srcset=\"https:\/\/forst-grunewald.de\/wp-content\/uploads\/1914-Baedeker-Pichlsberg-Breite-Berg-klein.jpg 705w, https:\/\/forst-grunewald.de\/wp-content\/uploads\/1914-Baedeker-Pichlsberg-Breite-Berg-klein-124x150.jpg 124w, https:\/\/forst-grunewald.de\/wp-content\/uploads\/1914-Baedeker-Pichlsberg-Breite-Berg-klein-248x300.jpg 248w, https:\/\/forst-grunewald.de\/wp-content\/uploads\/1914-Baedeker-Pichlsberg-Breite-Berg-klein-400x482.jpg 400w\" sizes=\"auto, (max-width: 451px) 100vw, 451px\" \/><\/a>Den \u201cPichelsberg\u201d als eigentlichen Berg gibt es eigentlich gar nicht. Denn l\u00e4uft man den Berg ab, so findet sich keine Bergspitze. Vielmehr ist der Pichelsberg ein Plateau.<\/p>\n<p style=\"text-align: justify;\">Unber\u00fccksichtigt des Umstandes, dass das Plateau des Pichelsberges durch die S-Bahntrasse zwischen den Bahnh\u00f6fen Olympiastadion und Pichelsberg zerteilt ist, befindet sich das Horst-Korber-Sportzentrum und das Olympiastadion mit dem gesamten Gel\u00e4nde des Olympiapark auf dem Pichelsberg.<\/p>\n<p style=\"text-align: justify;\">Eingerahmt wird das Pichelsberg-Plateau wie folgt:<\/p>\n<p style=\"text-align: justify;\">N\u00f6rdlich:<\/p>\n<ul style=\"text-align: justify;\">\n<li><a href=\"https:\/\/forst-grunewald.de\/?page_id=5426\" target=\"_blank\" rel=\"noopener noreferrer\">Murellenschlucht<\/a> und Flie\u00dfwiese Ruhleben (hohe B\u00f6schung mit <a href=\"https:\/\/forst-grunewald.de\/wp-content\/gallery\/pichelsberge\/1955-04-07-BREITE-BERG-OLYMPIAGELAeNDE-Ausssicht-nach-SIEDLUNG-RUHLEBEN-klein.jpg\" target=\"_blank\" rel=\"noopener\">Fernsicht<\/a>, welche allerdings durch hohe Baumkronen eingeschr\u00e4nkt ist). Dahinter dann das Tal der Spree (&#8222;Berliner Urstromtal&#8220;) bzw. das <a href=\"https:\/\/de.wikipedia.org\/wiki\/Warschau-Berliner_Urstromtal\" target=\"_blank\" rel=\"noopener\">&#8222;Warschau-Berliner-Urstromtal&#8220;<\/a>.<\/li>\n<\/ul>\n<p style=\"text-align: justify;\">\u00d6stlich:<\/p>\n<ul style=\"text-align: justify;\">\n<li><a href=\"https:\/\/forst-grunewald.de\/?page_id=8496\" target=\"_blank\" rel=\"noopener noreferrer\">Murellensee<\/a> und tiefliegendes U-Bahn Werkstattgel\u00e4nde bzw. auf fast 1 km L\u00e4nge abfallende Rominter Allee und Hans-Braun-Stra\u00dfe (Osteingang Olympiapark), der flach abfallende Olympische Platz und die Olympische Stra\u00dfe mit der Olympischen Br\u00fccke \u00fcber die U-und Fernbahntrasse sowie der tief gelegene <a href=\"https:\/\/forst-grunewald.de\/?page_id=8502\" target=\"_blank\" rel=\"noopener noreferrer\">Sausuhlensee<\/a>.<\/li>\n<\/ul>\n<p style=\"text-align: justify;\">S\u00fcdlich:<\/p>\n<ul style=\"text-align: justify;\">\n<li>Heerstra\u00dfe (Anstieg Flatowallee, Scholzplatz\/Schirwindter Allee und Glockenturmstra\u00dfe bzw. weiter entfernt Rupenhorn \/ <a href=\"https:\/\/forst-grunewald.de\/?page_id=1111\" target=\"_blank\" rel=\"noopener noreferrer\">Postfenn<\/a> \/ <a href=\"https:\/\/forst-grunewald.de\/?page_id=1280\" target=\"_blank\" rel=\"noopener noreferrer\">Torfst\u00e4tten Grund<\/a><\/li>\n<\/ul>\n<p style=\"text-align: justify;\">Westlich:<\/p>\n<ul style=\"text-align: justify;\">\n<li>Der kleine <a href=\"https:\/\/forst-grunewald.de\/?page_id=4498\" target=\"_blank\" rel=\"noopener noreferrer\">Judenberg<\/a> und den <a href=\"https:\/\/forst-grunewald.de\/?page_id=4432\" target=\"_blank\" rel=\"noopener noreferrer\">St\u00f6\u00dfensee<\/a> bzw. Wasserwerk Tiefwerder<\/li>\n<\/ul>\n<p style=\"text-align: justify;\">Den bei Berdrow 1902 ausgewiesenen \u201c<strong>Breite Berg<\/strong>\u201d kann ich nicht zum Pichelsberg abgrenzen. M\u00f6glicherweise l\u00e4sst sich damit das Plateau n\u00f6rdlich der S-Bahntrasse zuordnen. Allerdings taucht der Name \u201cBreite Berg\u201d meines Wissens heute nirgendwo mehr auf. Ansonsten gehe ich davon aus, dass es sich nicht um eine topografische, sondern um eine regionale Gebietsabgrenzung handelt. M\u00f6glicherweise leitet sich durch die nicht klare Gebietstrennung auch die Bezeichnung \u201cPichelsberg<span style=\"text-decoration: underline;\">e<\/span>\u201d ab?<\/p>\n<ul style=\"text-align: justify;\">\n<li>Das Plateau Richtung Pichelsdorf\/<a href=\"https:\/\/forst-grunewald.de\/?page_id=4645\" target=\"_blank\" rel=\"noopener noreferrer\">Pichelssee<\/a>\/<a href=\"https:\/\/forst-grunewald.de\/?page_id=4060\" target=\"_blank\" rel=\"noopener noreferrer\">Pichelswerder<\/a>\/<a href=\"https:\/\/forst-grunewald.de\/?page_id=4432\" target=\"_blank\" rel=\"noopener noreferrer\">St\u00f6\u00dfensee<\/a> ist demnach der Pichelsberg (einschlie\u00dflich des kleinen <a href=\"https:\/\/forst-grunewald.de\/?page_id=4498\" target=\"_blank\" rel=\"noopener noreferrer\">Judenberg<\/a>),<\/li>\n<li>w\u00e4hrend das Plateau Richtung Ruhleben und Westend der Breite Berg ist.<\/li>\n<li>S\u00fcdlich verl\u00e4uft das von der Heerstra\u00dfe \u201cdurchtrennte\u201d Plateau bis zum <a href=\"https:\/\/forst-grunewald.de\/?page_id=1280\" target=\"_blank\" rel=\"noopener noreferrer\">Torfgraben<\/a>, ohne jedoch, dass das s\u00fcdliche Plateau auf den Kartenmaterialien namentlich benannt ist.<\/li>\n<\/ul>\n<p style=\"text-align: justify;\">Die heutige Heerstra\u00dfe zwischen Scholzplatz und der <a href=\"https:\/\/forst-grunewald.de\/?page_id=4412\" target=\"_blank\" rel=\"noopener noreferrer\">St\u00f6ssenseebr\u00fccke<\/a> wurde offensichtlich in das Gel\u00e4nde \u201ceingegraben\u201d, wie anhand der beidseitigen W\u00e4lle direkt neben der Heerstra\u00dfe ersichtlich ist.<br \/>\n<a href=\"https:\/\/forst-grunewald.de\/?page_id=676\" target=\"_blank\" rel=\"noopener noreferrer\">Berdrow<\/a> stellt das Gebiet 1902 in seiner Handzeichnung eindrucksvoll wie folgt dar:<\/p>\n<p style=\"text-align: center;\"><a href=\"https:\/\/forst-grunewald.de\/wp-content\/uploads\/1902-Pichelsberg-Gliederung-Berdrow.jpg\" target=\"_blank\" rel=\"noopener noreferrer\"><img loading=\"lazy\" decoding=\"async\" class=\"aligncenter size-medium wp-image-4662\" style=\"border: 1px solid black;\" src=\"https:\/\/forst-grunewald.de\/wp-content\/uploads\/1902-Pichelsberg-Gliederung-Berdrow-300x244.jpg\" alt=\"1902 Pichelsberg Gliederung Berdrow\" width=\"300\" height=\"244\" srcset=\"https:\/\/forst-grunewald.de\/wp-content\/uploads\/1902-Pichelsberg-Gliederung-Berdrow-300x244.jpg 300w, https:\/\/forst-grunewald.de\/wp-content\/uploads\/1902-Pichelsberg-Gliederung-Berdrow-150x122.jpg 150w, https:\/\/forst-grunewald.de\/wp-content\/uploads\/1902-Pichelsberg-Gliederung-Berdrow-400x325.jpg 400w, https:\/\/forst-grunewald.de\/wp-content\/uploads\/1902-Pichelsberg-Gliederung-Berdrow.jpg 568w\" sizes=\"auto, (max-width: 300px) 100vw, 300px\" \/><\/a><\/p>\n<p>H\u00f6henmessungen m\u00f6gen eventuell zu einem anderen Ergebnis kommen, nach meiner Orstkenntnis erscheint mit diese Zeichnung jedoch auch heute noch insgesamt plausibel. Wunderbar ist das Gebiet auch dargestellt auf dem Planauschnitt aus dem Jahr <a href=\"https:\/\/forst-grunewald.de\/wp-content\/uploads\/1914-Baedeker-Pichlsberg-Breite-Berg-klein.jpg\" target=\"_blank\" rel=\"noopener noreferrer\">1914<\/a> oben rechts.<\/p>\n<ul>\n<li><a href=\"http:\/\/www.morgenpost.de\/berlin-aktuell\/article119445128\/Berlin-versinkt-im-Meer-wenn-die-Polkappen-schmelzen.html\" target=\"_blank\" rel=\"noopener noreferrer\">2013<\/a> &#8211; <strong>Wenn die Polkapen schmelzen, was bleibt dann von Berlin \u00fcbrig?<\/strong><\/li>\n<\/ul>\n<div>\n<div>\n<div style=\"padding-left: 30px; text-align: justify;\"><div class=\"spoiler-wrap\">\n\t\t\t\t<div class=\"spoiler-head folded\">Spoiler<\/div>\n\t\t\t\t<div class=\"spoiler-body\">D<a href=\"https:\/\/forst-grunewald.de\/wp-content\/uploads\/2013-Hoechste-Erhebungen-in-Berlin.jpg\" target=\"_blank\" rel=\"noopener noreferrer\"><img loading=\"lazy\" decoding=\"async\" class=\"size-thumbnail wp-image-5155 alignright\" style=\"border: 1px solid black\" src=\"https:\/\/forst-grunewald.de\/wp-content\/uploads\/2013-Hoechste-Erhebungen-in-Berlin-150x134.jpg\" alt=\"2013 Hoechste Erhebungen in Berlin\" width=\"150\" height=\"134\" srcset=\"https:\/\/forst-grunewald.de\/wp-content\/uploads\/2013-Hoechste-Erhebungen-in-Berlin-150x134.jpg 150w, https:\/\/forst-grunewald.de\/wp-content\/uploads\/2013-Hoechste-Erhebungen-in-Berlin-300x269.jpg 300w, https:\/\/forst-grunewald.de\/wp-content\/uploads\/2013-Hoechste-Erhebungen-in-Berlin-400x359.jpg 400w, https:\/\/forst-grunewald.de\/wp-content\/uploads\/2013-Hoechste-Erhebungen-in-Berlin.jpg 941w\" sizes=\"auto, (max-width: 150px) 100vw, 150px\" \/><\/a>ie Berliner Morgenpost hat sich, abgeleitet aus einem <a href=\"http:\/\/www.nationalgeographic.de\/reportagen\/meeresspiegel-vor-uns-die-sinflut\" target=\"_blank\" rel=\"noopener noreferrer\">Artikel<\/a> von National Geographic Deutschland, mit der Frage besch\u00e4ftigt, was von Berlin \u00fcbrig bleiben w\u00fcrde, wenn die Polarkappen abschmelzen und der Meerespiegel um 66 Meter ansteigen w\u00fcrde. Dazu wurde eine Karte ver\u00f6ffentlicht. Schaut man sich diese Karte an, so w\u00fcrden vom Grunewald folgende Gebiete \u00fcbrigbleiben: Breite Berg &#8211; Pichelsberge &#8211; <a href=\"https:\/\/forst-grunewald.de\/?page_id=291\" target=\"_blank\" rel=\"noopener noreferrer\">Dachsberg<\/a> bei Schildhon &#8211; <a href=\"https:\/\/forst-grunewald.de\/?page_id=1749\" target=\"_blank\" rel=\"noopener noreferrer\">Karlsberg<\/a> &#8211; <a href=\"https:\/\/forst-grunewald.de\/?page_id=1893\" target=\"_blank\" rel=\"noopener noreferrer\">Havelberg<\/a> und nat\u00fcrlich der <a href=\"https:\/\/forst-grunewald.de\/?page_id=3776\" target=\"_blank\" rel=\"noopener noreferrer\">Teufelsberg<\/a>.<br \/>\n<b><br \/>\n<\/b>Das ist nat\u00fcrlich Quatsch, denn wenn der Meeresspiegel tats\u00e4chlich ansteigen sollte, ist es fraglich, ob diese &#8222;Streusandb\u00fcchsenberge&#8220; &#8222;\u00fcberleben&#8220; k\u00f6nnten und nicht einfach &#8222;weggeschwemmt&#8220; w\u00fcrden. Aber die mitgelieferte Karte zeigt zum einen sehr sch\u00f6n die h\u00f6chsten Erhebungen in Berlin und dabei eben auch das Areal Breite Berg und Pichelsberg<span style=\"text-decoration: underline\">e<\/span>. Dieses Areal wird in der Karte als &#8222;Forst Westend&#8220; bezeichnet.<br \/>\n<\/div>\n\t\t\t<\/div><\/div>\n<\/div>\n<\/div>\n<p>&nbsp;<\/p>\nngg_shortcode_0_placeholder\n<p>&nbsp;<\/p>\n","protected":false},"excerpt":{"rendered":"<p>Den \u201cPichelsberg\u201d als eigentlichen Berg gibt es eigentlich gar nicht. Denn l\u00e4uft man den Berg ab, so findet sich keine Bergspitze. Vielmehr ist der Pichelsberg&hellip;<\/p>\n","protected":false},"author":1,"featured_media":0,"parent":0,"menu_order":0,"comment_status":"closed","ping_status":"closed","template":"template-fullwidth.php","meta":{"ngg_post_thumbnail":0,"iawp_total_views":48,"footnotes":""},"class_list":["post-4659","page","type-page","status-publish","hentry"],"_links":{"self":[{"href":"https:\/\/forst-grunewald.de\/index.php?rest_route=\/wp\/v2\/pages\/4659","targetHints":{"allow":["GET"]}}],"collection":[{"href":"https:\/\/forst-grunewald.de\/index.php?rest_route=\/wp\/v2\/pages"}],"about":[{"href":"https:\/\/forst-grunewald.de\/index.php?rest_route=\/wp\/v2\/types\/page"}],"author":[{"embeddable":true,"href":"https:\/\/forst-grunewald.de\/index.php?rest_route=\/wp\/v2\/users\/1"}],"replies":[{"embeddable":true,"href":"https:\/\/forst-grunewald.de\/index.php?rest_route=%2Fwp%2Fv2%2Fcomments&post=4659"}],"version-history":[{"count":35,"href":"https:\/\/forst-grunewald.de\/index.php?rest_route=\/wp\/v2\/pages\/4659\/revisions"}],"predecessor-version":[{"id":41721,"href":"https:\/\/forst-grunewald.de\/index.php?rest_route=\/wp\/v2\/pages\/4659\/revisions\/41721"}],"wp:attachment":[{"href":"https:\/\/forst-grunewald.de\/index.php?rest_route=%2Fwp%2Fv2%2Fmedia&parent=4659"}],"curies":[{"name":"wp","href":"https:\/\/api.w.org\/{rel}","templated":true}]}}

<p style="text-align: justify;"><a href="https://forst-grunewald.de/wp-content/uploads/1914-Baedeker-Pichlsberg-Breite-Berg-klein.jpg" target="_blank" rel="noopener"><img loading="lazy" decoding="async" class="alignright wp-image-4702" style="border: 1px solid black;" src="https://forst-grunewald.de/wp-content/uploads/1914-Baedeker-Pichlsberg-Breite-Berg-klein.jpg" alt="1914 Baedeker Pichlsberg-Breite Berg klein" width="451" height="544" srcset="https://forst-grunewald.de/wp-content/uploads/1914-Baedeker-Pichlsberg-Breite-Berg-klein.jpg 705w, https://forst-grunewald.de/wp-content/uploads/1914-Baedeker-Pichlsberg-Breite-Berg-klein-124x150.jpg 124w, https://forst-grunewald.de/wp-content/uploads/1914-Baedeker-Pichlsberg-Breite-Berg-klein-248x300.jpg 248w, https://forst-grunewald.de/wp-content/uploads/1914-Baedeker-Pichlsberg-Breite-Berg-klein-400x482.jpg 400w" sizes="auto, (max-width: 451px) 100vw, 451px" /></a>Den “Pichelsberg” als eigentlichen Berg gibt es eigentlich gar nicht. Denn läuft man den Berg ab, so findet sich keine Bergspitze. Vielmehr ist der Pichelsberg ein Plateau.</p>
<p style="text-align: justify;">Unberücksichtigt des Umstandes, dass das Plateau des Pichelsberges durch die S-Bahntrasse zwischen den Bahnhöfen Olympiastadion und Pichelsberg zerteilt ist, befindet sich das Horst-Korber-Sportzentrum und das Olympiastadion mit dem gesamten Gelände des Olympiapark auf dem Pichelsberg.</p>
<p style="text-align: justify;">Eingerahmt wird das Pichelsberg-Plateau wie folgt:</p>
<p style="text-align: justify;">Nördlich:</p>
<ul style="text-align: justify;">
<li><a href="https://forst-grunewald.de/?page_id=5426" target="_blank" rel="noopener noreferrer">Murellenschlucht</a> und Fließwiese Ruhleben (hohe Böschung mit <a href="https://forst-grunewald.de/wp-content/gallery/pichelsberge/1955-04-07-BREITE-BERG-OLYMPIAGELAeNDE-Ausssicht-nach-SIEDLUNG-RUHLEBEN-klein.jpg" target="_blank" rel="noopener">Fernsicht</a>, welche allerdings durch hohe Baumkronen eingeschränkt ist). Dahinter dann das Tal der Spree (&#8222;Berliner Urstromtal&#8220;) bzw. das <a href="https://de.wikipedia.org/wiki/Warschau-Berliner_Urstromtal" target="_blank" rel="noopener">&#8222;Warschau-Berliner-Urstromtal&#8220;</a>.</li>
</ul>
<p style="text-align: justify;">Östlich:</p>
<ul style="text-align: justify;">
<li><a href="https://forst-grunewald.de/?page_id=8496" target="_blank" rel="noopener noreferrer">Murellensee</a> und tiefliegendes U-Bahn Werkstattgelände bzw. auf fast 1 km Länge abfallende Rominter Allee und Hans-Braun-Straße (Osteingang Olympiapark), der flach abfallende Olympische Platz und die Olympische Straße mit der Olympischen Brücke über die U-und Fernbahntrasse sowie der tief gelegene <a href="https://forst-grunewald.de/?page_id=8502" target="_blank" rel="noopener noreferrer">Sausuhlensee</a>.</li>
</ul>
<p style="text-align: justify;">Südlich:</p>
<ul style="text-align: justify;">
<li>Heerstraße (Anstieg Flatowallee, Scholzplatz/Schirwindter Allee und Glockenturmstraße bzw. weiter entfernt Rupenhorn / <a href="https://forst-grunewald.de/?page_id=1111" target="_blank" rel="noopener noreferrer">Postfenn</a> / <a href="https://forst-grunewald.de/?page_id=1280" target="_blank" rel="noopener noreferrer">Torfstätten Grund</a></li>
</ul>
<p style="text-align: justify;">Westlich:</p>
<ul style="text-align: justify;">
<li>Der kleine <a href="https://forst-grunewald.de/?page_id=4498" target="_blank" rel="noopener noreferrer">Judenberg</a> und den <a href="https://forst-grunewald.de/?page_id=4432" target="_blank" rel="noopener noreferrer">Stößensee</a> bzw. Wasserwerk Tiefwerder</li>
</ul>
<p style="text-align: justify;">Den bei Berdrow 1902 ausgewiesenen “<strong>Breite Berg</strong>” kann ich nicht zum Pichelsberg abgrenzen. Möglicherweise lässt sich damit das Plateau nördlich der S-Bahntrasse zuordnen. Allerdings taucht der Name “Breite Berg” meines Wissens heute nirgendwo mehr auf. Ansonsten gehe ich davon aus, dass es sich nicht um eine topografische, sondern um eine regionale Gebietsabgrenzung handelt. Möglicherweise leitet sich durch die nicht klare Gebietstrennung auch die Bezeichnung “Pichelsberg<span style="text-decoration: underline;">e</span>” ab?</p>
<ul style="text-align: justify;">
<li>Das Plateau Richtung Pichelsdorf/<a href="https://forst-grunewald.de/?page_id=4645" target="_blank" rel="noopener noreferrer">Pichelssee</a>/<a href="https://forst-grunewald.de/?page_id=4060" target="_blank" rel="noopener noreferrer">Pichelswerder</a>/<a href="https://forst-grunewald.de/?page_id=4432" target="_blank" rel="noopener noreferrer">Stößensee</a> ist demnach der Pichelsberg (einschließlich des kleinen <a href="https://forst-grunewald.de/?page_id=4498" target="_blank" rel="noopener noreferrer">Judenberg</a>),</li>
<li>während das Plateau Richtung Ruhleben und Westend der Breite Berg ist.</li>
<li>Südlich verläuft das von der Heerstraße “durchtrennte” Plateau bis zum <a href="https://forst-grunewald.de/?page_id=1280" target="_blank" rel="noopener noreferrer">Torfgraben</a>, ohne jedoch, dass das südliche Plateau auf den Kartenmaterialien namentlich benannt ist.</li>
</ul>
<p style="text-align: justify;">Die heutige Heerstraße zwischen Scholzplatz und der <a href="https://forst-grunewald.de/?page_id=4412" target="_blank" rel="noopener noreferrer">Stössenseebrücke</a> wurde offensichtlich in das Gelände “eingegraben”, wie anhand der beidseitigen Wälle direkt neben der Heerstraße ersichtlich ist.<br />
<a href="https://forst-grunewald.de/?page_id=676" target="_blank" rel="noopener noreferrer">Berdrow</a> stellt das Gebiet 1902 in seiner Handzeichnung eindrucksvoll wie folgt dar:</p>
<p style="text-align: center;"><a href="https://forst-grunewald.de/wp-content/uploads/1902-Pichelsberg-Gliederung-Berdrow.jpg" target="_blank" rel="noopener noreferrer"><img loading="lazy" decoding="async" class="aligncenter size-medium wp-image-4662" style="border: 1px solid black;" src="https://forst-grunewald.de/wp-content/uploads/1902-Pichelsberg-Gliederung-Berdrow-300x244.jpg" alt="1902 Pichelsberg Gliederung Berdrow" width="300" height="244" srcset="https://forst-grunewald.de/wp-content/uploads/1902-Pichelsberg-Gliederung-Berdrow-300x244.jpg 300w, https://forst-grunewald.de/wp-content/uploads/1902-Pichelsberg-Gliederung-Berdrow-150x122.jpg 150w, https://forst-grunewald.de/wp-content/uploads/1902-Pichelsberg-Gliederung-Berdrow-400x325.jpg 400w, https://forst-grunewald.de/wp-content/uploads/1902-Pichelsberg-Gliederung-Berdrow.jpg 568w" sizes="auto, (max-width: 300px) 100vw, 300px" /></a></p>
<p>Höhenmessungen mögen eventuell zu einem anderen Ergebnis kommen, nach meiner Orstkenntnis erscheint mit diese Zeichnung jedoch auch heute noch insgesamt plausibel. Wunderbar ist das Gebiet auch dargestellt auf dem Planauschnitt aus dem Jahr <a href="https://forst-grunewald.de/wp-content/uploads/1914-Baedeker-Pichlsberg-Breite-Berg-klein.jpg" target="_blank" rel="noopener noreferrer">1914</a> oben rechts.</p>
<ul>
<li><a href="http://www.morgenpost.de/berlin-aktuell/article119445128/Berlin-versinkt-im-Meer-wenn-die-Polkappen-schmelzen.html" target="_blank" rel="noopener noreferrer">2013</a> &#8211; <strong>Wenn die Polkapen schmelzen, was bleibt dann von Berlin übrig?</strong></li>
</ul>
<div>
<div>
<div style="padding-left: 30px; text-align: justify;"><div class="spoiler-wrap">
				<div class="spoiler-head folded">Spoiler</div>
				<div class="spoiler-body">D<a href="https://forst-grunewald.de/wp-content/uploads/2013-Hoechste-Erhebungen-in-Berlin.jpg" target="_blank" rel="noopener noreferrer"><img loading="lazy" decoding="async" class="size-thumbnail wp-image-5155 alignright" style="border: 1px solid black" src="https://forst-grunewald.de/wp-content/uploads/2013-Hoechste-Erhebungen-in-Berlin-150x134.jpg" alt="2013 Hoechste Erhebungen in Berlin" width="150" height="134" srcset="https://forst-grunewald.de/wp-content/uploads/2013-Hoechste-Erhebungen-in-Berlin-150x134.jpg 150w, https://forst-grunewald.de/wp-content/uploads/2013-Hoechste-Erhebungen-in-Berlin-300x269.jpg 300w, https://forst-grunewald.de/wp-content/uploads/2013-Hoechste-Erhebungen-in-Berlin-400x359.jpg 400w, https://forst-grunewald.de/wp-content/uploads/2013-Hoechste-Erhebungen-in-Berlin.jpg 941w" sizes="auto, (max-width: 150px) 100vw, 150px" /></a>ie Berliner Morgenpost hat sich, abgeleitet aus einem <a href="http://www.nationalgeographic.de/reportagen/meeresspiegel-vor-uns-die-sinflut" target="_blank" rel="noopener noreferrer">Artikel</a> von National Geographic Deutschland, mit der Frage beschäftigt, was von Berlin übrig bleiben würde, wenn die Polarkappen abschmelzen und der Meerespiegel um 66 Meter ansteigen würde. Dazu wurde eine Karte veröffentlicht. Schaut man sich diese Karte an, so würden vom Grunewald folgende Gebiete übrigbleiben: Breite Berg &#8211; Pichelsberge &#8211; <a href="https://forst-grunewald.de/?page_id=291" target="_blank" rel="noopener noreferrer">Dachsberg</a> bei Schildhon &#8211; <a href="https://forst-grunewald.de/?page_id=1749" target="_blank" rel="noopener noreferrer">Karlsberg</a> &#8211; <a href="https://forst-grunewald.de/?page_id=1893" target="_blank" rel="noopener noreferrer">Havelberg</a> und natürlich der <a href="https://forst-grunewald.de/?page_id=3776" target="_blank" rel="noopener noreferrer">Teufelsberg</a>.<br />
<b><br />
</b>Das ist natürlich Quatsch, denn wenn der Meeresspiegel tatsächlich ansteigen sollte, ist es fraglich, ob diese &#8222;Streusandbüchsenberge&#8220; &#8222;überleben&#8220; könnten und nicht einfach &#8222;weggeschwemmt&#8220; würden. Aber die mitgelieferte Karte zeigt zum einen sehr schön die höchsten Erhebungen in Berlin und dabei eben auch das Areal Breite Berg und Pichelsberg<span style="text-decoration: underline">e</span>. Dieses Areal wird in der Karte als &#8222;Forst Westend&#8220; bezeichnet.<br />
</div>
			</div></div>
</div>
</div>
<p>&nbsp;</p>
ngg_shortcode_0_placeholder
<p>&nbsp;</p>

<p>Den “Pichelsberg” als eigentlichen Berg gibt es eigentlich gar nicht. Denn läuft man den Berg ab, so findet sich keine Bergspitze. Vielmehr ist der Pichelsberg&hellip;</p>
