{"id":4368,"date":"2013-05-01T11:59:17","date_gmt":"2013-05-01T10:59:17","guid":{"rendered":"http:\/\/forst-grunewald.de\/?page_id=4368"},"modified":"2026-02-11T15:19:04","modified_gmt":"2026-02-11T14:19:04","slug":"haus-bohm","status":"publish","type":"page","link":"https:\/\/forst-grunewald.de\/?page_id=4368","title":{"rendered":"Haus B\u00f6hm"},"content":{"rendered":"<p style=\"text-align: justify;\"><a href=\"https:\/\/forst-grunewald.de\/wp-content\/uploads\/1910-ca.-Haus-Boehm-a.jpg\" target=\"_blank\" rel=\"noopener noreferrer\"><img loading=\"lazy\" decoding=\"async\" class=\"alignright wp-image-4371\" style=\"border: 1px solid black;\" src=\"https:\/\/forst-grunewald.de\/wp-content\/uploads\/1910-ca.-Haus-Boehm-a-1024x560.jpg\" alt=\"Haus Boehm und um 1910\" width=\"512\" height=\"280\" srcset=\"https:\/\/forst-grunewald.de\/wp-content\/uploads\/1910-ca.-Haus-Boehm-a-1024x560.jpg 1024w, https:\/\/forst-grunewald.de\/wp-content\/uploads\/1910-ca.-Haus-Boehm-a-150x82.jpg 150w, https:\/\/forst-grunewald.de\/wp-content\/uploads\/1910-ca.-Haus-Boehm-a-300x164.jpg 300w, https:\/\/forst-grunewald.de\/wp-content\/uploads\/1910-ca.-Haus-Boehm-a-400x219.jpg 400w, https:\/\/forst-grunewald.de\/wp-content\/uploads\/1910-ca.-Haus-Boehm-a.jpg 1200w\" sizes=\"auto, (max-width: 512px) 100vw, 512px\" \/><\/a><span style=\"font-family: arial, helvetica, sans-serif; font-size: 12pt;\">Ich wei\u00df nichts \u00fcber diese gro\u00dfe Villa. Aber auf einer Ansichtskarte ist zu ihr &#8222;Haus B\u00f6hm&#8220; vermerkt und da es das stattliche Haus heute nicht mehr gibt, richte ich einfach eine eigene Seite ein. Vielleicht findet sich ja unter der Leserschaft jemand, der etwas \u00fcber das &#8222;Haus B\u00f6hm&#8220; mitteilen kann und m\u00f6chte.<\/span><\/p>\n<p style=\"text-align: justify;\"><span style=\"font-family: arial, helvetica, sans-serif; font-size: 12pt;\">Heute befinden sich auf dem Gel\u00e4nde Sportbootanleger und Kleing\u00e4rten.<\/span><\/p>\n<p style=\"text-align: justify;\">&nbsp;<\/p>\n<p>&nbsp;<\/p>\n<p>&nbsp;<\/p>\n<p>&nbsp;<\/p>\nngg_shortcode_0_placeholder\n<p style=\"text-align: justify;\">&nbsp;<\/p>\n<p>&nbsp;<\/p>\n","protected":false},"excerpt":{"rendered":"<p>Ich wei\u00df nichts \u00fcber diese gro\u00dfe Villa. Aber auf einer Ansichtskarte ist zu ihr &#8222;Haus B\u00f6hm&#8220; vermerkt und da es das stattliche Haus heute nicht&hellip;<\/p>\n","protected":false},"author":1,"featured_media":0,"parent":4060,"menu_order":0,"comment_status":"closed","ping_status":"closed","template":"","meta":{"ngg_post_thumbnail":0,"iawp_total_views":5,"footnotes":""},"class_list":["post-4368","page","type-page","status-publish","hentry"],"_links":{"self":[{"href":"https:\/\/forst-grunewald.de\/index.php?rest_route=\/wp\/v2\/pages\/4368","targetHints":{"allow":["GET"]}}],"collection":[{"href":"https:\/\/forst-grunewald.de\/index.php?rest_route=\/wp\/v2\/pages"}],"about":[{"href":"https:\/\/forst-grunewald.de\/index.php?rest_route=\/wp\/v2\/types\/page"}],"author":[{"embeddable":true,"href":"https:\/\/forst-grunewald.de\/index.php?rest_route=\/wp\/v2\/users\/1"}],"replies":[{"embeddable":true,"href":"https:\/\/forst-grunewald.de\/index.php?rest_route=%2Fwp%2Fv2%2Fcomments&post=4368"}],"version-history":[{"count":12,"href":"https:\/\/forst-grunewald.de\/index.php?rest_route=\/wp\/v2\/pages\/4368\/revisions"}],"predecessor-version":[{"id":43913,"href":"https:\/\/forst-grunewald.de\/index.php?rest_route=\/wp\/v2\/pages\/4368\/revisions\/43913"}],"up":[{"embeddable":true,"href":"https:\/\/forst-grunewald.de\/index.php?rest_route=\/wp\/v2\/pages\/4060"}],"wp:attachment":[{"href":"https:\/\/forst-grunewald.de\/index.php?rest_route=%2Fwp%2Fv2%2Fmedia&parent=4368"}],"curies":[{"name":"wp","href":"https:\/\/api.w.org\/{rel}","templated":true}]}}