{"id":3781,"date":"2013-03-26T08:09:59","date_gmt":"2013-03-26T07:09:59","guid":{"rendered":"http:\/\/forst-grunewald.de\/?page_id=3781"},"modified":"2024-05-06T08:31:49","modified_gmt":"2024-05-06T07:31:49","slug":"bunkeranlage","status":"publish","type":"page","link":"https:\/\/forst-grunewald.de\/?page_id=3781","title":{"rendered":"Bunkeranlage"},"content":{"rendered":"<p><strong>Eine Bunkeranlage unter dem Teufelsberg?<\/strong><br \/>\n<strong> Dieses Ger\u00fccht h\u00e4lt sich hartn\u00e4ckig &#8211; Was ist dran?<\/strong><\/p>\n<p>Das ZDF ist der Frage nachgegangen. Nachfolgend die Programmank\u00fcndigung und &#8211; als Auszug &#8211; eine Zusammenfassung der wichtigsten Passagen:<\/p>\n<p style=\"text-align: justify;\">ZDF Fernsehfilmbericht<br \/>\nMittwoch, den 09.11.2005 &#8211; 22.15 &#8211; 22.45<br \/>\nAbenteuer Wissen mit Wolf von Lojewski<br \/>\n<span style=\"text-decoration: underline;\"><strong>Gef\u00e4hrliche Signale &#8211; Feind h\u00f6rt mit<\/strong><\/span><\/p>\n<p style=\"text-align: justify;\">\u201cEr war Sitz der wichtigsten Abh\u00f6rstation der westlichen Welt: Der Berliner Teufelsberg. 100 Kilometer hinter dem Eisernen Vorhang belauschten bis 1993 Spezialisten der amerikanischen und britischen Milit\u00e4rgeheimdienste die Sowjetunion und ihre Verb\u00fcndeten. Mit Sondergenehmigung gehen nun die beiden Bunkerforscher Sascha Keil und Sebastian Tenschert Ger\u00fcchten um unterirdische Anlagen auf dem k\u00fcnstlichen Berg nach. Auf Expedition ins ehemalige Sperrgebiet der Spionageburg entdecken sie, was die &#8222;Field Station Berlin&#8220; mit Hitlers Plan f\u00fcr die &#8222;Reichshauptstadt Germania&#8220; zu tun hat.\u201d<\/p>\n<p style=\"text-align: justify;\">Der Fernsehbericht war erz\u00e4hltechnisch spannend, aber anscheinend mit (nach)gestellten Erkundungsszenen aufgemacht. In dem Bericht werden offenbar Original Bauzeichnungen in Englisch und Deutsch in sehr gut erhaltener Qualit\u00e4t von dem Radaranlagenkomplex gezeigt.<\/p>\n<p style=\"text-align: justify;\">Folgende Hinweise deuten laut dem Fernsehbericht auf eine vorhandene Bunkeranlage unter dem Teufelsberg hin:<\/p>\n<ol style=\"text-align: justify;\">\n<li>Die Bauzeichnungen: (Von den Berliner Unterwelten e. V. angeblich bei den Dreharbeiten gefunden &#8211; ich halte das aber f\u00fcr eine (nach)gestellte Szene):<br \/>\nZDF: &#8222;Im B\u00fcro des Vereins Berliner Unterwelten werten sie den Fund aus. Wo k\u00f6nnte ein Zugang zur Unterwelt des Teufelsbergs sein? Einige Details weisen auf unterirdische G\u00e4nge hin. F\u00fchren Sie zu bislang unentdeckten Teilen der Horchstation?&#8220;<br \/>\n<span style=\"color: #ffffff;\">.<\/span><\/li>\n<li>Die (angeblichen) Aufzeichnungen eines (angeblichen) amerikanischen Agenten. (Wer dieser Agent sein soll und um was f\u00fcr &#8222;Aufzeichnungen&#8220; es sich handeln soll, wurde in dem Bericht nicht genannt):<br \/>\nZDF: &#8222;Aufzeichnungen eines amerkikanischen Agenten deuten auf einen Tunnel hin. Sein Zugang k\u00f6nnte an einer Au\u00dfenstelle des Horchpostens liegen. Ein Verbindungsweg zu Hilter&#8217;s Milit\u00e4rakademie im Berg?&#8220;<br \/>\n<span style=\"color: #ffffff;\">.<\/span><\/li>\n<li>Der Sohn eines Zeitzeugen von 1947 berichtet von den Beobachtungen seines Vaters:<br \/>\nZDF: &#8222;Ein wichtiger Hinweis kommt vom Sohn eines Vermessungsingenieurs, der einmal zust\u00e4ndig f\u00fcr den Teufelsberg war:<br \/>\n&#8222;Klaus-Peter Gadacz: &#8222;Mein Vater fiel auf, dass die Amerikaner Abraum herausgebracht haben, der am Rand des Berges abgelegt wurde und der nach seiner Kenntnis aus der Tiefe des Berges stammte und den Schichten entsprach, die dort abgelagert wurden.&#8220;<br \/>\nZDF: &#8222;Weist der Abraum auf einen geheimen Bunkerbau hin?<br \/>\nEr k\u00f6nnte aus Speers Monumentalbauten unter dem Teufelsberg stammen!&#8220; (Anmerkung: Gemeint ist die Rohbau-Ruine der <a href=\"https:\/\/forst-grunewald.de\/?page_id=3802\" target=\"_blank\" rel=\"noopener noreferrer\">Wehrtechnischen Fakult\u00e4t<\/a>)<br \/>\nKlaus-Peter Gadacz: &#8222;Mein Vater vermutete, dass die Amerikaner sich praktisch mit einem Schacht in den Berg bis nach unten hinein gruben, um dort irgendwelche Anlagen unten sich auszubauen oder die zu nutzen.&#8220;<br \/>\n<span style=\"color: #ffffff;\">.<\/span><\/li>\n<li>Die Plausibilit\u00e4t:<br \/>\nAu\u00dferdem wird auf die milit\u00e4risch exponierte Lage der Radarstation und Abh\u00f6rstation hingewiesen und das diese im Falle eines Krieges durch einen massiven Raketenangriff wohl als erstes zerst\u00f6rt worden w\u00e4re.<br \/>\nZDF: Den gezielten Angriff auf den Teufelsberg h\u00e4tte niemand \u00fcberlebt.<br \/>\nEs ein denn, es g\u00e4be einen atomsicheren Fluchtbunker tief unten im Berg.<br \/>\nEine m\u00f6gliche Erkl\u00e4rung f\u00fcr die Ger\u00fcchte um eine unterirdische Anlage.<br \/>\n<span style=\"color: #ffffff;\">.<\/span><\/li>\n<li>Fotos des amerikanischen Geheimdienstes NSA<br \/>\n(Es werden in dem Bericht s\/w Luftbilder gezeigt, davon ein Bild mit dem Aufdruck &#8222;T-Berg 1961&#8243;)<br \/>\nZDF: Gab es vielleicht geheime G\u00e4nge, die im Ernstfall aus dem Gel\u00e4nde herausf\u00fchrten? Fotos des amerikanischen Geheimdienstes NSA liefern Anhaltspunkte. Auf einem Luftbild ist am Berghang deutlich eine Au\u00dfenstelle zu sehen. Unterhalb der eigentlichen Anlage.&#8220;<br \/>\nWas die Frage nach einem au\u00dferhalb&nbsp; der Anlage gelegenen Fluchttunnelausgang betrifft, so muss man bedenken, dass der Teufelsberg ausgiebig von den Berlinern als Naherholungsgebiet genutzt wurde und wird. Im Fernsehbericht wird darauf hingewiesen, dass ein solcher Ausgang heute schwer zu entdecken w\u00e4re:<br \/>\nZDF: &#8222;Einst geheime Eing\u00e4nge sind inzwischen mit Sicherheit vom Wald \u00fcberwuchert.&#8220;<br \/>\nDas ist so nat\u00fcrlich \u00fcbertrieben. Der Wald am Teufelsberg ist nicht der Amazonas und allein die vielen L\u00e4ufer und M-Biker d\u00fcrften dort jeden Stein kennen.<br \/>\nDas einzigste, was man dort im Boden finden kann, sind Schutt und Klamotten jeder Couleur (ja sogar eine gro\u00dfe <a href=\"https:\/\/forst-grunewald.de\/?page_id=3794\" target=\"_blank\" rel=\"noopener noreferrer\">Steinkugel<\/a>).<\/li>\n<\/ol>\n<p style=\"text-align: justify;\"><span style=\"text-decoration: underline;\"><strong>Ergebnis:<\/strong><\/span><\/p>\n<ul>\n<li style=\"text-align: justify;\">ZDF: &#8222;Das R\u00e4tsel scheint gel\u00f6st. An den Ger\u00fcchten von einem Fluchtbunker, von unterirdischen Anlagen, von weiteren Spionagezentralen, ist nichts dran! Hitlers &#8222;Germania&#8220; <a href=\"https:\/\/forst-grunewald.de\/?page_id=3802\" target=\"_blank\" rel=\"noopener noreferrer\">im Inneren des Teufelsberges<\/a>, haben die Amerikaner offensichtlich nicht genutzt. Es gab keinen atomsicheren Bunker f\u00fcr die alliierten Spione. W\u00e4re der Kalte Krieg eskaliert, w\u00e4re der Teufelsberg samt Besatzung als erstes von der Landkarte verschwunden!&#8220;<\/li>\n<\/ul>\n<p><span style=\"color: #ffffff;\">.<\/span><\/p>\n<p style=\"text-align: center;\">====================<\/p>\n<p><a href=\"https:\/\/forst-grunewald.de\/wp-content\/uploads\/Lageplan-WTF-FS1.jpg\" target=\"_blank\" rel=\"noopener noreferrer\"><img loading=\"lazy\" decoding=\"async\" class=\"aligncenter size-full wp-image-3895\" src=\"https:\/\/forst-grunewald.de\/wp-content\/uploads\/Lageplan-WTF-FS1.jpg\" alt=\"Lageplan - WTF - FS\" width=\"1437\" height=\"592\" srcset=\"https:\/\/forst-grunewald.de\/wp-content\/uploads\/Lageplan-WTF-FS1.jpg 1437w, https:\/\/forst-grunewald.de\/wp-content\/uploads\/Lageplan-WTF-FS1-150x61.jpg 150w, https:\/\/forst-grunewald.de\/wp-content\/uploads\/Lageplan-WTF-FS1-300x123.jpg 300w, https:\/\/forst-grunewald.de\/wp-content\/uploads\/Lageplan-WTF-FS1-1024x421.jpg 1024w, https:\/\/forst-grunewald.de\/wp-content\/uploads\/Lageplan-WTF-FS1-400x164.jpg 400w\" sizes=\"auto, (max-width: 1437px) 100vw, 1437px\" \/><\/a><\/p>\n<p><span style=\"color: #ffffff;\">&nbsp;<\/span><\/p>\n<p><span style=\"color: #ffffff;\">.<\/span><\/p>\n<p><a href=\"https:\/\/forst-grunewald.de\/?page_id=10500\" target=\"_blank\" rel=\"noopener noreferrer\">U-Bahn: Reichskanzlerplatz \u2013 Heerstra\u00dfe \u2013 Spandau\/Gatow<\/a><\/p>\n<p style=\"text-align: left;\"><span style=\"color: #ffffff;\">.<\/span><\/p>\n<p style=\"text-align: left;\"><span style=\"color: #ffffff;\">.<\/span><\/p>\n<p style=\"text-align: left;\"><span style=\"color: #ffffff;\">.<\/span><\/p>\n","protected":false},"excerpt":{"rendered":"<p>Eine Bunkeranlage unter dem Teufelsberg? Dieses Ger\u00fccht h\u00e4lt sich hartn\u00e4ckig &#8211; Was ist dran? Das ZDF ist der Frage nachgegangen. Nachfolgend die Programmank\u00fcndigung und &#8211;&hellip;<\/p>\n","protected":false},"author":1,"featured_media":0,"parent":3787,"menu_order":0,"comment_status":"closed","ping_status":"closed","template":"template\/full-width.php","meta":{"ngg_post_thumbnail":0,"iawp_total_views":255,"footnotes":""},"class_list":["post-3781","page","type-page","status-publish","hentry"],"_links":{"self":[{"href":"https:\/\/forst-grunewald.de\/index.php?rest_route=\/wp\/v2\/pages\/3781","targetHints":{"allow":["GET"]}}],"collection":[{"href":"https:\/\/forst-grunewald.de\/index.php?rest_route=\/wp\/v2\/pages"}],"about":[{"href":"https:\/\/forst-grunewald.de\/index.php?rest_route=\/wp\/v2\/types\/page"}],"author":[{"embeddable":true,"href":"https:\/\/forst-grunewald.de\/index.php?rest_route=\/wp\/v2\/users\/1"}],"replies":[{"embeddable":true,"href":"https:\/\/forst-grunewald.de\/index.php?rest_route=%2Fwp%2Fv2%2Fcomments&post=3781"}],"version-history":[{"count":56,"href":"https:\/\/forst-grunewald.de\/index.php?rest_route=\/wp\/v2\/pages\/3781\/revisions"}],"predecessor-version":[{"id":41575,"href":"https:\/\/forst-grunewald.de\/index.php?rest_route=\/wp\/v2\/pages\/3781\/revisions\/41575"}],"up":[{"embeddable":true,"href":"https:\/\/forst-grunewald.de\/index.php?rest_route=\/wp\/v2\/pages\/3787"}],"wp:attachment":[{"href":"https:\/\/forst-grunewald.de\/index.php?rest_route=%2Fwp%2Fv2%2Fmedia&parent=3781"}],"curies":[{"name":"wp","href":"https:\/\/api.w.org\/{rel}","templated":true}]}}