{"id":16127,"date":"2022-12-04T13:03:20","date_gmt":"2022-12-04T12:03:20","guid":{"rendered":"https:\/\/forst-grunewald.de\/?page_id=16127"},"modified":"2024-05-06T08:45:20","modified_gmt":"2024-05-06T07:45:20","slug":"forsthaus-wannsee","status":"publish","type":"page","link":"https:\/\/forst-grunewald.de\/?page_id=16127","title":{"rendered":"Forsthaus Wannsee"},"content":{"rendered":"<figure id=\"attachment_16129\" aria-describedby=\"caption-attachment-16129\" style=\"width: 1600px\" class=\"wp-caption alignnone\"><a href=\"https:\/\/forst-grunewald.de\/wp-content\/uploads\/1904-ca-Forsthaus-Wannsee-klein.jpg\" target=\"_blank\" rel=\"noopener\"><img loading=\"lazy\" decoding=\"async\" class=\"wp-image-16129 size-full\" src=\"https:\/\/forst-grunewald.de\/wp-content\/uploads\/1904-ca-Forsthaus-Wannsee-klein.jpg\" alt=\"\" width=\"1600\" height=\"1028\" srcset=\"https:\/\/forst-grunewald.de\/wp-content\/uploads\/1904-ca-Forsthaus-Wannsee-klein.jpg 1600w, https:\/\/forst-grunewald.de\/wp-content\/uploads\/1904-ca-Forsthaus-Wannsee-klein-450x289.jpg 450w, https:\/\/forst-grunewald.de\/wp-content\/uploads\/1904-ca-Forsthaus-Wannsee-klein-200x129.jpg 200w, https:\/\/forst-grunewald.de\/wp-content\/uploads\/1904-ca-Forsthaus-Wannsee-klein-768x493.jpg 768w, https:\/\/forst-grunewald.de\/wp-content\/uploads\/1904-ca-Forsthaus-Wannsee-klein-1536x987.jpg 1536w\" sizes=\"auto, (max-width: 1600px) 100vw, 1600px\" \/><\/a><figcaption id=\"caption-attachment-16129\" class=\"wp-caption-text\"><span style=\"font-size: 8pt;\">1904 ca. Altes Forsthaus Wannsee bis 1928<\/span><\/figcaption><\/figure>\n<p>2013 &#8211; Senatsverwaltung f\u00fcr Umwelt, Verkehr und Klimaschutz Berlin, Berliner Forsten (<a href=\"https:\/\/www.berlin.de\/forsten\/_assets\/ueber-uns\/struktur-und-organisation\/flyer_wannsee.pdf\" target=\"_blank\" rel=\"noopener\">Flyer<\/a>):<\/p>\n<blockquote>\n<p style=\"text-align: justify;\">Das Haus der Revierf\u00f6rsterei wurde 1928 im Jagen 74 als Ersatzbau f\u00fcr die \u201ealte\u201c F\u00f6rsterei, die sich unmittelbar an der AVUS befand, von der Reichsautobahnverwaltung erbaut. Nach dem 2. Weltkrieg wurde sie in \u201eNikolassee\u201c umbenannt und hie\u00df so bis 2011. Durch eine Umstrukturierung des FoA Grunewald und Gebietstausch erhielt sie jetzt wieder den urspr\u00fcnglichen Namen.<\/p>\n<p style=\"text-align: justify;\">Ganz in der N\u00e4he (Jagen 76) standen die 1950 erbauten 150 m hohen Gittermasten der <a href=\"https:\/\/forst-grunewald.de\/?page_id=6135\" target=\"_blank\" rel=\"noopener\">\u201eRichtfunkstelle Nikolassee\u201c<\/a>, von dem bis Ende der 60er Jahre alle Telefongespr\u00e4che \u201e\u00fcber die DDR hinweg\u201c nach \u201eWest\u201c-Deutschland gefunkt wurden. Heute noch findet man die gro\u00dfen Betonanker, die die Masten festhielten, dort im Wald.<\/p>\n<\/blockquote>\n<p><a href=\"https:\/\/forst-grunewald.de\/wp-content\/uploads\/1863-Mettke-Forsthaus-Wannsee-a.jpg\"><img loading=\"lazy\" decoding=\"async\" class=\"alignnone size-full wp-image-16132\" src=\"https:\/\/forst-grunewald.de\/wp-content\/uploads\/1863-Mettke-Forsthaus-Wannsee-a.jpg\" alt=\"\" width=\"1600\" height=\"1098\" srcset=\"https:\/\/forst-grunewald.de\/wp-content\/uploads\/1863-Mettke-Forsthaus-Wannsee-a.jpg 1600w, https:\/\/forst-grunewald.de\/wp-content\/uploads\/1863-Mettke-Forsthaus-Wannsee-a-437x300.jpg 437w, https:\/\/forst-grunewald.de\/wp-content\/uploads\/1863-Mettke-Forsthaus-Wannsee-a-200x137.jpg 200w, https:\/\/forst-grunewald.de\/wp-content\/uploads\/1863-Mettke-Forsthaus-Wannsee-a-768x527.jpg 768w, https:\/\/forst-grunewald.de\/wp-content\/uploads\/1863-Mettke-Forsthaus-Wannsee-a-1536x1054.jpg 1536w\" sizes=\"auto, (max-width: 1600px) 100vw, 1600px\" \/><\/a><\/p>\n<p><a href=\"https:\/\/forst-grunewald.de\/wp-content\/uploads\/1952-ca-Schwarz-Forsthaus-Wannsee-a.jpg\" target=\"_blank\" rel=\"noopener\"><img loading=\"lazy\" decoding=\"async\" class=\"alignnone wp-image-16134 size-full\" src=\"https:\/\/forst-grunewald.de\/wp-content\/uploads\/1952-ca-Schwarz-Forsthaus-Wannsee-a.jpg\" alt=\"\" width=\"1600\" height=\"878\" srcset=\"https:\/\/forst-grunewald.de\/wp-content\/uploads\/1952-ca-Schwarz-Forsthaus-Wannsee-a.jpg 1600w, https:\/\/forst-grunewald.de\/wp-content\/uploads\/1952-ca-Schwarz-Forsthaus-Wannsee-a-450x247.jpg 450w, https:\/\/forst-grunewald.de\/wp-content\/uploads\/1952-ca-Schwarz-Forsthaus-Wannsee-a-200x110.jpg 200w, https:\/\/forst-grunewald.de\/wp-content\/uploads\/1952-ca-Schwarz-Forsthaus-Wannsee-a-768x421.jpg 768w, https:\/\/forst-grunewald.de\/wp-content\/uploads\/1952-ca-Schwarz-Forsthaus-Wannsee-a-1536x843.jpg 1536w\" sizes=\"auto, (max-width: 1600px) 100vw, 1600px\" \/><\/a><\/p>\n","protected":false},"excerpt":{"rendered":"<p>2013 &#8211; Senatsverwaltung f\u00fcr Umwelt, Verkehr und Klimaschutz Berlin, Berliner Forsten (Flyer): Das Haus der Revierf\u00f6rsterei wurde 1928 im Jagen 74 als Ersatzbau f\u00fcr die&hellip;<\/p>\n","protected":false},"author":1,"featured_media":0,"parent":5590,"menu_order":0,"comment_status":"closed","ping_status":"closed","template":"template\/full-width.php","meta":{"ngg_post_thumbnail":0,"iawp_total_views":82,"footnotes":""},"class_list":["post-16127","page","type-page","status-publish","hentry"],"_links":{"self":[{"href":"https:\/\/forst-grunewald.de\/index.php?rest_route=\/wp\/v2\/pages\/16127","targetHints":{"allow":["GET"]}}],"collection":[{"href":"https:\/\/forst-grunewald.de\/index.php?rest_route=\/wp\/v2\/pages"}],"about":[{"href":"https:\/\/forst-grunewald.de\/index.php?rest_route=\/wp\/v2\/types\/page"}],"author":[{"embeddable":true,"href":"https:\/\/forst-grunewald.de\/index.php?rest_route=\/wp\/v2\/users\/1"}],"replies":[{"embeddable":true,"href":"https:\/\/forst-grunewald.de\/index.php?rest_route=%2Fwp%2Fv2%2Fcomments&post=16127"}],"version-history":[{"count":7,"href":"https:\/\/forst-grunewald.de\/index.php?rest_route=\/wp\/v2\/pages\/16127\/revisions"}],"predecessor-version":[{"id":41598,"href":"https:\/\/forst-grunewald.de\/index.php?rest_route=\/wp\/v2\/pages\/16127\/revisions\/41598"}],"up":[{"embeddable":true,"href":"https:\/\/forst-grunewald.de\/index.php?rest_route=\/wp\/v2\/pages\/5590"}],"wp:attachment":[{"href":"https:\/\/forst-grunewald.de\/index.php?rest_route=%2Fwp%2Fv2%2Fmedia&parent=16127"}],"curies":[{"name":"wp","href":"https:\/\/api.w.org\/{rel}","templated":true}]}}

<figure id="attachment_16129" aria-describedby="caption-attachment-16129" style="width: 1600px" class="wp-caption alignnone"><a href="https://forst-grunewald.de/wp-content/uploads/1904-ca-Forsthaus-Wannsee-klein.jpg" target="_blank" rel="noopener"><img loading="lazy" decoding="async" class="wp-image-16129 size-full" src="https://forst-grunewald.de/wp-content/uploads/1904-ca-Forsthaus-Wannsee-klein.jpg" alt="" width="1600" height="1028" srcset="https://forst-grunewald.de/wp-content/uploads/1904-ca-Forsthaus-Wannsee-klein.jpg 1600w, https://forst-grunewald.de/wp-content/uploads/1904-ca-Forsthaus-Wannsee-klein-450x289.jpg 450w, https://forst-grunewald.de/wp-content/uploads/1904-ca-Forsthaus-Wannsee-klein-200x129.jpg 200w, https://forst-grunewald.de/wp-content/uploads/1904-ca-Forsthaus-Wannsee-klein-768x493.jpg 768w, https://forst-grunewald.de/wp-content/uploads/1904-ca-Forsthaus-Wannsee-klein-1536x987.jpg 1536w" sizes="auto, (max-width: 1600px) 100vw, 1600px" /></a><figcaption id="caption-attachment-16129" class="wp-caption-text"><span style="font-size: 8pt;">1904 ca. Altes Forsthaus Wannsee bis 1928</span></figcaption></figure>
<p>2013 &#8211; Senatsverwaltung für Umwelt, Verkehr und Klimaschutz Berlin, Berliner Forsten (<a href="https://www.berlin.de/forsten/_assets/ueber-uns/struktur-und-organisation/flyer_wannsee.pdf" target="_blank" rel="noopener">Flyer</a>):</p>
<blockquote>
<p style="text-align: justify;">Das Haus der Revierförsterei wurde 1928 im Jagen 74 als Ersatzbau für die „alte“ Försterei, die sich unmittelbar an der AVUS befand, von der Reichsautobahnverwaltung erbaut. Nach dem 2. Weltkrieg wurde sie in „Nikolassee“ umbenannt und hieß so bis 2011. Durch eine Umstrukturierung des FoA Grunewald und Gebietstausch erhielt sie jetzt wieder den ursprünglichen Namen.</p>
<p style="text-align: justify;">Ganz in der Nähe (Jagen 76) standen die 1950 erbauten 150 m hohen Gittermasten der <a href="https://forst-grunewald.de/?page_id=6135" target="_blank" rel="noopener">„Richtfunkstelle Nikolassee“</a>, von dem bis Ende der 60er Jahre alle Telefongespräche „über die DDR hinweg“ nach „West“-Deutschland gefunkt wurden. Heute noch findet man die großen Betonanker, die die Masten festhielten, dort im Wald.</p>
</blockquote>
<p><a href="https://forst-grunewald.de/wp-content/uploads/1863-Mettke-Forsthaus-Wannsee-a.jpg"><img loading="lazy" decoding="async" class="alignnone size-full wp-image-16132" src="https://forst-grunewald.de/wp-content/uploads/1863-Mettke-Forsthaus-Wannsee-a.jpg" alt="" width="1600" height="1098" srcset="https://forst-grunewald.de/wp-content/uploads/1863-Mettke-Forsthaus-Wannsee-a.jpg 1600w, https://forst-grunewald.de/wp-content/uploads/1863-Mettke-Forsthaus-Wannsee-a-437x300.jpg 437w, https://forst-grunewald.de/wp-content/uploads/1863-Mettke-Forsthaus-Wannsee-a-200x137.jpg 200w, https://forst-grunewald.de/wp-content/uploads/1863-Mettke-Forsthaus-Wannsee-a-768x527.jpg 768w, https://forst-grunewald.de/wp-content/uploads/1863-Mettke-Forsthaus-Wannsee-a-1536x1054.jpg 1536w" sizes="auto, (max-width: 1600px) 100vw, 1600px" /></a></p>
<p><a href="https://forst-grunewald.de/wp-content/uploads/1952-ca-Schwarz-Forsthaus-Wannsee-a.jpg" target="_blank" rel="noopener"><img loading="lazy" decoding="async" class="alignnone wp-image-16134 size-full" src="https://forst-grunewald.de/wp-content/uploads/1952-ca-Schwarz-Forsthaus-Wannsee-a.jpg" alt="" width="1600" height="878" srcset="https://forst-grunewald.de/wp-content/uploads/1952-ca-Schwarz-Forsthaus-Wannsee-a.jpg 1600w, https://forst-grunewald.de/wp-content/uploads/1952-ca-Schwarz-Forsthaus-Wannsee-a-450x247.jpg 450w, https://forst-grunewald.de/wp-content/uploads/1952-ca-Schwarz-Forsthaus-Wannsee-a-200x110.jpg 200w, https://forst-grunewald.de/wp-content/uploads/1952-ca-Schwarz-Forsthaus-Wannsee-a-768x421.jpg 768w, https://forst-grunewald.de/wp-content/uploads/1952-ca-Schwarz-Forsthaus-Wannsee-a-1536x843.jpg 1536w" sizes="auto, (max-width: 1600px) 100vw, 1600px" /></a></p>

<p>2013 &#8211; Senatsverwaltung für Umwelt, Verkehr und Klimaschutz Berlin, Berliner Forsten (Flyer): Das Haus der Revierförsterei wurde 1928 im Jagen 74 als Ersatzbau für die&hellip;</p>
