{"id":15125,"date":"2021-07-03T12:37:58","date_gmt":"2021-07-03T11:37:58","guid":{"rendered":"http:\/\/forst-grunewald.de\/?page_id=15125"},"modified":"2021-07-03T12:51:31","modified_gmt":"2021-07-03T11:51:31","slug":"schrobsdorff-alfred","status":"publish","type":"page","link":"https:\/\/forst-grunewald.de\/?page_id=15125","title":{"rendered":"Schrobsdorff, Alfred"},"content":{"rendered":"<p>Die nachfolgenden beiden Fotos habe ich in der Hoffnung ersteigert, dass sie etwas mit dem &#8222;Grunewald&#8220; zu tun haben k\u00f6nnten. Aber leider kann ich den Aufnahmeort nicht zuordnen, obwohl auf dem zweiten Bild gut ein kleiner Gel\u00e4ndeplan zu erkennen ist (u.a. Staatsforsten&#8220;).<\/p>\n<p>Der Fotograf ist<\/p>\n<ul>\n<li>Kuno von Schwanewede<\/li>\n<\/ul>\n<p>Zu sehen sind (Bau) &#8222;<em>Parzellen Schrobsdorff&#8220;<\/em>. Vermutlich von<\/p>\n<ul>\n<li>Alfred Schrobsdorff<br \/>\n<a href=\"https:\/\/de.wikipedia.org\/wiki\/Alfred_Schrobsdorff\" target=\"_blank\" rel=\"noopener\">Wikipedia<\/a>: (* 29. Dezember 1861 in Charlottenburg; \u2020 11. Februar 1940 in Berlin-Charlottenburg[1]; vollst\u00e4ndiger Name: Otto Emil Alfred Schrobsdorff) war ein deutscher Architekt und Immobilien-Unternehmer. Seit den sp\u00e4ten 1880er Jahren entstanden durch ihn zahlreiche Wohngeb\u00e4ude, vor allem in der bis 1920 selbst\u00e4ndigen Stadt Charlottenburg. Schrobsdorff galt als \u201eBauk\u00f6nig von Charlottenburg\u201c.<\/li>\n<\/ul>\n<p>Alfred Schrobsdorff hat u.a. den Bau des Quartiers Neu-Westend geplant und umgesetzt:<\/p>\n<ul>\n<li>\u00a0Berlin-Brandenburgisches Wirtschaftsarchiv e.V. vom 15.11.2020:<br \/>\n<a href=\"https:\/\/www.archivspiegel.de\/archivgut\/bestand-des-baukoenigs-von-charlottenburg-alfred-schrobsdorff-verzeichnet\/\" target=\"_blank\" rel=\"noopener\">Bestand des \u201eBauk\u00f6nigs von Charlottenburg\u201c Alfred Schrobsdorff verzeichnet<\/a><\/li>\n<\/ul>\n<p>&nbsp;<\/p>\n<p><a href=\"https:\/\/forst-grunewald.de\/wp-content\/uploads\/1920-ca.-Parzellen-Schrobsdorff-a-klein.jpg\" target=\"_blank\" rel=\"noopener\"><img loading=\"lazy\" decoding=\"async\" class=\"alignnone wp-image-15129\" src=\"https:\/\/forst-grunewald.de\/wp-content\/uploads\/1920-ca.-Parzellen-Schrobsdorff-a-klein.jpg\" alt=\"\" width=\"800\" height=\"480\" srcset=\"https:\/\/forst-grunewald.de\/wp-content\/uploads\/1920-ca.-Parzellen-Schrobsdorff-a-klein.jpg 1600w, https:\/\/forst-grunewald.de\/wp-content\/uploads\/1920-ca.-Parzellen-Schrobsdorff-a-klein-450x270.jpg 450w, https:\/\/forst-grunewald.de\/wp-content\/uploads\/1920-ca.-Parzellen-Schrobsdorff-a-klein-200x120.jpg 200w, https:\/\/forst-grunewald.de\/wp-content\/uploads\/1920-ca.-Parzellen-Schrobsdorff-a-klein-768x461.jpg 768w, https:\/\/forst-grunewald.de\/wp-content\/uploads\/1920-ca.-Parzellen-Schrobsdorff-a-klein-1536x922.jpg 1536w, https:\/\/forst-grunewald.de\/wp-content\/uploads\/1920-ca.-Parzellen-Schrobsdorff-a-klein-500x300.jpg 500w\" sizes=\"auto, (max-width: 800px) 100vw, 800px\" \/><\/a><\/p>\n<p><a href=\"https:\/\/forst-grunewald.de\/wp-content\/uploads\/1920-ca.-Parzellen-Schrobsdorff-b-klein.jpg\" target=\"_blank\" rel=\"noopener\"><img loading=\"lazy\" decoding=\"async\" class=\"alignnone wp-image-15131\" src=\"https:\/\/forst-grunewald.de\/wp-content\/uploads\/1920-ca.-Parzellen-Schrobsdorff-b-klein.jpg\" alt=\"\" width=\"800\" height=\"484\" srcset=\"https:\/\/forst-grunewald.de\/wp-content\/uploads\/1920-ca.-Parzellen-Schrobsdorff-b-klein.jpg 1600w, https:\/\/forst-grunewald.de\/wp-content\/uploads\/1920-ca.-Parzellen-Schrobsdorff-b-klein-450x272.jpg 450w, https:\/\/forst-grunewald.de\/wp-content\/uploads\/1920-ca.-Parzellen-Schrobsdorff-b-klein-200x121.jpg 200w, https:\/\/forst-grunewald.de\/wp-content\/uploads\/1920-ca.-Parzellen-Schrobsdorff-b-klein-768x464.jpg 768w, https:\/\/forst-grunewald.de\/wp-content\/uploads\/1920-ca.-Parzellen-Schrobsdorff-b-klein-1536x928.jpg 1536w\" sizes=\"auto, (max-width: 800px) 100vw, 800px\" \/><\/a><\/p>\n","protected":false},"excerpt":{"rendered":"<p>Die nachfolgenden beiden Fotos habe ich in der Hoffnung ersteigert, dass sie etwas mit dem &#8222;Grunewald&#8220; zu tun haben k\u00f6nnten. Aber leider kann ich den&hellip;<\/p>\n","protected":false},"author":1,"featured_media":0,"parent":0,"menu_order":0,"comment_status":"closed","ping_status":"closed","template":"template-fullwidth.php","meta":{"ngg_post_thumbnail":0,"iawp_total_views":33,"footnotes":""},"class_list":["post-15125","page","type-page","status-publish","hentry"],"_links":{"self":[{"href":"https:\/\/forst-grunewald.de\/index.php?rest_route=\/wp\/v2\/pages\/15125","targetHints":{"allow":["GET"]}}],"collection":[{"href":"https:\/\/forst-grunewald.de\/index.php?rest_route=\/wp\/v2\/pages"}],"about":[{"href":"https:\/\/forst-grunewald.de\/index.php?rest_route=\/wp\/v2\/types\/page"}],"author":[{"embeddable":true,"href":"https:\/\/forst-grunewald.de\/index.php?rest_route=\/wp\/v2\/users\/1"}],"replies":[{"embeddable":true,"href":"https:\/\/forst-grunewald.de\/index.php?rest_route=%2Fwp%2Fv2%2Fcomments&post=15125"}],"version-history":[{"count":7,"href":"https:\/\/forst-grunewald.de\/index.php?rest_route=\/wp\/v2\/pages\/15125\/revisions"}],"predecessor-version":[{"id":15134,"href":"https:\/\/forst-grunewald.de\/index.php?rest_route=\/wp\/v2\/pages\/15125\/revisions\/15134"}],"wp:attachment":[{"href":"https:\/\/forst-grunewald.de\/index.php?rest_route=%2Fwp%2Fv2%2Fmedia&parent=15125"}],"curies":[{"name":"wp","href":"https:\/\/api.w.org\/{rel}","templated":true}]}}

<p>Die nachfolgenden beiden Fotos habe ich in der Hoffnung ersteigert, dass sie etwas mit dem &#8222;Grunewald&#8220; zu tun haben könnten. Aber leider kann ich den Aufnahmeort nicht zuordnen, obwohl auf dem zweiten Bild gut ein kleiner Geländeplan zu erkennen ist (u.a. Staatsforsten&#8220;).</p>
<p>Der Fotograf ist</p>
<ul>
<li>Kuno von Schwanewede</li>
</ul>
<p>Zu sehen sind (Bau) &#8222;<em>Parzellen Schrobsdorff&#8220;</em>. Vermutlich von</p>
<ul>
<li>Alfred Schrobsdorff<br />
<a href="https://de.wikipedia.org/wiki/Alfred_Schrobsdorff" target="_blank" rel="noopener">Wikipedia</a>: (* 29. Dezember 1861 in Charlottenburg; † 11. Februar 1940 in Berlin-Charlottenburg[1]; vollständiger Name: Otto Emil Alfred Schrobsdorff) war ein deutscher Architekt und Immobilien-Unternehmer. Seit den späten 1880er Jahren entstanden durch ihn zahlreiche Wohngebäude, vor allem in der bis 1920 selbständigen Stadt Charlottenburg. Schrobsdorff galt als „Baukönig von Charlottenburg“.</li>
</ul>
<p>Alfred Schrobsdorff hat u.a. den Bau des Quartiers Neu-Westend geplant und umgesetzt:</p>
<ul>
<li> Berlin-Brandenburgisches Wirtschaftsarchiv e.V. vom 15.11.2020:<br />
<a href="https://www.archivspiegel.de/archivgut/bestand-des-baukoenigs-von-charlottenburg-alfred-schrobsdorff-verzeichnet/" target="_blank" rel="noopener">Bestand des „Baukönigs von Charlottenburg“ Alfred Schrobsdorff verzeichnet</a></li>
</ul>
<p>&nbsp;</p>
<p><a href="https://forst-grunewald.de/wp-content/uploads/1920-ca.-Parzellen-Schrobsdorff-a-klein.jpg" target="_blank" rel="noopener"><img loading="lazy" decoding="async" class="alignnone wp-image-15129" src="https://forst-grunewald.de/wp-content/uploads/1920-ca.-Parzellen-Schrobsdorff-a-klein.jpg" alt="" width="800" height="480" srcset="https://forst-grunewald.de/wp-content/uploads/1920-ca.-Parzellen-Schrobsdorff-a-klein.jpg 1600w, https://forst-grunewald.de/wp-content/uploads/1920-ca.-Parzellen-Schrobsdorff-a-klein-450x270.jpg 450w, https://forst-grunewald.de/wp-content/uploads/1920-ca.-Parzellen-Schrobsdorff-a-klein-200x120.jpg 200w, https://forst-grunewald.de/wp-content/uploads/1920-ca.-Parzellen-Schrobsdorff-a-klein-768x461.jpg 768w, https://forst-grunewald.de/wp-content/uploads/1920-ca.-Parzellen-Schrobsdorff-a-klein-1536x922.jpg 1536w, https://forst-grunewald.de/wp-content/uploads/1920-ca.-Parzellen-Schrobsdorff-a-klein-500x300.jpg 500w" sizes="auto, (max-width: 800px) 100vw, 800px" /></a></p>
<p><a href="https://forst-grunewald.de/wp-content/uploads/1920-ca.-Parzellen-Schrobsdorff-b-klein.jpg" target="_blank" rel="noopener"><img loading="lazy" decoding="async" class="alignnone wp-image-15131" src="https://forst-grunewald.de/wp-content/uploads/1920-ca.-Parzellen-Schrobsdorff-b-klein.jpg" alt="" width="800" height="484" srcset="https://forst-grunewald.de/wp-content/uploads/1920-ca.-Parzellen-Schrobsdorff-b-klein.jpg 1600w, https://forst-grunewald.de/wp-content/uploads/1920-ca.-Parzellen-Schrobsdorff-b-klein-450x272.jpg 450w, https://forst-grunewald.de/wp-content/uploads/1920-ca.-Parzellen-Schrobsdorff-b-klein-200x121.jpg 200w, https://forst-grunewald.de/wp-content/uploads/1920-ca.-Parzellen-Schrobsdorff-b-klein-768x464.jpg 768w, https://forst-grunewald.de/wp-content/uploads/1920-ca.-Parzellen-Schrobsdorff-b-klein-1536x928.jpg 1536w" sizes="auto, (max-width: 800px) 100vw, 800px" /></a></p>

<p>Die nachfolgenden beiden Fotos habe ich in der Hoffnung ersteigert, dass sie etwas mit dem &#8222;Grunewald&#8220; zu tun haben könnten. Aber leider kann ich den&hellip;</p>
