{"id":1509,"date":"2012-08-03T14:04:04","date_gmt":"2012-08-03T14:04:04","guid":{"rendered":"http:\/\/forst-grunewald.de\/wordpress\/?page_id=1509"},"modified":"2024-05-06T07:31:18","modified_gmt":"2024-05-06T06:31:18","slug":"riesen-welse","status":"publish","type":"page","link":"https:\/\/forst-grunewald.de\/?page_id=1509","title":{"rendered":"Welse"},"content":{"rendered":"<p><a href=\"https:\/\/forst-grunewald.de\/wp-content\/uploads\/1904-Stollwerk-Album-7-Serie-312-Nr.-6-Grunewald-Fischerei-klein.jpg\" target=\"_blank\" rel=\"noopener noreferrer\"><img loading=\"lazy\" decoding=\"async\" class=\"alignright wp-image-5181\" style=\"border: 1px solid black;\" src=\"https:\/\/forst-grunewald.de\/wp-content\/uploads\/1904-Stollwerk-Album-7-Serie-312-Nr.-6-Grunewald-Fischerei-klein-300x296.jpg\" alt=\"1904 Stollwerk Album 7 Serie 312 Nr. 6 - Grunewald - Fischerei - klein\" width=\"240\" height=\"237\" srcset=\"https:\/\/forst-grunewald.de\/wp-content\/uploads\/1904-Stollwerk-Album-7-Serie-312-Nr.-6-Grunewald-Fischerei-klein-300x296.jpg 300w, https:\/\/forst-grunewald.de\/wp-content\/uploads\/1904-Stollwerk-Album-7-Serie-312-Nr.-6-Grunewald-Fischerei-klein-150x148.jpg 150w, https:\/\/forst-grunewald.de\/wp-content\/uploads\/1904-Stollwerk-Album-7-Serie-312-Nr.-6-Grunewald-Fischerei-klein-400x395.jpg 400w, https:\/\/forst-grunewald.de\/wp-content\/uploads\/1904-Stollwerk-Album-7-Serie-312-Nr.-6-Grunewald-Fischerei-klein.jpg 809w\" sizes=\"auto, (max-width: 240px) 100vw, 240px\" \/><\/a>Geschichten \u00fcber Riesen-<a href=\"http:\/\/de.wikipedia.org\/wiki\/Europ%C3%A4ischer_Wels\" target=\"_blank\" rel=\"noopener noreferrer\">Welse<\/a> in der Havel und in den Grunewaldseen, welche &#8222;Omas Dackel fressen&#8220;, sind ja immer wieder beliebt. Ich versuche hier mal zusammenzutragen, was es so gibt.<\/p>\n<ul>\n<li><strong>1902<\/strong> <a href=\"https:\/\/forst-grunewald.de\/?page_id=676\" target=\"_blank\" rel=\"noopener noreferrer\">Berdrow<\/a>, Seite 51:<br \/>\n&#8222;<em>Der Fischereimeister Rasenack fing im Juni 1884 in dem Korbe eines Aalwehrs bei Schildhorn ein Tier von solcher Gr\u00f6\u00dfe, da\u00df man es erst schlachten mu\u00dfte, um es herausholen zu k\u00f6nnen. Das sechs Fu\u00df lange Unget\u00fcm wog fast 90 Pfund. Auch im Schlachten-See und Hundekehlen-See sind mehrfach Welse von 40-50 Pfund gefangen, und in letzterem haust gegenw\u00e4rtig ein Riese von Kahnl\u00e4nge, der alle Bem\u00fchungen, seiner Habhaft zu werden, spottet. Als im Jahre 1874 ein gro\u00dfes Welssterben herrschte und gleichzeitig unter dem hiesigen Dammwild die <a href=\"http:\/\/de.wikipedia.org\/wiki\/Milzbrand\" target=\"_blank\" rel=\"noopener noreferrer\">Milzbrand<\/a>seuche auftrat, f\u00fchrte man letztere darauf zur\u00fcck, da\u00df die Brunfthirsche verendete Welse gefressen h\u00e4tten, eine f\u00fcr Grasfresser allerdings seltene, aber nicht unerh\u00f6rte Geschmacksverirrung, da ja auf Island die K\u00fche sogar regelm\u00e4\u00dfig Fischfutter erhalten.<\/em>&#8222;<\/li>\n<li><strong>1974<\/strong> <a href=\"https:\/\/forst-grunewald.de\/?page_id=361\" target=\"_blank\" rel=\"noopener noreferrer\">Wille<\/a>, Seite 37<br \/>\n&#8222;<em>Die Zeit des Welsfangs am <a href=\"https:\/\/forst-grunewald.de\/?page_id=1463\" target=\"_blank\" rel=\"noopener noreferrer\">Schlachtensee<\/a> ist hingegen Geschichte; diese findet man eher an der benachbarten <a href=\"https:\/\/forst-grunewald.de\/?page_id=978\" target=\"_blank\" rel=\"noopener noreferrer\">Krummen Lanke<\/a>.<\/em>&#8222;<\/li>\n<li><a href=\"http:\/\/www.barsch-alarm.de\/news\/schlachtensee-berlin\/?bl=1\" target=\"_blank\" rel=\"noopener noreferrer\">2003<\/a> barschalarm.de, 05.11.: Schlachtense<\/li>\n<li><a href=\"http:\/\/www.tagesspiegel.de\/berlin\/stadtleben\/angler-glueck-das-ungeheuer-von-loch-nass\/987908.html\" target=\"_blank\" rel=\"noopener noreferrer\">2007<\/a> Tagesspiegel, 16.07.: &#8222;Das Ungeheuer von Loch Ness&#8220; (<a href=\"http:\/\/www.tagesspiegel.de\/images\/wels\/987922\/2.jpg?format=format14\" target=\"_blank\" rel=\"noopener noreferrer\">Foto<\/a>)<\/li>\n<li><a href=\"http:\/\/www.welt.de\/regionales\/berlin\/article2062935\/Riesenwels-beisst-Schwimmerin.html\" target=\"_blank\" rel=\"noopener noreferrer\">2008<\/a> Die Welt, 03.06.: Riesenwels bei\u00dft Schwimmerin<\/li>\n<li><a href=\"http:\/\/www.bild.de\/regional\/berlin\/jagt-badegaeste-4730422.bild.html\" target=\"_blank\" rel=\"noopener noreferrer\">2008<\/a> BILD, 04.06.: Monster-Wels jagt Badeg\u00e4ste<\/li>\n<li><a href=\"http:\/\/www.tagesspiegel.de\/berlin\/badeseen-das-monster-vom-schlachtensee\/1247844.html\" target=\"_blank\" rel=\"noopener noreferrer\">2008<\/a> Tagessspiegel, 04.06.: Das Monster vom Schlachtensee<\/li>\n<li><a href=\"http:\/\/www.berliner-zeitung.de\/berlin\/sommerloch-themen-der-wels-vom-schlachtensee-5550836\" target=\"_blank\" rel=\"noopener noreferrer\">2012<\/a> Berliner Zeitung, 04.07.: Sommerloch-Themen: Der Wels vom Schlachtensee<\/li>\n<li><a href=\"http:\/\/www.berliner-kurier.de\/berlin\/kiez---stadt\/gigantisch-fang-gefaehrlich-monsterwels-berlin-schlachtensee-4397158\" target=\"_blank\" rel=\"noopener noreferrer\">2012<\/a> Berliner Kurier, 06.09.: Gigantischer Fang &#8211; Wie gef\u00e4hrlich ist der Monsterwels vom Schlachtensee?<\/li>\n<li><a href=\"http:\/\/www.berliner-zeitung.de\/panorama\/sachsen-anhalt-wie-kam-die-leichenhand-in-den-magen-eines-welses--24108850\" target=\"_blank\" rel=\"noopener noreferrer\">2016<\/a> Berliner Zeitung, 24.05.: Sachsen-Anhalt Wie kam die Leichenhand in den Magen eines Welses?<\/li>\n<\/ul>\n","protected":false},"excerpt":{"rendered":"<p>Geschichten \u00fcber Riesen-Welse in der Havel und in den Grunewaldseen, welche &#8222;Omas Dackel fressen&#8220;, sind ja immer wieder beliebt. Ich versuche hier mal zusammenzutragen, was&hellip;<\/p>\n","protected":false},"author":1,"featured_media":0,"parent":689,"menu_order":0,"comment_status":"closed","ping_status":"closed","template":"template\/full-width.php","meta":{"ngg_post_thumbnail":0,"iawp_total_views":22,"footnotes":""},"class_list":["post-1509","page","type-page","status-publish","hentry"],"_links":{"self":[{"href":"https:\/\/forst-grunewald.de\/index.php?rest_route=\/wp\/v2\/pages\/1509","targetHints":{"allow":["GET"]}}],"collection":[{"href":"https:\/\/forst-grunewald.de\/index.php?rest_route=\/wp\/v2\/pages"}],"about":[{"href":"https:\/\/forst-grunewald.de\/index.php?rest_route=\/wp\/v2\/types\/page"}],"author":[{"embeddable":true,"href":"https:\/\/forst-grunewald.de\/index.php?rest_route=\/wp\/v2\/users\/1"}],"replies":[{"embeddable":true,"href":"https:\/\/forst-grunewald.de\/index.php?rest_route=%2Fwp%2Fv2%2Fcomments&post=1509"}],"version-history":[{"count":22,"href":"https:\/\/forst-grunewald.de\/index.php?rest_route=\/wp\/v2\/pages\/1509\/revisions"}],"predecessor-version":[{"id":41523,"href":"https:\/\/forst-grunewald.de\/index.php?rest_route=\/wp\/v2\/pages\/1509\/revisions\/41523"}],"up":[{"embeddable":true,"href":"https:\/\/forst-grunewald.de\/index.php?rest_route=\/wp\/v2\/pages\/689"}],"wp:attachment":[{"href":"https:\/\/forst-grunewald.de\/index.php?rest_route=%2Fwp%2Fv2%2Fmedia&parent=1509"}],"curies":[{"name":"wp","href":"https:\/\/api.w.org\/{rel}","templated":true}]}}

<p><a href="https://forst-grunewald.de/wp-content/uploads/1904-Stollwerk-Album-7-Serie-312-Nr.-6-Grunewald-Fischerei-klein.jpg" target="_blank" rel="noopener noreferrer"><img loading="lazy" decoding="async" class="alignright wp-image-5181" style="border: 1px solid black;" src="https://forst-grunewald.de/wp-content/uploads/1904-Stollwerk-Album-7-Serie-312-Nr.-6-Grunewald-Fischerei-klein-300x296.jpg" alt="1904 Stollwerk Album 7 Serie 312 Nr. 6 - Grunewald - Fischerei - klein" width="240" height="237" srcset="https://forst-grunewald.de/wp-content/uploads/1904-Stollwerk-Album-7-Serie-312-Nr.-6-Grunewald-Fischerei-klein-300x296.jpg 300w, https://forst-grunewald.de/wp-content/uploads/1904-Stollwerk-Album-7-Serie-312-Nr.-6-Grunewald-Fischerei-klein-150x148.jpg 150w, https://forst-grunewald.de/wp-content/uploads/1904-Stollwerk-Album-7-Serie-312-Nr.-6-Grunewald-Fischerei-klein-400x395.jpg 400w, https://forst-grunewald.de/wp-content/uploads/1904-Stollwerk-Album-7-Serie-312-Nr.-6-Grunewald-Fischerei-klein.jpg 809w" sizes="auto, (max-width: 240px) 100vw, 240px" /></a>Geschichten über Riesen-<a href="http://de.wikipedia.org/wiki/Europ%C3%A4ischer_Wels" target="_blank" rel="noopener noreferrer">Welse</a> in der Havel und in den Grunewaldseen, welche &#8222;Omas Dackel fressen&#8220;, sind ja immer wieder beliebt. Ich versuche hier mal zusammenzutragen, was es so gibt.</p>
<ul>
<li><strong>1902</strong> <a href="https://forst-grunewald.de/?page_id=676" target="_blank" rel="noopener noreferrer">Berdrow</a>, Seite 51:<br />
&#8222;<em>Der Fischereimeister Rasenack fing im Juni 1884 in dem Korbe eines Aalwehrs bei Schildhorn ein Tier von solcher Größe, daß man es erst schlachten mußte, um es herausholen zu können. Das sechs Fuß lange Ungetüm wog fast 90 Pfund. Auch im Schlachten-See und Hundekehlen-See sind mehrfach Welse von 40-50 Pfund gefangen, und in letzterem haust gegenwärtig ein Riese von Kahnlänge, der alle Bemühungen, seiner Habhaft zu werden, spottet. Als im Jahre 1874 ein großes Welssterben herrschte und gleichzeitig unter dem hiesigen Dammwild die <a href="http://de.wikipedia.org/wiki/Milzbrand" target="_blank" rel="noopener noreferrer">Milzbrand</a>seuche auftrat, führte man letztere darauf zurück, daß die Brunfthirsche verendete Welse gefressen hätten, eine für Grasfresser allerdings seltene, aber nicht unerhörte Geschmacksverirrung, da ja auf Island die Kühe sogar regelmäßig Fischfutter erhalten.</em>&#8222;</li>
<li><strong>1974</strong> <a href="https://forst-grunewald.de/?page_id=361" target="_blank" rel="noopener noreferrer">Wille</a>, Seite 37<br />
&#8222;<em>Die Zeit des Welsfangs am <a href="https://forst-grunewald.de/?page_id=1463" target="_blank" rel="noopener noreferrer">Schlachtensee</a> ist hingegen Geschichte; diese findet man eher an der benachbarten <a href="https://forst-grunewald.de/?page_id=978" target="_blank" rel="noopener noreferrer">Krummen Lanke</a>.</em>&#8222;</li>
<li><a href="http://www.barsch-alarm.de/news/schlachtensee-berlin/?bl=1" target="_blank" rel="noopener noreferrer">2003</a> barschalarm.de, 05.11.: Schlachtense</li>
<li><a href="http://www.tagesspiegel.de/berlin/stadtleben/angler-glueck-das-ungeheuer-von-loch-nass/987908.html" target="_blank" rel="noopener noreferrer">2007</a> Tagesspiegel, 16.07.: &#8222;Das Ungeheuer von Loch Ness&#8220; (<a href="http://www.tagesspiegel.de/images/wels/987922/2.jpg?format=format14" target="_blank" rel="noopener noreferrer">Foto</a>)</li>
<li><a href="http://www.welt.de/regionales/berlin/article2062935/Riesenwels-beisst-Schwimmerin.html" target="_blank" rel="noopener noreferrer">2008</a> Die Welt, 03.06.: Riesenwels beißt Schwimmerin</li>
<li><a href="http://www.bild.de/regional/berlin/jagt-badegaeste-4730422.bild.html" target="_blank" rel="noopener noreferrer">2008</a> BILD, 04.06.: Monster-Wels jagt Badegäste</li>
<li><a href="http://www.tagesspiegel.de/berlin/badeseen-das-monster-vom-schlachtensee/1247844.html" target="_blank" rel="noopener noreferrer">2008</a> Tagessspiegel, 04.06.: Das Monster vom Schlachtensee</li>
<li><a href="http://www.berliner-zeitung.de/berlin/sommerloch-themen-der-wels-vom-schlachtensee-5550836" target="_blank" rel="noopener noreferrer">2012</a> Berliner Zeitung, 04.07.: Sommerloch-Themen: Der Wels vom Schlachtensee</li>
<li><a href="http://www.berliner-kurier.de/berlin/kiez---stadt/gigantisch-fang-gefaehrlich-monsterwels-berlin-schlachtensee-4397158" target="_blank" rel="noopener noreferrer">2012</a> Berliner Kurier, 06.09.: Gigantischer Fang &#8211; Wie gefährlich ist der Monsterwels vom Schlachtensee?</li>
<li><a href="http://www.berliner-zeitung.de/panorama/sachsen-anhalt-wie-kam-die-leichenhand-in-den-magen-eines-welses--24108850" target="_blank" rel="noopener noreferrer">2016</a> Berliner Zeitung, 24.05.: Sachsen-Anhalt Wie kam die Leichenhand in den Magen eines Welses?</li>
</ul>

<p>Geschichten über Riesen-Welse in der Havel und in den Grunewaldseen, welche &#8222;Omas Dackel fressen&#8220;, sind ja immer wieder beliebt. Ich versuche hier mal zusammenzutragen, was&hellip;</p>
