{"id":14960,"date":"2021-05-22T11:44:33","date_gmt":"2021-05-22T10:44:33","guid":{"rendered":"http:\/\/forst-grunewald.de\/?page_id=14960"},"modified":"2025-06-28T16:29:14","modified_gmt":"2025-06-28T15:29:14","slug":"doebber-adolph","status":"publish","type":"page","link":"https:\/\/forst-grunewald.de\/?page_id=14960","title":{"rendered":"Doebber, Adolph"},"content":{"rendered":"<p><span style=\"font-family: arial, helvetica, sans-serif; font-size: 12pt;\"><em><strong>Grunewaldzeichnungen von Adolph Doebber<\/strong><\/em><\/span><\/p>\n<p style=\"text-align: justify;\"><span style=\"font-family: arial, helvetica, sans-serif; font-size: 12pt;\">Mir ist es gelungen, einige den Grunewald betreffende Zeichnungen aus dem urspr\u00fcnglichen Nachlass von <a href=\"https:\/\/de.wikipedia.org\/wiki\/Adolph_Doebber\" target=\"_blank\" rel=\"noopener noreferrer\">Adolph Doebber<\/a> (1848-1920) bei ebay zu ersteigern.<\/span><\/p>\n<p style=\"text-align: justify;\"><a href=\"https:\/\/de.wikipedia.org\/wiki\/Adolph_Doebber\" target=\"_blank\" rel=\"noopener\"><span style=\"font-family: arial, helvetica, sans-serif; font-size: 12pt;\">Wikipedia (15.05.2021):<\/span><\/a><\/p>\n<blockquote>\n<p style=\"text-align: justify;\"><span style=\"font-family: arial, helvetica, sans-serif; font-size: 12pt;\"><b>Adolph Doebber<\/b> (* 20. August 1848 in Magdeburg; \u2020 22. April 1920 in Weimar) war ein deutscher Architekt, Baubeamter und Architekturhistoriker.<\/span><\/p>\n<\/blockquote>\n<p style=\"text-align: justify;\"><span style=\"font-family: arial, helvetica, sans-serif; font-size: 12pt;\">Nicht bei Wikikepia erfasst ist, dass er auch K\u00fcnstler war. So wurde \u00fcber das Berliner <a href=\"https:\/\/bassenge.com\/\" target=\"_blank\" rel=\"noopener\">Autionshaus Bassenge<\/a> am 11.04.2017 (Los Nr. 233) (s)ein umfangreicher k\u00fcnstlerischer Nachlass von ca. 250 Originalzeichnungen zur Versteigerung angeboten. Auszug aus der damaligen <a href=\"https:\/\/www.lotsearch.de\/lot\/enzyklopaedische-beschreibung-brandenburgs-in-originalzeichnungen-und-17258404\" target=\"_blank\" rel=\"noopener\">Losbeschreibung<\/a>:<\/span><\/p>\n<blockquote>\n<p style=\"text-align: justify;\"><span style=\"font-family: arial, helvetica, sans-serif; font-size: 12pt;\">K\u00fcnstlerischer Nachlass von ca. 250 Originalzeichnungen in verschiedenen Techniken, Bleistift, Feder, Kohle, Kreide, Tusche, Aquarell, Gouache etc. Auf verschieden farbigem Papier oder Karton in Wei\u00df, Gelb, Grau, Gr\u00fcn, Blau. Unterschiedliche Hoch- und Querformate zwischen ca. 8 x 5 und 40 x 30 cm. Mehrere, vor allem die gro\u00dfen, farbigen Bl\u00e4tter gerahmt. Weimar und Berlin etc. 1969-1915. Adolph Doebber (1848-1925) war K\u00fcnstler, Bauzeichner und Stadtbaumeister zu Weimar und dann Berlin, wo er auch als Intendantur-, Baurat und Bauhistoriker arbeitete. Von ihm sind mehrere Publikationen und Zeitschriftenbeitr\u00e4ge erhalten &#8230;<\/span><\/p>\n<p style=\"text-align: justify;\"><span style=\"font-family: arial, helvetica, sans-serif; font-size: 12pt;\">Bis dato zu wenig bekannt ist sein umfangreiches zeichnerisches und malerisches Oeuvre, von dem immer nur wieder einzelnen Bl\u00e4tter auf den Markt kamen, dann jedoch auf Auktionen oder im Kunsthandel beachtliche Preise erzielten. Vorhanden ist hier nahezu das Gesamtwerk an Skizzen, Entw\u00fcrfen, Veduten und Szenen, vor allem mit Architekturmotiven aus Brandenburg und den historischen Ostgebieten, dem heutigen Polen und B\u00f6hmen, wenige aus Mecklenburg, Vorpommern, vereinzelte aus Bayern, \u00d6sterreich. Sie zeugen von Doebbers bemerkenswerter k\u00fcnstlerischer Begabung, von seiner F\u00e4higkeit, ebensogut mit dem Zeichenstift wie mit Farben umzugehen. So entstand \u00fcber die Jahrzehnte ein schillerndes Kaleidoskop deutscher Baukunst und Baugeschichte &#8211; eine nahezu unersch\u00f6pfliche Quelle f\u00fcr die Erforschung von Land- und Stadtgeschichte, f\u00fcr die Rekonstruktion von Geb\u00e4uden, St\u00e4dten und Kulturlandschaften. Die Zeichnungen, Aquarelle und Gouachen sind fast durchgehend von h\u00f6chst suggestiver Qualit\u00e4t und \u00e4u\u00dferst dekorativ, viele sind mit geschickt gemalten Staffagefiguren belebt, im Sonnenlicht dargestellt mit scharfem Schattenwurf, bei blauem und bew\u00f6lktem Himmel, mit Walds\u00e4umen im Nebel etc.<\/span><\/p>\n<p style=\"text-align: justify;\"><span style=\"font-family: arial, helvetica, sans-serif; font-size: 12pt;\">Alle Bilder sind genauestens bezeichnet, mit Angaben des Ortes, oft des dargestellten Objekts &#8211; und meist auf den Tag genau datiert. Viele der gr\u00f6\u00dferen Bilder sind von Doebber signiert, einige auch hinter Passepartouts montiert. Vorhanden sind u. a. &#8230; Grunewald, &#8230; Elsgraben (1904), &#8230; Grunewald(zahlreiche; 1880-1912), Grunewaldsee (1901), &#8230; Hundekehle(1905), &#8230;<\/span><\/p>\n<\/blockquote>\n<p style=\"text-align: justify;\"><span style=\"font-family: arial, helvetica, sans-serif; font-size: 12pt;\">Zu mir gelangten die nachfolgenden Zeichnungen 2019 und 2021:<\/span><\/p>\n<ul style=\"text-align: justify;\">\n<li style=\"text-align: justify;\"><span style=\"font-family: arial, helvetica, sans-serif; font-size: 12pt;\">Elsgraben (<a href=\"https:\/\/forst-grunewald.de\/?page_id=5053\" target=\"_blank\" rel=\"noopener noreferrer\">Verbindungsgraben<\/a> zwischen der Havel und dem Faulen See bei <a href=\"https:\/\/forst-grunewald.de\/?page_id=5053\" target=\"_blank\" rel=\"noopener noreferrer\">Tiefwerder<\/a>) vom 02.04.1989 und 11.04.1889<\/span><\/li>\n<li><span style=\"font-family: arial, helvetica, sans-serif; font-size: 12pt;\"><a href=\"https:\/\/forst-grunewald.de\/?page_id=1047\" target=\"_blank\" rel=\"noopener\">Pechsee<\/a> vom 18.04.1911<\/span><\/li>\n<li style=\"text-align: justify;\"><span style=\"font-family: arial, helvetica, sans-serif; font-size: 12pt;\"><a href=\"https:\/\/forst-grunewald.de\/?page_id=10635\" target=\"_blank\" rel=\"noopener noreferrer\">Schildhorn<\/a> vom 02. (oder 04.\/07.) 1889<\/span><\/li>\n<li style=\"text-align: justify;\"><span style=\"font-family: arial, helvetica, sans-serif; font-size: 12pt;\"><a href=\"https:\/\/forst-grunewald.de\/?page_id=1199\" target=\"_blank\" rel=\"noopener noreferrer\">Teufelssee<\/a> vom 14.04.1904 und 12.08.1909<\/span><\/li>\n<li style=\"text-align: justify;\"><span style=\"font-family: arial, helvetica, sans-serif; font-size: 12pt;\"><a href=\"https:\/\/forst-grunewald.de\/?page_id=190\" target=\"_blank\" rel=\"noopener noreferrer\">Linde bei Schildhorn<\/a> vom 26.04.1904<\/span><\/li>\n<\/ul>\n<p style=\"text-align: justify;\"><span style=\"font-family: arial, helvetica, sans-serif; font-size: 12pt;\">Die Bilder befinden sich hier in der Galerie und zus\u00e4tlich auch bei den entsprechenden Gebietsseiten:<\/span><\/p>\n<p style=\"text-align: justify;\"><span style=\"font-family: arial, helvetica, sans-serif; font-size: 12pt;\">ngg_shortcode_0_placeholder<\/span><\/p>\n","protected":false},"excerpt":{"rendered":"<p>Grunewaldzeichnungen von Adolph Doebber Mir ist es gelungen, einige den Grunewald betreffende Zeichnungen aus dem urspr\u00fcnglichen Nachlass von Adolph Doebber (1848-1920) bei ebay zu ersteigern.&hellip;<\/p>\n","protected":false},"author":1,"featured_media":0,"parent":0,"menu_order":0,"comment_status":"closed","ping_status":"closed","template":"","meta":{"ngg_post_thumbnail":0,"iawp_total_views":15,"footnotes":""},"class_list":["post-14960","page","type-page","status-publish","hentry"],"_links":{"self":[{"href":"https:\/\/forst-grunewald.de\/index.php?rest_route=\/wp\/v2\/pages\/14960","targetHints":{"allow":["GET"]}}],"collection":[{"href":"https:\/\/forst-grunewald.de\/index.php?rest_route=\/wp\/v2\/pages"}],"about":[{"href":"https:\/\/forst-grunewald.de\/index.php?rest_route=\/wp\/v2\/types\/page"}],"author":[{"embeddable":true,"href":"https:\/\/forst-grunewald.de\/index.php?rest_route=\/wp\/v2\/users\/1"}],"replies":[{"embeddable":true,"href":"https:\/\/forst-grunewald.de\/index.php?rest_route=%2Fwp%2Fv2%2Fcomments&post=14960"}],"version-history":[{"count":10,"href":"https:\/\/forst-grunewald.de\/index.php?rest_route=\/wp\/v2\/pages\/14960\/revisions"}],"predecessor-version":[{"id":42075,"href":"https:\/\/forst-grunewald.de\/index.php?rest_route=\/wp\/v2\/pages\/14960\/revisions\/42075"}],"wp:attachment":[{"href":"https:\/\/forst-grunewald.de\/index.php?rest_route=%2Fwp%2Fv2%2Fmedia&parent=14960"}],"curies":[{"name":"wp","href":"https:\/\/api.w.org\/{rel}","templated":true}]}}