{"id":14305,"date":"2020-07-11T20:32:24","date_gmt":"2020-07-11T19:32:24","guid":{"rendered":"http:\/\/forst-grunewald.de\/?page_id=14305"},"modified":"2024-05-06T08:20:07","modified_gmt":"2024-05-06T07:20:07","slug":"badestrand","status":"publish","type":"page","link":"https:\/\/forst-grunewald.de\/?page_id=14305","title":{"rendered":"Badestrand"},"content":{"rendered":"<figure id=\"attachment_14326\" aria-describedby=\"caption-attachment-14326\" style=\"width: 450px\" class=\"wp-caption alignright\"><a href=\"https:\/\/forst-grunewald.de\/wp-content\/uploads\/2011-11-06-DSC07768-klein.jpg\" target=\"_blank\" rel=\"noopener noreferrer\"><img loading=\"lazy\" decoding=\"async\" class=\"wp-image-14326\" src=\"https:\/\/forst-grunewald.de\/wp-content\/uploads\/2011-11-06-DSC07768-klein.jpg\" alt=\"\" width=\"450\" height=\"338\" srcset=\"https:\/\/forst-grunewald.de\/wp-content\/uploads\/2011-11-06-DSC07768-klein.jpg 1600w, https:\/\/forst-grunewald.de\/wp-content\/uploads\/2011-11-06-DSC07768-klein-400x300.jpg 400w, https:\/\/forst-grunewald.de\/wp-content\/uploads\/2011-11-06-DSC07768-klein-200x150.jpg 200w, https:\/\/forst-grunewald.de\/wp-content\/uploads\/2011-11-06-DSC07768-klein-768x576.jpg 768w, https:\/\/forst-grunewald.de\/wp-content\/uploads\/2011-11-06-DSC07768-klein-1536x1152.jpg 1536w\" sizes=\"auto, (max-width: 450px) 100vw, 450px\" \/><\/a><figcaption id=\"caption-attachment-14326\" class=\"wp-caption-text\"><span style=\"font-size: 8pt;\">&#8222;Capy&#8220;<\/span><\/figcaption><\/figure>\n<p style=\"text-align: justify;\">An der S\u00fcdspitze, neben dem Segelclub der privaten <a href=\"https:\/\/www.schele-schule.de\/sport\/segeln\/\" target=\"_blank\" rel=\"noopener noreferrer\">Schele-Schule<\/a> (<a href=\"https:\/\/forst-grunewald.de\/?page_id=4537\" target=\"_blank\" rel=\"noopener noreferrer\">ehemals Siemenswerder \/ Ausflugslokal K\u00f6niggr\u00e4tzer Garten (Galerie 5)<\/a>), befindet sich heute im ein Hundebadestrand, welcher davor bereits als gro\u00dfer Badestrand genuzt und sogar als &#8222;Freibad&#8220; bezeichnet wurde.<\/p>\n<p style=\"text-align: justify;\">W\u00e4hrend der West-Berliner Zeit wurde der gr\u00f6\u00dfte Teil davon von der Britischen Schutzmacht als Kanuclub genutzt, wie sich aus Wanderkarten und einem Luftbild ergibt, wo zwei gr\u00f6\u00dfere Geb\u00e4ude zu erkennen sind und auf dem einen Dach der Schriftzug &#8222;BERLIN FIELD FORCES CANOE CLUB&#8220; aufgemalt ist. Dieses Geb\u00e4ude existiert inzwischen nicht mehr.<\/p>\n<p style=\"text-align: justify;\">Heute befindet sich an der Badestelle noch eine Rettungsstation der DLRG Berlin.<\/p>\n<p style=\"text-align: justify;\">Baden ist dort mit aber nat\u00fcrlich auch ohne Hund m\u00f6glich. Die Wasserqualit\u00e4t ist dort besser als an der direkten <a href=\"https:\/\/forst-grunewald.de\/?page_id=4809\" target=\"_blank\" rel=\"noopener noreferrer\">S\u00fcdspitze<\/a> des Pichelswerder, wo vom <a href=\"https:\/\/forst-grunewald.de\/?page_id=4328\" target=\"_blank\" rel=\"noopener noreferrer\">Gem\u00fcnde<\/a> des Kanals kommend viel Unrat angetrieben wird, welches sich dann im Schilf und im Uferge\u00e4st verf\u00e4ngt. Allerdings kann man im Bereich der direkten S\u00fcdspitze ziemlich weit ins Wasser hineinlaufen, w\u00e4hrend es&nbsp; an der Badestelle hingegen schnell abw\u00e4rts geht. Die Hunde-Badestelle ist also aus meiner Sicht deswegen nicht f\u00fcr kleine Kinder oder Nichtschwimmer geeignet.<\/p>\n<p style=\"text-align: justify;\">Vom Strand aus bietet sich ein sch\u00f6ner Ausblick auf den s\u00fcdlichen <a href=\"https:\/\/forst-grunewald.de\/?page_id=4432\" target=\"_blank\" rel=\"noopener noreferrer\">St\u00f6\u00dfensee<\/a> und das auf der anderen Uferseite gelegene Restaurantschiff &#8222;<a href=\"https:\/\/forst-grunewald.de\/?page_id=7928\" target=\"_blank\" rel=\"noopener noreferrer\">Alte Liebe<\/a>&#8220; . Sie ist eine ehemalige Hamburger Hafenf\u00e4hre, welche seit ca. 1970 dort einen festen Liegeplatz hat. Ein Besuch lohnt sich, zumal es jetzt direkt am Schiff ein Ponton mit Au\u00dfenpl\u00e4tzen gibt.<\/p>\n<p style=\"text-align: justify;\">Von der Badestelle aus f\u00fchrt eine lange Treppe auf das Hochplateau des Pichelswerder, von wo aus sich ein wunderbarer Ausblick auf den &#8222;<a href=\"https:\/\/forst-grunewald.de\/?page_id=257\" target=\"_blank\" rel=\"noopener noreferrer\">Breite See<\/a>&#8220; der Unterhavel in Richtung <a href=\"https:\/\/forst-grunewald.de\/?page_id=10635\" target=\"_blank\" rel=\"noopener noreferrer\">Schildhorn<\/a> bietet.<\/p>\n<p>&nbsp;<\/p>\nngg_shortcode_0_placeholder\n<p>&nbsp;<\/p>\n","protected":false},"excerpt":{"rendered":"<p>An der S\u00fcdspitze, neben dem Segelclub der privaten Schele-Schule (ehemals Siemenswerder \/ Ausflugslokal K\u00f6niggr\u00e4tzer Garten (Galerie 5)), befindet sich heute im ein Hundebadestrand, welcher davor&hellip;<\/p>\n","protected":false},"author":1,"featured_media":0,"parent":4060,"menu_order":0,"comment_status":"closed","ping_status":"closed","template":"template\/full-width.php","meta":{"ngg_post_thumbnail":0,"iawp_total_views":9,"footnotes":""},"class_list":["post-14305","page","type-page","status-publish","hentry"],"_links":{"self":[{"href":"https:\/\/forst-grunewald.de\/index.php?rest_route=\/wp\/v2\/pages\/14305","targetHints":{"allow":["GET"]}}],"collection":[{"href":"https:\/\/forst-grunewald.de\/index.php?rest_route=\/wp\/v2\/pages"}],"about":[{"href":"https:\/\/forst-grunewald.de\/index.php?rest_route=\/wp\/v2\/types\/page"}],"author":[{"embeddable":true,"href":"https:\/\/forst-grunewald.de\/index.php?rest_route=\/wp\/v2\/users\/1"}],"replies":[{"embeddable":true,"href":"https:\/\/forst-grunewald.de\/index.php?rest_route=%2Fwp%2Fv2%2Fcomments&post=14305"}],"version-history":[{"count":25,"href":"https:\/\/forst-grunewald.de\/index.php?rest_route=\/wp\/v2\/pages\/14305\/revisions"}],"predecessor-version":[{"id":41562,"href":"https:\/\/forst-grunewald.de\/index.php?rest_route=\/wp\/v2\/pages\/14305\/revisions\/41562"}],"up":[{"embeddable":true,"href":"https:\/\/forst-grunewald.de\/index.php?rest_route=\/wp\/v2\/pages\/4060"}],"wp:attachment":[{"href":"https:\/\/forst-grunewald.de\/index.php?rest_route=%2Fwp%2Fv2%2Fmedia&parent=14305"}],"curies":[{"name":"wp","href":"https:\/\/api.w.org\/{rel}","templated":true}]}}