{"id":13538,"date":"2019-07-15T17:50:28","date_gmt":"2019-07-15T16:50:28","guid":{"rendered":"http:\/\/forst-grunewald.de\/?page_id=13538"},"modified":"2024-11-30T17:27:02","modified_gmt":"2024-11-30T16:27:02","slug":"royal-louise","status":"publish","type":"page","link":"https:\/\/forst-grunewald.de\/?page_id=13538","title":{"rendered":"Royal Louise"},"content":{"rendered":"<p><span style=\"font-size: 12pt;\"><em><strong>Zwei Mini-Fregatten auf der Berliner und Potsdamer Unterhavel<\/strong><\/em><\/span><\/p>\n<p>Das Original: 1832 &#8211; 1947<\/p>\n<p>Der Nachbau: Seit 1998<\/p>\n<figure id=\"attachment_13546\" aria-describedby=\"caption-attachment-13546\" style=\"width: 1600px\" class=\"wp-caption alignnone\"><a href=\"https:\/\/forst-grunewald.de\/wp-content\/uploads\/1935-ca-Royal-Louise-in-Kiel-aufgestellt-April-Mai-klein.jpg\"><img loading=\"lazy\" decoding=\"async\" class=\"wp-image-13546 size-full\" src=\"https:\/\/forst-grunewald.de\/wp-content\/uploads\/1935-ca-Royal-Louise-in-Kiel-aufgestellt-April-Mai-klein.jpg\" alt=\"\" width=\"1600\" height=\"1220\" srcset=\"https:\/\/forst-grunewald.de\/wp-content\/uploads\/1935-ca-Royal-Louise-in-Kiel-aufgestellt-April-Mai-klein.jpg 1600w, https:\/\/forst-grunewald.de\/wp-content\/uploads\/1935-ca-Royal-Louise-in-Kiel-aufgestellt-April-Mai-klein-197x150.jpg 197w, https:\/\/forst-grunewald.de\/wp-content\/uploads\/1935-ca-Royal-Louise-in-Kiel-aufgestellt-April-Mai-klein-393x300.jpg 393w, https:\/\/forst-grunewald.de\/wp-content\/uploads\/1935-ca-Royal-Louise-in-Kiel-aufgestellt-April-Mai-klein-768x586.jpg 768w\" sizes=\"auto, (max-width: 1600px) 100vw, 1600px\" \/><\/a><figcaption id=\"caption-attachment-13546\" class=\"wp-caption-text\"><span style=\"font-size: 8pt;\">Kiel-Wik, <a href=\"https:\/\/de.wikipedia.org\/wiki\/Kiellinie_(Kiel)\" target=\"_blank\" rel=\"noopener noreferrer\">Hindenburgufer<\/a>. Die Aufnahme (Originalfoto mit Verzeichnisnummer 06730, keine Reproduktion) stammt aus dem Nachlass eines Besatzungsmitglieds des <a href=\"https:\/\/de.wikipedia.org\/wiki\/SMS_Schleswig-Holstein\" target=\"_blank\" rel=\"noopener noreferrer\">Linienschiffs Schleswig-Holstein<\/a>. Ein weiteres Foto aus dem Nachlass (<a href=\"https:\/\/forst-grunewald.de\/?p=11927\" target=\"_blank\" rel=\"noopener noreferrer\">06744<\/a>) zeigt, ebenfalls in Kiel, die Gorch Fock, sowie den Leichten Kreuzer K\u00f6nigsberg und das Panzerschiff Admiral Scheer. Aufnahmejahr vermutlich jeweils 1935 oder Kieler Woche im August 1936.<\/span><\/figcaption><\/figure>\n<p>&nbsp;<\/p>\n<p>Die nachfolgenden Informationen hat mir freundlicherweise Herr Lothar Vo\u00df, heutiger Schiffsf\u00fchrer der Royal Louise am 20.11.2006 \u00fcbermittelt:<\/p>\n<blockquote><p><strong>Die Fregatte Royal Louise<\/strong><\/p>\n<p>Auf der Havel ist manchmal ein Dreimast-Rahsegelschiff mit Kanonen zu sehen.<\/p>\n<p>Es ist die Royal Louise, ein vorbildgetreuer Nachbau eines Schiffes, dass von 1832 bis 1914 auf der Havel und dem Jungfernsee segelte. Als Geschenk des britischen K\u00f6nigs <a href=\"https:\/\/de.wikipedia.org\/wiki\/Wilhelm_IV._(Vereinigtes_K%C3%B6nigreich)\" target=\"_blank\" rel=\"noopener noreferrer\">William IV.<\/a>, kam die Yacht, mit dem \u00e4u\u00dferen Erscheinungsbild einer Fregatte, nach Preu\u00dfen. Die Royal Louise diente K\u00f6nig <a href=\"https:\/\/de.wikipedia.org\/wiki\/Friedrich_Wilhelm_III._(Preu%C3%9Fen)\" target=\"_blank\" rel=\"noopener noreferrer\">Friedrich Wilhelm III.<\/a> (1770-1840). und den nachfolgenden K\u00f6nigen und Kaisern zu \u201eLustfahrten\u201c.<\/p>\n<p>Der Liegeplatz der Royal Louise und der anderen k\u00f6niglichen Wasserfahrzeuge, war ab 1841 die \u201eMatrosenstation\u201c am Jungfernsee nahe der Glienicker Br\u00fccke. <a href=\"https:\/\/de.wikipedia.org\/wiki\/Wilhelm_II._(Deutsches_Reich)\" target=\"_blank\" rel=\"noopener noreferrer\">Kaiser Wilhelm II.<\/a> [1859-1941 und von 1888-1918 letzter Deutscher Kaser und K\u00f6nig von Preu\u00dfen] lie\u00df ab 1895 neue Geb\u00e4ude im norwegischen Blockhausstil errichten, und die Station hie\u00df nun \u201e<a href=\"https:\/\/de.wikipedia.org\/wiki\/Matrosenstation_Kongsn%C3%A6s\" target=\"_blank\" rel=\"noopener noreferrer\">Kongsn\u00e6s<\/a>\u201c. Ab 1935 lag das Schiff als Denkmal in Kiel an Land. Im Rahmen der&nbsp; Entmilitarisierung und der Aufr\u00e4umung der schwer zerst\u00f6rten Stadt wurde die&nbsp; Royal Louise [1947] abgewrackt.<\/p>\n<p>1996-1998 entstand im Rahmen einer arbeitsmarktpolitischen Ma\u00dfnahme der vorbildgetreue Nachbau in Berlin-K\u00f6penick. Schiffseigner ist seit 2004 der Yacht- und Schifffahrtsverein zu Potsdam e.V. Der gemeinn\u00fctzige Verein unterh\u00e4lt das Schiff durch ehrenamtliche Arbeit, setzt es als Wahrzeichen, Schulschiff und zur F\u00f6rderung des Segelsports ein. F\u00fcr besondere Anl\u00e4sse steht die Royal Louise ebenfalls zur Verf\u00fcgung. Segelfreunde, F\u00f6rderer, Mitglieder und G\u00e4ste sind an Bord herzlich willkommen.<\/p>\n<p>Kontakt: <a href=\"http:\/\/www.royal-louise.de\/\" target=\"_blank\" rel=\"noopener noreferrer\">www.royal-louise.de<\/a><\/p><\/blockquote>\n<p>____________________<\/p>\n<p>Hier noch eine inzwischen gel\u00f6schte Quelle aus dem Internet, m\u00f6glicherweise ein Zitat aus einem Buch &#8222;Chronik des 20. Jahrhunderts (<a href=\"https:\/\/www.amazon.de\/Chronik-20-Jahrhunderts-Brigitte-Beier\/dp\/3860471309\" target=\"_blank\" rel=\"noopener noreferrer\">?<\/a>)&#8220;:<\/p>\n<blockquote><p>Am 3. August 1914 brach der 1. Weltkrieg aus. Von 1898-1914 fand in Deutschland eine gro\u00dfe Flottenaufr\u00fcstung statt. Diese Flottenaufr\u00fcstung wurde von Kaiser Wilhelm II nach der Devise \u201eUnsere Zukunft liegt auf dem Wasser\u201c gef\u00f6rdert. Dies ist die Zeit, wo die Kinder in Matrosenanz\u00fcge gekleidet werden. Zur Marinebegeisterung der Jugend tragen auch Attrappen von Schiffen bei, die auf Kinderspielpl\u00e4tzen aufgestellt werden. So wird im Berliner Grunewald zum \u201eKinderexerzieren\u201c eine Nachbildung des Holzschulschiffs \u201eIltis\u201c aufgestellt, die gro\u00dfen Anklang findet.<\/p><\/blockquote>\n<p><span style=\"text-decoration: underline;\">Weiterf\u00fchrend:<\/span><\/p>\n<p style=\"text-align: center;\"><a href=\"https:\/\/forst-grunewald.de\/?page_id=5406\" target=\"_blank\" rel=\"noopener noreferrer\"><b><span style=\"font-size: 12pt;\">Marine-Jugendwehr im Grunewald<\/span><\/b><\/a><\/p>\n<p>Eine <strong>naheliegende<\/strong> Frage lautet nun, ob und inwieweit die Royal Louise einen Anteil an der Mariniebegeiserung des am 27. Januar 1859 geborenen und sp\u00e4teren <a href=\"https:\/\/de.wikipedia.org\/wiki\/Wilhelm_II._(Deutsches_Reich)\" target=\"_blank\" rel=\"noopener noreferrer\">Kaiser Wilhelm II.<\/a> hatte?<\/p>\n<p><span style=\"text-decoration: underline;\">Weitere Lesetipps:<\/span><\/p>\n<ul>\n<li><a href=\"https:\/\/www.sigurd-hess.de\" target=\"_blank\" rel=\"noopener noreferrer\">Dr. Sigurd Hess<\/a> (<a href=\"https:\/\/de.wikipedia.org\/wiki\/Sigurd_Hess\" target=\"_blank\" rel=\"noopener noreferrer\">verstorben 2018<\/a>): Aufsatz: <a href=\"https:\/\/www.sigurd-hess.de\/app\/download\/9670749\/Das+maritime+Berlin.doc\" target=\"_blank\" rel=\"noopener noreferrer\">Das maritime Berlin<\/a><\/li>\n<li>Andreas Krause, Sachbuch 1999: <a href=\"https:\/\/www.faz.net\/aktuell\/feuilleton\/politik\/rezension-sachbuch-teuerstes-spektakel-11314978.html\" target=\"_blank\" rel=\"noopener noreferrer\">Scapa Flow, Die Selbstversenkung der wilhelminischen Flotte<\/a> (am 21. Juni 1919)<\/li>\n<li>Michael Stoffregen-B\u00fcller, Sachbuch 2016: <a href=\"https:\/\/www.amazon.de\/Auf-blauen-Havelfluten-Preu%C3%9Fenk%C3%B6nige-Matrosenstation\/dp\/3945880106\/ref=sr_1_1?ie=UTF8&amp;qid=1503666756&amp;sr=8-1&amp;keywords=Auf+blauen+Havelfluten%3A+ROYAL+LOUISE+-+die+Fregatte+der\" target=\"_blank\" rel=\"noopener noreferrer\">Auf blauen Havelfluten: ROYAL LOUISE \u2013 die Fregatte der Preu\u00dfenk\u00f6nige und die Kaiserliche Matrosenstation zu Potsdam<\/a><\/li>\n<\/ul>\n<p>____________________<\/p>\n<figure id=\"attachment_13573\" aria-describedby=\"caption-attachment-13573\" style=\"width: 200px\" class=\"wp-caption alignright\"><a href=\"https:\/\/forst-grunewald.de\/wp-content\/uploads\/1901-10-26-Royal-Louise-Jungfernsee-klein.jpg\" target=\"_blank\" rel=\"noopener noreferrer\"><img loading=\"lazy\" decoding=\"async\" class=\"wp-image-13573\" src=\"https:\/\/forst-grunewald.de\/wp-content\/uploads\/1901-10-26-Royal-Louise-Jungfernsee-klein.jpg\" alt=\"\" width=\"200\" height=\"101\" srcset=\"https:\/\/forst-grunewald.de\/wp-content\/uploads\/1901-10-26-Royal-Louise-Jungfernsee-klein.jpg 1600w, https:\/\/forst-grunewald.de\/wp-content\/uploads\/1901-10-26-Royal-Louise-Jungfernsee-klein-200x101.jpg 200w, https:\/\/forst-grunewald.de\/wp-content\/uploads\/1901-10-26-Royal-Louise-Jungfernsee-klein-450x228.jpg 450w, https:\/\/forst-grunewald.de\/wp-content\/uploads\/1901-10-26-Royal-Louise-Jungfernsee-klein-768x389.jpg 768w\" sizes=\"auto, (max-width: 200px) 100vw, 200px\" \/><\/a><figcaption id=\"caption-attachment-13573\" class=\"wp-caption-text\"><span style=\"font-size: 8pt;\">Fregattenattrappe Casio Schlo\u00df Gliniecke<\/span><\/figcaption><\/figure>\n<p><strong>Fregattenattrappe<\/strong><\/p>\n<p>Dann gab es am Jungfernsee am Casiono des Schloss Glienicke auch noch eine Fregattenattrappe, genannt &#8222;Die Masten&#8220;. Sehr ausf\u00fchrlich beschrieben bei Wikipedia: <a href=\"https:\/\/de.wikipedia.org\/wiki\/Park_Klein-Glienicke#Fregattenattrappe\" target=\"_blank\" rel=\"noopener noreferrer\">HIER<\/a>.<\/p>\n<p>&nbsp;<\/p>\n<p>&nbsp;<\/p>\n<p>&nbsp;<\/p>\nngg_shortcode_0_placeholder\n<p>&nbsp;<\/p>\n<p>&nbsp;<\/p>\n","protected":false},"excerpt":{"rendered":"<p>Zwei Mini-Fregatten auf der Berliner und Potsdamer Unterhavel Das Original: 1832 &#8211; 1947 Der Nachbau: Seit 1998 &nbsp; Die nachfolgenden Informationen hat mir freundlicherweise Herr&hellip;<\/p>\n","protected":false},"author":1,"featured_media":0,"parent":5305,"menu_order":0,"comment_status":"closed","ping_status":"closed","template":"template-fullwidth.php","meta":{"ngg_post_thumbnail":0,"iawp_total_views":24,"footnotes":""},"class_list":["post-13538","page","type-page","status-publish","hentry"],"_links":{"self":[{"href":"https:\/\/forst-grunewald.de\/index.php?rest_route=\/wp\/v2\/pages\/13538","targetHints":{"allow":["GET"]}}],"collection":[{"href":"https:\/\/forst-grunewald.de\/index.php?rest_route=\/wp\/v2\/pages"}],"about":[{"href":"https:\/\/forst-grunewald.de\/index.php?rest_route=\/wp\/v2\/types\/page"}],"author":[{"embeddable":true,"href":"https:\/\/forst-grunewald.de\/index.php?rest_route=\/wp\/v2\/users\/1"}],"replies":[{"embeddable":true,"href":"https:\/\/forst-grunewald.de\/index.php?rest_route=%2Fwp%2Fv2%2Fcomments&post=13538"}],"version-history":[{"count":34,"href":"https:\/\/forst-grunewald.de\/index.php?rest_route=\/wp\/v2\/pages\/13538\/revisions"}],"predecessor-version":[{"id":41557,"href":"https:\/\/forst-grunewald.de\/index.php?rest_route=\/wp\/v2\/pages\/13538\/revisions\/41557"}],"up":[{"embeddable":true,"href":"https:\/\/forst-grunewald.de\/index.php?rest_route=\/wp\/v2\/pages\/5305"}],"wp:attachment":[{"href":"https:\/\/forst-grunewald.de\/index.php?rest_route=%2Fwp%2Fv2%2Fmedia&parent=13538"}],"curies":[{"name":"wp","href":"https:\/\/api.w.org\/{rel}","templated":true}]}}

<p><span style="font-size: 12pt;"><em><strong>Zwei Mini-Fregatten auf der Berliner und Potsdamer Unterhavel</strong></em></span></p>
<p>Das Original: 1832 &#8211; 1947</p>
<p>Der Nachbau: Seit 1998</p>
<figure id="attachment_13546" aria-describedby="caption-attachment-13546" style="width: 1600px" class="wp-caption alignnone"><a href="https://forst-grunewald.de/wp-content/uploads/1935-ca-Royal-Louise-in-Kiel-aufgestellt-April-Mai-klein.jpg"><img loading="lazy" decoding="async" class="wp-image-13546 size-full" src="https://forst-grunewald.de/wp-content/uploads/1935-ca-Royal-Louise-in-Kiel-aufgestellt-April-Mai-klein.jpg" alt="" width="1600" height="1220" srcset="https://forst-grunewald.de/wp-content/uploads/1935-ca-Royal-Louise-in-Kiel-aufgestellt-April-Mai-klein.jpg 1600w, https://forst-grunewald.de/wp-content/uploads/1935-ca-Royal-Louise-in-Kiel-aufgestellt-April-Mai-klein-197x150.jpg 197w, https://forst-grunewald.de/wp-content/uploads/1935-ca-Royal-Louise-in-Kiel-aufgestellt-April-Mai-klein-393x300.jpg 393w, https://forst-grunewald.de/wp-content/uploads/1935-ca-Royal-Louise-in-Kiel-aufgestellt-April-Mai-klein-768x586.jpg 768w" sizes="auto, (max-width: 1600px) 100vw, 1600px" /></a><figcaption id="caption-attachment-13546" class="wp-caption-text"><span style="font-size: 8pt;">Kiel-Wik, <a href="https://de.wikipedia.org/wiki/Kiellinie_(Kiel)" target="_blank" rel="noopener noreferrer">Hindenburgufer</a>. Die Aufnahme (Originalfoto mit Verzeichnisnummer 06730, keine Reproduktion) stammt aus dem Nachlass eines Besatzungsmitglieds des <a href="https://de.wikipedia.org/wiki/SMS_Schleswig-Holstein" target="_blank" rel="noopener noreferrer">Linienschiffs Schleswig-Holstein</a>. Ein weiteres Foto aus dem Nachlass (<a href="https://forst-grunewald.de/?p=11927" target="_blank" rel="noopener noreferrer">06744</a>) zeigt, ebenfalls in Kiel, die Gorch Fock, sowie den Leichten Kreuzer Königsberg und das Panzerschiff Admiral Scheer. Aufnahmejahr vermutlich jeweils 1935 oder Kieler Woche im August 1936.</span></figcaption></figure>
<p>&nbsp;</p>
<p>Die nachfolgenden Informationen hat mir freundlicherweise Herr Lothar Voß, heutiger Schiffsführer der Royal Louise am 20.11.2006 übermittelt:</p>
<blockquote><p><strong>Die Fregatte Royal Louise</strong></p>
<p>Auf der Havel ist manchmal ein Dreimast-Rahsegelschiff mit Kanonen zu sehen.</p>
<p>Es ist die Royal Louise, ein vorbildgetreuer Nachbau eines Schiffes, dass von 1832 bis 1914 auf der Havel und dem Jungfernsee segelte. Als Geschenk des britischen Königs <a href="https://de.wikipedia.org/wiki/Wilhelm_IV._(Vereinigtes_K%C3%B6nigreich)" target="_blank" rel="noopener noreferrer">William IV.</a>, kam die Yacht, mit dem äußeren Erscheinungsbild einer Fregatte, nach Preußen. Die Royal Louise diente König <a href="https://de.wikipedia.org/wiki/Friedrich_Wilhelm_III._(Preu%C3%9Fen)" target="_blank" rel="noopener noreferrer">Friedrich Wilhelm III.</a> (1770-1840). und den nachfolgenden Königen und Kaisern zu „Lustfahrten“.</p>
<p>Der Liegeplatz der Royal Louise und der anderen königlichen Wasserfahrzeuge, war ab 1841 die „Matrosenstation“ am Jungfernsee nahe der Glienicker Brücke. <a href="https://de.wikipedia.org/wiki/Wilhelm_II._(Deutsches_Reich)" target="_blank" rel="noopener noreferrer">Kaiser Wilhelm II.</a> [1859-1941 und von 1888-1918 letzter Deutscher Kaser und König von Preußen] ließ ab 1895 neue Gebäude im norwegischen Blockhausstil errichten, und die Station hieß nun „<a href="https://de.wikipedia.org/wiki/Matrosenstation_Kongsn%C3%A6s" target="_blank" rel="noopener noreferrer">Kongsnæs</a>“. Ab 1935 lag das Schiff als Denkmal in Kiel an Land. Im Rahmen der&nbsp; Entmilitarisierung und der Aufräumung der schwer zerstörten Stadt wurde die&nbsp; Royal Louise [1947] abgewrackt.</p>
<p>1996-1998 entstand im Rahmen einer arbeitsmarktpolitischen Maßnahme der vorbildgetreue Nachbau in Berlin-Köpenick. Schiffseigner ist seit 2004 der Yacht- und Schifffahrtsverein zu Potsdam e.V. Der gemeinnützige Verein unterhält das Schiff durch ehrenamtliche Arbeit, setzt es als Wahrzeichen, Schulschiff und zur Förderung des Segelsports ein. Für besondere Anlässe steht die Royal Louise ebenfalls zur Verfügung. Segelfreunde, Förderer, Mitglieder und Gäste sind an Bord herzlich willkommen.</p>
<p>Kontakt: <a href="http://www.royal-louise.de/" target="_blank" rel="noopener noreferrer">www.royal-louise.de</a></p></blockquote>
<p>____________________</p>
<p>Hier noch eine inzwischen gelöschte Quelle aus dem Internet, möglicherweise ein Zitat aus einem Buch &#8222;Chronik des 20. Jahrhunderts (<a href="https://www.amazon.de/Chronik-20-Jahrhunderts-Brigitte-Beier/dp/3860471309" target="_blank" rel="noopener noreferrer">?</a>)&#8220;:</p>
<blockquote><p>Am 3. August 1914 brach der 1. Weltkrieg aus. Von 1898-1914 fand in Deutschland eine große Flottenaufrüstung statt. Diese Flottenaufrüstung wurde von Kaiser Wilhelm II nach der Devise „Unsere Zukunft liegt auf dem Wasser“ gefördert. Dies ist die Zeit, wo die Kinder in Matrosenanzüge gekleidet werden. Zur Marinebegeisterung der Jugend tragen auch Attrappen von Schiffen bei, die auf Kinderspielplätzen aufgestellt werden. So wird im Berliner Grunewald zum „Kinderexerzieren“ eine Nachbildung des Holzschulschiffs „Iltis“ aufgestellt, die großen Anklang findet.</p></blockquote>
<p><span style="text-decoration: underline;">Weiterführend:</span></p>
<p style="text-align: center;"><a href="https://forst-grunewald.de/?page_id=5406" target="_blank" rel="noopener noreferrer"><b><span style="font-size: 12pt;">Marine-Jugendwehr im Grunewald</span></b></a></p>
<p>Eine <strong>naheliegende</strong> Frage lautet nun, ob und inwieweit die Royal Louise einen Anteil an der Mariniebegeiserung des am 27. Januar 1859 geborenen und späteren <a href="https://de.wikipedia.org/wiki/Wilhelm_II._(Deutsches_Reich)" target="_blank" rel="noopener noreferrer">Kaiser Wilhelm II.</a> hatte?</p>
<p><span style="text-decoration: underline;">Weitere Lesetipps:</span></p>
<ul>
<li><a href="https://www.sigurd-hess.de" target="_blank" rel="noopener noreferrer">Dr. Sigurd Hess</a> (<a href="https://de.wikipedia.org/wiki/Sigurd_Hess" target="_blank" rel="noopener noreferrer">verstorben 2018</a>): Aufsatz: <a href="https://www.sigurd-hess.de/app/download/9670749/Das+maritime+Berlin.doc" target="_blank" rel="noopener noreferrer">Das maritime Berlin</a></li>
<li>Andreas Krause, Sachbuch 1999: <a href="https://www.faz.net/aktuell/feuilleton/politik/rezension-sachbuch-teuerstes-spektakel-11314978.html" target="_blank" rel="noopener noreferrer">Scapa Flow, Die Selbstversenkung der wilhelminischen Flotte</a> (am 21. Juni 1919)</li>
<li>Michael Stoffregen-Büller, Sachbuch 2016: <a href="https://www.amazon.de/Auf-blauen-Havelfluten-Preu%C3%9Fenk%C3%B6nige-Matrosenstation/dp/3945880106/ref=sr_1_1?ie=UTF8&amp;qid=1503666756&amp;sr=8-1&amp;keywords=Auf+blauen+Havelfluten%3A+ROYAL+LOUISE+-+die+Fregatte+der" target="_blank" rel="noopener noreferrer">Auf blauen Havelfluten: ROYAL LOUISE – die Fregatte der Preußenkönige und die Kaiserliche Matrosenstation zu Potsdam</a></li>
</ul>
<p>____________________</p>
<figure id="attachment_13573" aria-describedby="caption-attachment-13573" style="width: 200px" class="wp-caption alignright"><a href="https://forst-grunewald.de/wp-content/uploads/1901-10-26-Royal-Louise-Jungfernsee-klein.jpg" target="_blank" rel="noopener noreferrer"><img loading="lazy" decoding="async" class="wp-image-13573" src="https://forst-grunewald.de/wp-content/uploads/1901-10-26-Royal-Louise-Jungfernsee-klein.jpg" alt="" width="200" height="101" srcset="https://forst-grunewald.de/wp-content/uploads/1901-10-26-Royal-Louise-Jungfernsee-klein.jpg 1600w, https://forst-grunewald.de/wp-content/uploads/1901-10-26-Royal-Louise-Jungfernsee-klein-200x101.jpg 200w, https://forst-grunewald.de/wp-content/uploads/1901-10-26-Royal-Louise-Jungfernsee-klein-450x228.jpg 450w, https://forst-grunewald.de/wp-content/uploads/1901-10-26-Royal-Louise-Jungfernsee-klein-768x389.jpg 768w" sizes="auto, (max-width: 200px) 100vw, 200px" /></a><figcaption id="caption-attachment-13573" class="wp-caption-text"><span style="font-size: 8pt;">Fregattenattrappe Casio Schloß Gliniecke</span></figcaption></figure>
<p><strong>Fregattenattrappe</strong></p>
<p>Dann gab es am Jungfernsee am Casiono des Schloss Glienicke auch noch eine Fregattenattrappe, genannt &#8222;Die Masten&#8220;. Sehr ausführlich beschrieben bei Wikipedia: <a href="https://de.wikipedia.org/wiki/Park_Klein-Glienicke#Fregattenattrappe" target="_blank" rel="noopener noreferrer">HIER</a>.</p>
<p>&nbsp;</p>
<p>&nbsp;</p>
<p>&nbsp;</p>
ngg_shortcode_0_placeholder
<p>&nbsp;</p>
<p>&nbsp;</p>
