{"id":1267,"date":"2012-07-09T12:40:42","date_gmt":"2012-07-09T12:40:42","guid":{"rendered":"http:\/\/forst-grunewald.de\/wordpress\/?page_id=1267"},"modified":"2024-05-06T08:30:23","modified_gmt":"2024-05-06T07:30:23","slug":"russenbrucke","status":"publish","type":"page","link":"https:\/\/forst-grunewald.de\/?page_id=1267","title":{"rendered":"Russenbr\u00fccke"},"content":{"rendered":"<p style=\"text-align: justify;\">Nach der Niederlage der Preu\u00dfischen Armee gegen die franz\u00f6sischen Truppen von Napoleon Bonaparte am 14. Oktober 1806 bei der <a href=\"https:\/\/de.wikipedia.org\/wiki\/Schlacht_bei_Jena_und_Auerstedt\" target=\"_blank\" rel=\"noopener noreferrer\">Schlacht bei Jena und Auerstedt<\/a>, wurde Berlin von den Franzosen besetzt. Am 27. Oktober 1806 <a href=\"https:\/\/de.wikipedia.org\/wiki\/Geschichte_Berlins#\/media\/File:Charles_Meynier_-_Napoleon_in_Berlin.png\" target=\"_blank\" rel=\"noopener noreferrer\">zog Napoleon durch das Brandenburger Tor<\/a>.&nbsp; Erst nach der Ratifikation eines Abkommens mit Frankreich zur Umsetzung des <a href=\"https:\/\/de.wikipedia.org\/wiki\/Frieden_von_Tilsit\" target=\"_blank\" rel=\"noopener noreferrer\">Tilsiter Friedens<\/a>, zogen die Franzosen im Dezember 1808 aus Berlin ab. Der Frieden von Tilsit war ein Ausl\u00f6ser f\u00fcr grundlegende Reformen des Staates Preu\u00dfen.<\/p>\n<figure id=\"attachment_11582\" aria-describedby=\"caption-attachment-11582\" style=\"width: 450px\" class=\"wp-caption alignright\"><a href=\"https:\/\/forst-grunewald.de\/wp-content\/uploads\/1911-ca-Zitadelle-vom-Siemens-Schuckert-Luftschiff-aus.jpg\" target=\"_blank\" rel=\"noopener noreferrer\"><img loading=\"lazy\" decoding=\"async\" class=\"wp-image-11582 size-medium\" src=\"https:\/\/forst-grunewald.de\/wp-content\/uploads\/1911-ca-Zitadelle-vom-Siemens-Schuckert-Luftschiff-aus-450x295.jpg\" alt=\"\" width=\"450\" height=\"295\" srcset=\"https:\/\/forst-grunewald.de\/wp-content\/uploads\/1911-ca-Zitadelle-vom-Siemens-Schuckert-Luftschiff-aus-450x295.jpg 450w, https:\/\/forst-grunewald.de\/wp-content\/uploads\/1911-ca-Zitadelle-vom-Siemens-Schuckert-Luftschiff-aus-200x131.jpg 200w, https:\/\/forst-grunewald.de\/wp-content\/uploads\/1911-ca-Zitadelle-vom-Siemens-Schuckert-Luftschiff-aus-768x503.jpg 768w, https:\/\/forst-grunewald.de\/wp-content\/uploads\/1911-ca-Zitadelle-vom-Siemens-Schuckert-Luftschiff-aus.jpg 1420w\" sizes=\"auto, (max-width: 450px) 100vw, 450px\" \/><\/a><figcaption id=\"caption-attachment-11582\" class=\"wp-caption-text\">1911 <a href=\"https:\/\/de.wikipedia.org\/wiki\/Zitadelle_Spandau\" target=\"_blank\" rel=\"noopener noreferrer\">Zitadelle Spandau<\/a> vom <a href=\"https:\/\/de.wikipedia.org\/wiki\/Siemens-Schuckert_I\" target=\"_blank\" rel=\"noopener noreferrer\">Siemens-Schuckert Luftschiff<\/a><\/figcaption><\/figure>\n<p style=\"text-align: justify;\">Die Stadt und die waren zweimal von den Franzosen besetzt. Nach der &#8211; <a href=\"https:\/\/www.bz-berlin.de\/berlin\/spandau\/napoleon-wollte-spandau-stuermen\" target=\"_blank\" rel=\"noopener noreferrer\">zum Gl\u00fcck<\/a> &#8211; kampflosen \u00dcbergabe der Spandauer Zitadelle zun\u00e4chst vom 25. Oktober 1806 bis zum 27. November 1808 und, nach <a href=\"https:\/\/de.wikipedia.org\/wiki\/Russlandfeldzug_1812\" target=\"_blank\" rel=\"noopener noreferrer\">Napoleons gescheiterten Russlandfeldzug<\/a>, dann nochmals vom 26. M\u00e4rz 1812 bis zum 27. April 1813.<\/p>\n<ul style=\"text-align: justify;\">\n<li>Aus der Zeit von 1806 &#8211; 1808 stammen im Grunewald die Ortsangaben <a href=\"https:\/\/forst-grunewald.de\/?page_id=544\" target=\"_blank\" rel=\"noopener noreferrer\">&#8222;Franzosenweg&#8220; und &#8222;Franzosenort&#8220;<\/a>.<\/li>\n<li>Aus der Zeit von 1813 stammt im Grunewald die Ortsangabe &#8222;Russenbr\u00fccke&#8220;.<\/li>\n<\/ul>\n<p style=\"text-align: justify;\">Eine <a href=\"https:\/\/forst-grunewald.de\/wp-content\/gallery\/franzosenweg\/1863-verlag-der-lithographischen-anstalt-von-theodor-mettke-franzosenweg.jpg\" target=\"_blank\" rel=\"noopener noreferrer\">Landkarte aus dem Jahr 1863<\/a> weist eine &#8222;Franzosen Schonung&#8220; aus, diese befindet sich beideitig des &#8222;Kronprinzessinn Weg&#8220;. Sp\u00e4tere Karten geben die Bezeichnung Franzosen-Gestell, Franzosenort und Franzosenweg an. Die Ortsangaben hierf\u00fcr liegen westlich des Kronprinzessinnenwegs (unter anderem in H\u00f6he des heutigen Sprengplatzes) und am <a href=\"https:\/\/forst-grunewald.de\/?page_id=1893\" target=\"_blank\" rel=\"noopener noreferrer\">Havelberg<\/a>.<\/p>\n<p style=\"text-align: justify;\">Die &#8222;Russenbr\u00fccke liegt an der Alten Spandauer Poststra\u00dfe zwischen dem <a href=\"https:\/\/forst-grunewald.de\/?page_id=1111\" target=\"_blank\" rel=\"noopener noreferrer\">Postfenn<\/a> und dem Teufelsgraben bzw. dem <a href=\"https:\/\/forst-grunewald.de\/?page_id=1280\" target=\"_blank\" rel=\"noopener noreferrer\">Torfgraben<\/a>. Direkt am Wegesrand befindet sich ein alter &#8222;<a href=\"https:\/\/forst-grunewald.de\/?page_id=164\" target=\"_blank\" rel=\"noopener noreferrer\">Blitzbaum<\/a>&#8222;. Der letzte Eintrag mit dieser Ortsangabe in einer Landkarte stammt anhand meiner Sammlung aus dem Jahr 1955! Es ist zu vermuten, das die West-Berliner nach dem Mauerbau f\u00fcr eine &#8222;Russenbr\u00fccke&#8220; im Grunewald nicht mehr viel \u00fcbrig hatten.<\/p>\n<p style=\"text-align: justify;\">Die Ortsnamen Franzosenweg und Russenbr\u00fccke drohen nach meiner Eisch\u00e4tzung in Vergessenheit zu geraten, ebenso wie &#8222;<a href=\"https:\/\/forst-grunewald.de\/?page_id=525\" target=\"_blank\" rel=\"noopener noreferrer\">Nineveen<\/a>&#8220; und &#8222;<a href=\"https:\/\/forst-grunewald.de\/?page_id=1917\" target=\"_blank\" rel=\"noopener noreferrer\">Vier Eichen<\/a>&#8222;.<\/p>\n<p>&nbsp;<\/p>\n<table>\n<tbody>\n<tr>\n<td style=\"text-align: left; vertical-align: top;\"><strong>1813<\/strong>\/<br \/>\n1913<\/td>\n<td style=\"vertical-align: top;\">\n<p style=\"text-align: left;\">Hornburg:<\/p>\n<p style=\"text-align: justify;\"><div class=\"spoiler-wrap\">\n\t\t\t\t<div class=\"spoiler-head folded\">Spoiler<\/div>\n\t\t\t\t<div class=\"spoiler-body\"><a href=\"https:\/\/forst-grunewald.de\/wp-content\/uploads\/1813-1913-Hornburg-Die-Belagerung-von-Spandau.jpg\"><img loading=\"lazy\" decoding=\"async\" class=\"alignright wp-image-1274\" src=\"https:\/\/forst-grunewald.de\/wp-content\/uploads\/1813-1913-Hornburg-Die-Belagerung-von-Spandau.jpg\" alt=\"\" width=\"150\" height=\"206\" srcset=\"https:\/\/forst-grunewald.de\/wp-content\/uploads\/1813-1913-Hornburg-Die-Belagerung-von-Spandau.jpg 250w, https:\/\/forst-grunewald.de\/wp-content\/uploads\/1813-1913-Hornburg-Die-Belagerung-von-Spandau-109x150.jpg 109w, https:\/\/forst-grunewald.de\/wp-content\/uploads\/1813-1913-Hornburg-Die-Belagerung-von-Spandau-218x300.jpg 218w\" sizes=\"auto, (max-width: 150px) 100vw, 150px\" \/><\/a>In dieser Prim\u00e4rquelle hat, welche ich nicht ganz billig erstanden habe, hatte ich gehofft, etwas \u00fcber die \u201cRussenbr\u00fccke\u201d zu erfahren. Leider vergeblich.<\/p>\n<p style=\"text-align: justify\">Das kleine B\u00fcchlein enth\u00e4lt einen umfassenden Bericht des Spandauer Predigers <strong>Karl Jeremias Hornburg<\/strong> aus der Sicht der Bewohner der belagerten Stadt Spandau. Der Nachdruck des im Pfarrarchiv befindlichen Exemplares von <strong>1813,<\/strong> anl\u00e4sslich der Jahrhundertfeier der Befreiungskriege aus dem Jahr <strong>1913<\/strong>, enth\u00e4lt am Ende au\u00dferdem auch noch einen Plan aus der Belagerungszeit. Der Plan endet s\u00fcdlich jedoch am \u201c<a href=\"https:\/\/forst-grunewald.de\/?page_id=4498\" target=\"_blank\" rel=\"noopener noreferrer\">Judenberg<\/a>\u201d am <a href=\"https:\/\/forst-grunewald.de\/?page_id=4659\" target=\"_blank\" rel=\"noopener noreferrer\">Pichelsberg<\/a>. Aber auch das ist schon ein Gewinn, denn die Ortsangabe \u201cJudenberg\u201d ist in heutiger Zeit ebenfalls verloren gegangen und ich habe in meinen Unterlagen jetzt endlich auch einen Plan vorliegen, welcher diesen Namen auch kartografisch beweist.<\/p>\n<p style=\"text-align: justify\">Das B\u00fcchlein verweist au\u00dferdem auf eine weitere Prim\u00e4rquelle aus der Zeit der Belagerung. N\u00e4mlich auf Berichte und Aufzeichnungen des Preu\u00dfischen Generals <a id=\"Zelle144Link2\" href=\"http:\/\/de.wikipedia.org\/wiki\/August_von_Th%C3%BCmen\" target=\"_blank\" rel=\"noopener noreferrer\"><strong>August von Th\u00fcmen<\/strong><\/a>, welche neben den Schilderungen Hornburgs im Nachdruck als \u201c<em>die ausgiebigste Quelle f\u00fcr Spandaus Geschichte in jenen denkw\u00fcrdigen Tagen<\/em>\u201d beschrieben werden. Demnach m\u00fcsste in den Aufzeichnungen des Generals als Prim\u00e4rquelle etwas \u00fcber die \u201cRussenbr\u00fccke\u201d zu finden sein. Und wenn nicht dort, wo dann?<\/div>\n\t\t\t<\/div><\/p>\n<\/td>\n<\/tr>\n<tr>\n<td style=\"text-align: left; vertical-align: top;\"><strong>1894<\/strong><\/td>\n<td style=\"vertical-align: top;\"><a href=\"https:\/\/forst-grunewald.de\/?page_id=361\" target=\"_blank\" rel=\"noopener noreferrer\">Fontane<\/a>, Seiten 21 und 22:<\/p>\n<div style=\"text-align: justify;\"><div class=\"spoiler-wrap\">\n\t\t\t\t<div class=\"spoiler-head folded\">Spoiler<\/div>\n\t\t\t\t<div class=\"spoiler-body\">\u201c<em>Der Name \u201cRussenbr\u00fccke\u201d r\u00fchrt aus den Freiheitskriegen her: Hier stand, als im November 1812 die franz\u00f6sische Armee&nbsp; aus Ru\u00dfland zur\u00fcckfl\u00fcchtete, eine russische Vorposten-Abteilung, die einen Theil des Belagerungsrings bildete, der um das von den Franzosen noch besetzte Spandau Spandau gezogen war. &#8211; Wie bei dieser Gelegenheit gleich erw\u00e4hnt werden mag, stammt der den Jagen Nr. 65-69 beigelegte Name <a href=\"https:\/\/forst-grunewald.de\/?page_id=544\" target=\"_blank\" rel=\"noopener noreferrer\">Franzosenort<\/a> auch aus der Zeit vor den Freiheitskriegen. Die Franzosen sollen jenen Theil des Grunewaldes damals neu aufgeforstet haben.<\/em>\u201d<\/div>\n\t\t\t<\/div><\/div>\n<\/td>\n<\/tr>\n<tr>\n<td style=\"text-align: left; vertical-align: top;\"><strong>1902<\/strong><\/td>\n<td style=\"vertical-align: top;\"><a href=\"https:\/\/forst-grunewald.de\/?page_id=676\" target=\"_blank\" rel=\"noopener noreferrer\">Berdrow<\/a>, Seite 47:<\/p>\n<p style=\"text-align: justify;\"><div class=\"spoiler-wrap\">\n\t\t\t\t<div class=\"spoiler-head folded\">Spoiler<\/div>\n\t\t\t\t<div class=\"spoiler-body\">&#8222;<em>Dicht vor dem Postfenn wird der Graben von der Russenbr\u00fccke \u00fcberspannt, die ihren Namen seit der Franzosenzeit f\u00fchren soll. Hier stand, als im Jahre 1812 die Franzosen aus Ru\u00dfland zur\u00fcckkehrten, eine russische Vorpostenabteilung, ein Teil jenes Belagerungsringes, der um das von den Franzosen noch besetzte Spandau gezogen war. \u00dcber diese Br\u00fccke f\u00fchrte die alte, Spandau mit Zehlendorf verbindende Poststra\u00dfe<\/em>,&#8230;&#8220;<\/div>\n\t\t\t<\/div><\/p>\n<\/td>\n<\/tr>\n<tr>\n<td style=\"text-align: left; vertical-align: top;\"><strong>1957<\/strong><\/td>\n<td style=\"vertical-align: top;\"><a href=\"https:\/\/forst-grunewald.de\/?page_id=361\" target=\"_blank\" rel=\"noopener noreferrer\">Behm<\/a>, Seite 96:<\/p>\n<p style=\"text-align: justify;\"><div class=\"spoiler-wrap\">\n\t\t\t\t<div class=\"spoiler-head folded\">Spoiler<\/div>\n\t\t\t\t<div class=\"spoiler-body\">&#8222;<em>Die Waldesruhe unseres Forstes wird gest\u00f6rt, als der Franzose in den Jahren 1806\/08 [<a href=\"https:\/\/de.wikipedia.org\/wiki\/Geschichte_Berlins\" target=\"_blank\" rel=\"noopener noreferrer\">Geschichte Berlins \/ 6.1 Franzosenzeit 1806-1808<\/a>] das Schicksal Berlins bestimmt. Von Kommandos der franz\u00f6sischen wird im Grunewald abgeholzt, aber auch aufgeforstet. Verschiedene uns noch gel\u00e4ufige Ortsnamen im s\u00fcdlichen Grunewald (Franzosenort, Napoleonsweg) erinnern an dieses Geschehen. \u201eLa\u00dft das Holz nur dem K\u00f6nig, er wird es zum Galgen f\u00fcr die Spitzbuben brauchen, die ihn verrieten!\u201c \u2013 soll ein franz\u00f6sischer Kommandant einem damaligen Anwohner geantwortet habe, der sich anschickte das Versteck gro\u00dfer staatlicher Holzvorr\u00e4te aus Eigennutz zu verraten. <\/em><\/p>\n<p style=\"text-align: justify\"><em>Wenig Jahre sp\u00e4ter durchstreiften Vorposten der mit den Preu\u00dfen verb\u00fcndeten Russen den Grunewald. Sie lagern beim Postfenn etwa dort, wo ein damals noch wasserf\u00fchrendes und der Havel zustrebendes Flie\u00df die alte Poststra\u00dfe Spandau-Zehlendorf quert und eine (sp\u00e4terhin als &#8222;Russenbr\u00fccke&#8220; fortlebende) \u00dcberbr\u00fcckung geschaffen war. Die in Spandau sitzenden Franzosen und deren Verb\u00fcndete, ein kl\u00e4gliches Heimkehrer\u00fcberbleibsel des verungl\u00fcckten Russlandfeldzuges, kapitulierten jedoch und zogen ab, nachdem das Spandauer Pulverlaboratorium und der Juliusturm in Brand geschossen waren&#8230;.<\/em>&#8222;<\/div>\n\t\t\t<\/div><\/p>\n<\/td>\n<\/tr>\n<\/tbody>\n<\/table>\n<div style=\"text-align: left;\">&nbsp;<\/div>\n<p>&nbsp;<\/p>\nngg_shortcode_0_placeholder\n<p>&nbsp;<\/p>\n","protected":false},"excerpt":{"rendered":"<p>Nach der Niederlage der Preu\u00dfischen Armee gegen die franz\u00f6sischen Truppen von Napoleon Bonaparte am 14. Oktober 1806 bei der Schlacht bei Jena und Auerstedt, wurde&hellip;<\/p>\n","protected":false},"author":1,"featured_media":0,"parent":0,"menu_order":0,"comment_status":"closed","ping_status":"closed","template":"template\/full-width.php","meta":{"ngg_post_thumbnail":0,"iawp_total_views":45,"footnotes":""},"class_list":["post-1267","page","type-page","status-publish","hentry"],"_links":{"self":[{"href":"https:\/\/forst-grunewald.de\/index.php?rest_route=\/wp\/v2\/pages\/1267","targetHints":{"allow":["GET"]}}],"collection":[{"href":"https:\/\/forst-grunewald.de\/index.php?rest_route=\/wp\/v2\/pages"}],"about":[{"href":"https:\/\/forst-grunewald.de\/index.php?rest_route=\/wp\/v2\/types\/page"}],"author":[{"embeddable":true,"href":"https:\/\/forst-grunewald.de\/index.php?rest_route=\/wp\/v2\/users\/1"}],"replies":[{"embeddable":true,"href":"https:\/\/forst-grunewald.de\/index.php?rest_route=%2Fwp%2Fv2%2Fcomments&post=1267"}],"version-history":[{"count":67,"href":"https:\/\/forst-grunewald.de\/index.php?rest_route=\/wp\/v2\/pages\/1267\/revisions"}],"predecessor-version":[{"id":41572,"href":"https:\/\/forst-grunewald.de\/index.php?rest_route=\/wp\/v2\/pages\/1267\/revisions\/41572"}],"wp:attachment":[{"href":"https:\/\/forst-grunewald.de\/index.php?rest_route=%2Fwp%2Fv2%2Fmedia&parent=1267"}],"curies":[{"name":"wp","href":"https:\/\/api.w.org\/{rel}","templated":true}]}}