{"id":110,"date":"2012-05-23T20:15:31","date_gmt":"2012-05-23T20:15:31","guid":{"rendered":"http:\/\/forst-grunewald.de\/wordpress\/?page_id=110"},"modified":"2024-05-06T08:35:32","modified_gmt":"2024-05-06T07:35:32","slug":"avus","status":"publish","type":"page","link":"https:\/\/forst-grunewald.de\/?page_id=110","title":{"rendered":"AVUS"},"content":{"rendered":"<p style=\"text-align: justify;\"><a href=\"https:\/\/forst-grunewald.de\/wp-content\/uploads\/2005-CIMG4446-klein.jpg\" target=\"_blank\" rel=\"noopener noreferrer\"><img loading=\"lazy\" decoding=\"async\" class=\"alignright wp-image-134\" title=\"FunkturmAvusBlaue Woche\" src=\"https:\/\/forst-grunewald.de\/wp-content\/uploads\/2005-CIMG4446-klein.jpg\" alt=\"\" width=\"540\" height=\"405\" srcset=\"https:\/\/forst-grunewald.de\/wp-content\/uploads\/2005-CIMG4446-klein.jpg 900w, https:\/\/forst-grunewald.de\/wp-content\/uploads\/2005-CIMG4446-klein-300x225.jpg 300w, https:\/\/forst-grunewald.de\/wp-content\/uploads\/2005-CIMG4446-klein-150x112.jpg 150w, https:\/\/forst-grunewald.de\/wp-content\/uploads\/2005-CIMG4446-klein-400x300.jpg 400w\" sizes=\"auto, (max-width: 540px) 100vw, 540px\" \/><\/a>Auf der <a href=\"http:\/\/de.wikipedia.org\/wiki\/AVUS\" target=\"_blank\" rel=\"noopener noreferrer\">Avus<\/a> laufen wir nat\u00fcrlich nicht, ganz im Gegenteil, die Avus ist laut und es stinkt. Aber die Avus durchschneidet nun einmal den Grunewald und damit auch unser Laufgebiet und so m\u00fcssen wir uns mit ihr arangieren.<\/p>\n<p style=\"text-align: justify;\">Lauftechnisch &#8222;unterlaufen&#8220; wir die Avus regelm\u00e4\u00dfig an mehreren Stellen durch einige dunkle Br\u00fcckeng\u00e4nge.<\/p>\n<p style=\"text-align: justify;\">Ansonsten ist eine beliebte Sportstrecke der Kronprinzessinnenweg und der K\u00f6nigsweg, welche beide parallel zur Avus verlaufen. Fr\u00fcher wurde die Strecke sehr stark von L\u00e4ufern genutzt, allerdings haben sich in den vergangenen Jahren zunehmend die Skater und Radsportler dort durchgesetzt.<\/p>\n<p style=\"text-align: justify;\"><strong>Stern<\/strong><\/p>\n<p style=\"text-align: justify;\">Etwa in der Mitte der Avus befindet sich die Autobahnanschlussstelle H\u00fcttenweg, deren Ortsname eigentlich &#8222;<a href=\"https:\/\/forst-grunewald.de\/?page_id=5569\" target=\"_blank\" rel=\"noopener noreferrer\">Stern<\/a>&#8220; lautet, was heute leider etwas in Vergessenheit geraten ist. Um 1900 ein Ort mit einer Bimmelbahnromantik. 1941 bestand die Planung, dort einen Bahnhof zu bauen. Jetzt besteht die Planung, von dort aus die vierspurige Autobahn um zwei weitere Spuren zu erweitern, was vermutlich zu Lasten der Waldfl\u00e4che gehen wird.<\/p>\n<p><strong>S\u00fcdkurve<\/strong><\/p>\n<p style=\"text-align: justify;\">Die urspr\u00fcngliche <a id=\"Zelle142Link1\" href=\"http:\/\/www.schroederniko.de\/avus.htm\" target=\"_blank\" rel=\"noopener noreferrer\">S\u00fcdkurve<\/a> habe ich hier (noch) nicht erfasst.<\/p>\n<p style=\"text-align: justify;\">Im Dreieck zwischen der Havelchaussee und der AVUS, wurde mit dem Bau einer Rennbahnkehre begonnen, welche durch den Zweiten Weltkrieg jedoch nicht fertiggestellt wurde. Nach dem Krieg wurde diese Kehre (der Wall war bereits aufgesch\u00fcttet), von der US-amerikanischen Schutzmacht als Schie\u00dfplatz&nbsp; mit dem Namen \u201c<strong>KEERANS RANGE<\/strong>\u201d genutzt.<\/p>\n<p style=\"text-align: justify;\">Nach der Wiedervereinigung und dem Abzug der Amerikaner, wurde das Gel\u00e4nde renaturiert.Viele interessante Fotos aus der Schutzmachteit befinden sich auf der Website<br \/>\n<a id=\"Zelle142Link2\" href=\"http:\/\/www.berlin-brigade.de\">www.berlin-brigade.de<\/a>: <a id=\"Zelle142Link3\" href=\"http:\/\/www.berlin-brigade.de\/us-ins\/keerans-range.html\" target=\"_blank\" rel=\"noopener noreferrer\">HIER<\/a><\/p>\n<p style=\"text-align: justify;\">Der Wall der geplanten S\u00fcdkehre existiert noch heute. Auf ihm befindet sich ein kleiner Fu\u00dfweg (Stolpergefahr!) und man findet dort noch einige kleinere bauliche Reste (z. B. eine Fahnenstange und diverse Bodenkabel).<\/p>\n<p style=\"text-align: justify;\">Mit meinem Lauftreff habe ich einige L\u00e4ufe dorthin gemacht.<\/p>\n<p><strong>Modell der S\u00fcdkurve<\/strong><\/p>\n<p style=\"text-align: justify;\">Im Februar 2007 hat mich ein Leser meiner Webseite, Herr Schuhmann, darauf aufmerksam gemacht, dass sich im Grunewald ein kleines Beton-Modell der S\u00fcdkurve befindet, au\u00dferdem hat er mir freundlicherweise zwei Fotos \u00fcbermittelt, auf denen sein Vater gemeinsam mit seinem Vater am Modell zu sehen ist:<\/p>\n<p><a href=\"https:\/\/forst-grunewald.de\/wp-content\/uploads\/19xx-AVUS-Modell-S\u00fcdkurve-Schuhmann-1-klein.jpg\" target=\"_blank\" rel=\"noopener noreferrer\"><img loading=\"lazy\" decoding=\"async\" class=\"alignnone size-thumbnail wp-image-2129\" title=\"19xx AVUS-Modell S\u00fcdkurve Schuhmann -1- klein\" src=\"https:\/\/forst-grunewald.de\/wp-content\/uploads\/19xx-AVUS-Modell-S\u00fcdkurve-Schuhmann-1-klein-150x92.jpg\" alt=\"\" width=\"150\" height=\"92\" srcset=\"https:\/\/forst-grunewald.de\/wp-content\/uploads\/19xx-AVUS-Modell-S\u00fcdkurve-Schuhmann-1-klein-150x92.jpg 150w, https:\/\/forst-grunewald.de\/wp-content\/uploads\/19xx-AVUS-Modell-S\u00fcdkurve-Schuhmann-1-klein-300x184.jpg 300w, https:\/\/forst-grunewald.de\/wp-content\/uploads\/19xx-AVUS-Modell-S\u00fcdkurve-Schuhmann-1-klein-400x246.jpg 400w, https:\/\/forst-grunewald.de\/wp-content\/uploads\/19xx-AVUS-Modell-S\u00fcdkurve-Schuhmann-1-klein.jpg 1000w\" sizes=\"auto, (max-width: 150px) 100vw, 150px\" \/><\/a>&nbsp; <a href=\"https:\/\/forst-grunewald.de\/wp-content\/uploads\/19xx-AVUS-Modell-S\u00fcdkurve-Schuhmann-2-klein.jpg\" target=\"_blank\" rel=\"noopener noreferrer\"><img loading=\"lazy\" decoding=\"async\" class=\"alignnone size-thumbnail wp-image-2125\" title=\"19xx AVUS-Modell S\u00fcdkurve Schuhmann -2- klein\" src=\"https:\/\/forst-grunewald.de\/wp-content\/uploads\/19xx-AVUS-Modell-S\u00fcdkurve-Schuhmann-2-klein-150x91.jpg\" alt=\"\" width=\"150\" height=\"91\" srcset=\"https:\/\/forst-grunewald.de\/wp-content\/uploads\/19xx-AVUS-Modell-S\u00fcdkurve-Schuhmann-2-klein-150x91.jpg 150w, https:\/\/forst-grunewald.de\/wp-content\/uploads\/19xx-AVUS-Modell-S\u00fcdkurve-Schuhmann-2-klein-300x182.jpg 300w, https:\/\/forst-grunewald.de\/wp-content\/uploads\/19xx-AVUS-Modell-S\u00fcdkurve-Schuhmann-2-klein-400x243.jpg 400w, https:\/\/forst-grunewald.de\/wp-content\/uploads\/19xx-AVUS-Modell-S\u00fcdkurve-Schuhmann-2-klein.jpg 1000w\" sizes=\"auto, (max-width: 150px) 100vw, 150px\" \/><\/a><\/p>\n<p style=\"text-align: justify;\">Wir haben dann zwei &#8222;Erkundungsl\u00e4ufe&#8220; zur S\u00fcdkurve und dem Modell gemacht.<\/p>\n<p style=\"text-align: justify;\">Das Modell ist leider nicht mehr intakt, nach Freilegung jedoch noch deutlich erkennbar.<\/p>\n<p style=\"text-align: justify;\">Bei Bauvorhaben kommt es oft vor, dass vor Baubeginn nicht nur Bauzeichnungen, sondern auch Modellansichten angefertigt werden und dann als Ansichtsexemplar dienen. Ich vermute, dass dieses Modell einen \u00e4hnlichen Zweck hatte. Ungew\u00f6hnlich ist hierbei, dass dieses Ansichtsmodell zum einen in Beton und zum anderen direkt auf dem Waldboden erstellt wurde.<\/p>\n<p style=\"text-align: justify;\">Das Modell wurde von mir auch im Filmbericht \u201c<a href=\"https:\/\/forst-grunewald.de\/?page_id=243\" target=\"_blank\" rel=\"noopener noreferrer\">Bilderbuch Grunewald<\/a>\u201d (2009) gezeigt. Seit dem erreichten mich regelm\u00e4\u00dfig Anfragen nach der Lage. Ich habe daher hier einen Lageplan eingestellt. Ach ja: Als wir damals dort waren, haben wir einen kleinen Raubvogel, einen Hasen und eine Eidechse angetroffen. Bitte also r\u00fccksichtsvoll durch den Wald bewegen!<\/p>\n<p style=\"text-align: justify;\">Falls jemand mehr \u00fcber die Geschichte des Modells wei\u00df &#8230;. bitte melden!<\/p>\n<p>&nbsp;<\/p>\n<ul>\n<li><a href=\"http:\/\/www.focus.de\/auto\/gebrauchtwagen\/oldtimer\/zum-75-todestag-von-bernd-rosemeyer-so-starb-hilters-renn-star-bei-430-km-h_aid_903263.html\" target=\"_blank\" rel=\"noopener noreferrer\">2013<\/a> FOCUS &#8222;Zum 75. Todestag von Bernd Rosemeyer &#8211; So starb Hitlers Renn-Star bei 430 km\/h&#8220;<\/li>\n<li><a href=\"http:\/\/www.tagesspiegel.de\/berlin\/infrastruktur-in-berlin-autobahnausbau-die-avus-soll-sechsspurig-werden\/10656112.html\" target=\"_blank\" rel=\"noopener noreferrer\">2014<\/a> Tagesspiegel (05.09.): &#8222;Die AVUS soll sechsspurig werden&#8220;<\/li>\n<\/ul>\n<p>&nbsp;<\/p>\nngg_shortcode_0_placeholder\n<p>&nbsp;<\/p>\n<p>&nbsp;<\/p>\n","protected":false},"excerpt":{"rendered":"<p>Auf der Avus laufen wir nat\u00fcrlich nicht, ganz im Gegenteil, die Avus ist laut und es stinkt. Aber die Avus durchschneidet nun einmal den Grunewald&hellip;<\/p>\n","protected":false},"author":1,"featured_media":0,"parent":23,"menu_order":0,"comment_status":"closed","ping_status":"closed","template":"template\/full-width.php","meta":{"ngg_post_thumbnail":0,"iawp_total_views":268,"footnotes":""},"class_list":["post-110","page","type-page","status-publish","hentry"],"_links":{"self":[{"href":"https:\/\/forst-grunewald.de\/index.php?rest_route=\/wp\/v2\/pages\/110","targetHints":{"allow":["GET"]}}],"collection":[{"href":"https:\/\/forst-grunewald.de\/index.php?rest_route=\/wp\/v2\/pages"}],"about":[{"href":"https:\/\/forst-grunewald.de\/index.php?rest_route=\/wp\/v2\/types\/page"}],"author":[{"embeddable":true,"href":"https:\/\/forst-grunewald.de\/index.php?rest_route=\/wp\/v2\/users\/1"}],"replies":[{"embeddable":true,"href":"https:\/\/forst-grunewald.de\/index.php?rest_route=%2Fwp%2Fv2%2Fcomments&post=110"}],"version-history":[{"count":43,"href":"https:\/\/forst-grunewald.de\/index.php?rest_route=\/wp\/v2\/pages\/110\/revisions"}],"predecessor-version":[{"id":41591,"href":"https:\/\/forst-grunewald.de\/index.php?rest_route=\/wp\/v2\/pages\/110\/revisions\/41591"}],"up":[{"embeddable":true,"href":"https:\/\/forst-grunewald.de\/index.php?rest_route=\/wp\/v2\/pages\/23"}],"wp:attachment":[{"href":"https:\/\/forst-grunewald.de\/index.php?rest_route=%2Fwp%2Fv2%2Fmedia&parent=110"}],"curies":[{"name":"wp","href":"https:\/\/api.w.org\/{rel}","templated":true}]}}

<p style="text-align: justify;"><a href="https://forst-grunewald.de/wp-content/uploads/2005-CIMG4446-klein.jpg" target="_blank" rel="noopener noreferrer"><img loading="lazy" decoding="async" class="alignright wp-image-134" title="FunkturmAvusBlaue Woche" src="https://forst-grunewald.de/wp-content/uploads/2005-CIMG4446-klein.jpg" alt="" width="540" height="405" srcset="https://forst-grunewald.de/wp-content/uploads/2005-CIMG4446-klein.jpg 900w, https://forst-grunewald.de/wp-content/uploads/2005-CIMG4446-klein-300x225.jpg 300w, https://forst-grunewald.de/wp-content/uploads/2005-CIMG4446-klein-150x112.jpg 150w, https://forst-grunewald.de/wp-content/uploads/2005-CIMG4446-klein-400x300.jpg 400w" sizes="auto, (max-width: 540px) 100vw, 540px" /></a>Auf der <a href="http://de.wikipedia.org/wiki/AVUS" target="_blank" rel="noopener noreferrer">Avus</a> laufen wir natürlich nicht, ganz im Gegenteil, die Avus ist laut und es stinkt. Aber die Avus durchschneidet nun einmal den Grunewald und damit auch unser Laufgebiet und so müssen wir uns mit ihr arangieren.</p>
<p style="text-align: justify;">Lauftechnisch &#8222;unterlaufen&#8220; wir die Avus regelmäßig an mehreren Stellen durch einige dunkle Brückengänge.</p>
<p style="text-align: justify;">Ansonsten ist eine beliebte Sportstrecke der Kronprinzessinnenweg und der Königsweg, welche beide parallel zur Avus verlaufen. Früher wurde die Strecke sehr stark von Läufern genutzt, allerdings haben sich in den vergangenen Jahren zunehmend die Skater und Radsportler dort durchgesetzt.</p>
<p style="text-align: justify;"><strong>Stern</strong></p>
<p style="text-align: justify;">Etwa in der Mitte der Avus befindet sich die Autobahnanschlussstelle Hüttenweg, deren Ortsname eigentlich &#8222;<a href="https://forst-grunewald.de/?page_id=5569" target="_blank" rel="noopener noreferrer">Stern</a>&#8220; lautet, was heute leider etwas in Vergessenheit geraten ist. Um 1900 ein Ort mit einer Bimmelbahnromantik. 1941 bestand die Planung, dort einen Bahnhof zu bauen. Jetzt besteht die Planung, von dort aus die vierspurige Autobahn um zwei weitere Spuren zu erweitern, was vermutlich zu Lasten der Waldfläche gehen wird.</p>
<p><strong>Südkurve</strong></p>
<p style="text-align: justify;">Die ursprüngliche <a id="Zelle142Link1" href="http://www.schroederniko.de/avus.htm" target="_blank" rel="noopener noreferrer">Südkurve</a> habe ich hier (noch) nicht erfasst.</p>
<p style="text-align: justify;">Im Dreieck zwischen der Havelchaussee und der AVUS, wurde mit dem Bau einer Rennbahnkehre begonnen, welche durch den Zweiten Weltkrieg jedoch nicht fertiggestellt wurde. Nach dem Krieg wurde diese Kehre (der Wall war bereits aufgeschüttet), von der US-amerikanischen Schutzmacht als Schießplatz&nbsp; mit dem Namen “<strong>KEERANS RANGE</strong>” genutzt.</p>
<p style="text-align: justify;">Nach der Wiedervereinigung und dem Abzug der Amerikaner, wurde das Gelände renaturiert.Viele interessante Fotos aus der Schutzmachteit befinden sich auf der Website<br />
<a id="Zelle142Link2" href="http://www.berlin-brigade.de">www.berlin-brigade.de</a>: <a id="Zelle142Link3" href="http://www.berlin-brigade.de/us-ins/keerans-range.html" target="_blank" rel="noopener noreferrer">HIER</a></p>
<p style="text-align: justify;">Der Wall der geplanten Südkehre existiert noch heute. Auf ihm befindet sich ein kleiner Fußweg (Stolpergefahr!) und man findet dort noch einige kleinere bauliche Reste (z. B. eine Fahnenstange und diverse Bodenkabel).</p>
<p style="text-align: justify;">Mit meinem Lauftreff habe ich einige Läufe dorthin gemacht.</p>
<p><strong>Modell der Südkurve</strong></p>
<p style="text-align: justify;">Im Februar 2007 hat mich ein Leser meiner Webseite, Herr Schuhmann, darauf aufmerksam gemacht, dass sich im Grunewald ein kleines Beton-Modell der Südkurve befindet, außerdem hat er mir freundlicherweise zwei Fotos übermittelt, auf denen sein Vater gemeinsam mit seinem Vater am Modell zu sehen ist:</p>
<p><a href="https://forst-grunewald.de/wp-content/uploads/19xx-AVUS-Modell-Südkurve-Schuhmann-1-klein.jpg" target="_blank" rel="noopener noreferrer"><img loading="lazy" decoding="async" class="alignnone size-thumbnail wp-image-2129" title="19xx AVUS-Modell Südkurve Schuhmann -1- klein" src="https://forst-grunewald.de/wp-content/uploads/19xx-AVUS-Modell-Südkurve-Schuhmann-1-klein-150x92.jpg" alt="" width="150" height="92" srcset="https://forst-grunewald.de/wp-content/uploads/19xx-AVUS-Modell-Südkurve-Schuhmann-1-klein-150x92.jpg 150w, https://forst-grunewald.de/wp-content/uploads/19xx-AVUS-Modell-Südkurve-Schuhmann-1-klein-300x184.jpg 300w, https://forst-grunewald.de/wp-content/uploads/19xx-AVUS-Modell-Südkurve-Schuhmann-1-klein-400x246.jpg 400w, https://forst-grunewald.de/wp-content/uploads/19xx-AVUS-Modell-Südkurve-Schuhmann-1-klein.jpg 1000w" sizes="auto, (max-width: 150px) 100vw, 150px" /></a>&nbsp; <a href="https://forst-grunewald.de/wp-content/uploads/19xx-AVUS-Modell-Südkurve-Schuhmann-2-klein.jpg" target="_blank" rel="noopener noreferrer"><img loading="lazy" decoding="async" class="alignnone size-thumbnail wp-image-2125" title="19xx AVUS-Modell Südkurve Schuhmann -2- klein" src="https://forst-grunewald.de/wp-content/uploads/19xx-AVUS-Modell-Südkurve-Schuhmann-2-klein-150x91.jpg" alt="" width="150" height="91" srcset="https://forst-grunewald.de/wp-content/uploads/19xx-AVUS-Modell-Südkurve-Schuhmann-2-klein-150x91.jpg 150w, https://forst-grunewald.de/wp-content/uploads/19xx-AVUS-Modell-Südkurve-Schuhmann-2-klein-300x182.jpg 300w, https://forst-grunewald.de/wp-content/uploads/19xx-AVUS-Modell-Südkurve-Schuhmann-2-klein-400x243.jpg 400w, https://forst-grunewald.de/wp-content/uploads/19xx-AVUS-Modell-Südkurve-Schuhmann-2-klein.jpg 1000w" sizes="auto, (max-width: 150px) 100vw, 150px" /></a></p>
<p style="text-align: justify;">Wir haben dann zwei &#8222;Erkundungsläufe&#8220; zur Südkurve und dem Modell gemacht.</p>
<p style="text-align: justify;">Das Modell ist leider nicht mehr intakt, nach Freilegung jedoch noch deutlich erkennbar.</p>
<p style="text-align: justify;">Bei Bauvorhaben kommt es oft vor, dass vor Baubeginn nicht nur Bauzeichnungen, sondern auch Modellansichten angefertigt werden und dann als Ansichtsexemplar dienen. Ich vermute, dass dieses Modell einen ähnlichen Zweck hatte. Ungewöhnlich ist hierbei, dass dieses Ansichtsmodell zum einen in Beton und zum anderen direkt auf dem Waldboden erstellt wurde.</p>
<p style="text-align: justify;">Das Modell wurde von mir auch im Filmbericht “<a href="https://forst-grunewald.de/?page_id=243" target="_blank" rel="noopener noreferrer">Bilderbuch Grunewald</a>” (2009) gezeigt. Seit dem erreichten mich regelmäßig Anfragen nach der Lage. Ich habe daher hier einen Lageplan eingestellt. Ach ja: Als wir damals dort waren, haben wir einen kleinen Raubvogel, einen Hasen und eine Eidechse angetroffen. Bitte also rücksichtsvoll durch den Wald bewegen!</p>
<p style="text-align: justify;">Falls jemand mehr über die Geschichte des Modells weiß &#8230;. bitte melden!</p>
<p>&nbsp;</p>
<ul>
<li><a href="http://www.focus.de/auto/gebrauchtwagen/oldtimer/zum-75-todestag-von-bernd-rosemeyer-so-starb-hilters-renn-star-bei-430-km-h_aid_903263.html" target="_blank" rel="noopener noreferrer">2013</a> FOCUS &#8222;Zum 75. Todestag von Bernd Rosemeyer &#8211; So starb Hitlers Renn-Star bei 430 km/h&#8220;</li>
<li><a href="http://www.tagesspiegel.de/berlin/infrastruktur-in-berlin-autobahnausbau-die-avus-soll-sechsspurig-werden/10656112.html" target="_blank" rel="noopener noreferrer">2014</a> Tagesspiegel (05.09.): &#8222;Die AVUS soll sechsspurig werden&#8220;</li>
</ul>
<p>&nbsp;</p>
ngg_shortcode_0_placeholder
<p>&nbsp;</p>
<p>&nbsp;</p>

<p>Auf der Avus laufen wir natürlich nicht, ganz im Gegenteil, die Avus ist laut und es stinkt. Aber die Avus durchschneidet nun einmal den Grunewald&hellip;</p>
