{"id":10961,"date":"2017-11-01T18:49:01","date_gmt":"2017-11-01T17:49:01","guid":{"rendered":"http:\/\/forst-grunewald.de\/?page_id=10961"},"modified":"2024-05-06T08:35:20","modified_gmt":"2024-05-06T07:35:20","slug":"bahnhof-grunewald-seit-1884","status":"publish","type":"page","link":"https:\/\/forst-grunewald.de\/?page_id=10961","title":{"rendered":"Bahnhof Grunewald (seit 1884)"},"content":{"rendered":"<p>&nbsp;<\/p>\n<p style=\"text-align: justify;\"><a href=\"https:\/\/forst-grunewald.de\/wp-content\/uploads\/2008-04-22-Gleis-17-CIMG0974-klein.jpg\" target=\"_blank\" rel=\"noopener noreferrer\"><img loading=\"lazy\" decoding=\"async\" class=\"alignright wp-image-10970 size-medium\" src=\"https:\/\/forst-grunewald.de\/wp-content\/uploads\/2008-04-22-Gleis-17-CIMG0974-klein-400x300.jpg\" alt=\"\" width=\"400\" height=\"300\" srcset=\"https:\/\/forst-grunewald.de\/wp-content\/uploads\/2008-04-22-Gleis-17-CIMG0974-klein-400x300.jpg 400w, https:\/\/forst-grunewald.de\/wp-content\/uploads\/2008-04-22-Gleis-17-CIMG0974-klein-200x150.jpg 200w, https:\/\/forst-grunewald.de\/wp-content\/uploads\/2008-04-22-Gleis-17-CIMG0974-klein-768x576.jpg 768w, https:\/\/forst-grunewald.de\/wp-content\/uploads\/2008-04-22-Gleis-17-CIMG0974-klein.jpg 1600w\" sizes=\"auto, (max-width: 400px) 100vw, 400px\" \/><\/a>Der Bahnhof Hundekehle liegt an der Wetzlarer Bahn (<a href=\"https:\/\/de.wikipedia.org\/wiki\/Kanonenbahn\" target=\"_blank\" rel=\"noopener noreferrer\">Kanonennahn<\/a>) und am 01. August 1879 in Betrieb genommen. Am 15. Oktober 1884 erhielt er seinen heutigen Namen Bahnhof Grunewald. Der zuvor an der Ringbahn gelegene <a href=\"https:\/\/forst-grunewald.de\/?page_id=10933\" target=\"_blank\" rel=\"noopener noreferrer\">Bahnhof Grunewald<\/a> wurde in Bahnhof Halensee umbenannt.<\/p>\n<p style=\"text-align: justify;\">Vom 18. Oktober 1941 bis zum 27. M\u00e4rz 1945 wurden vom Bahnhof Grunewald<\/p>\n<p style=\"text-align: center;\"><strong>F\u00fcnfzigtausendf\u00fcnfhundertundf\u00fcnfundrei\u00dfig Menschen<\/strong><\/p>\n<p style=\"text-align: justify;\">j\u00fcdischer Glaubensabstammung in Viehwaggons nach im Osten gelegene Vernichtungsslager verschleppt. Insbesondere nach <a href=\"https:\/\/de.wikipedia.org\/wiki\/KZ_Auschwitz\" target=\"_blank\" rel=\"noopener noreferrer\">Ausschwitz<\/a> (17.781 Menschen) und <a href=\"https:\/\/www.pamatnik-terezin.cz\/\" target=\"_blank\" rel=\"noopener noreferrer\">Theresienstadt<\/a> (14.797 Menschen).<\/p>\n<p><span style=\"color: #ffffff;\">.<\/span><\/p>\n<p><span style=\"color: #ffffff;\">.<\/span><\/p>\n<p><span style=\"color: #ffffff;\">.<\/span><\/p>\n","protected":false},"excerpt":{"rendered":"<p>&nbsp; Der Bahnhof Hundekehle liegt an der Wetzlarer Bahn (Kanonennahn) und am 01. August 1879 in Betrieb genommen. Am 15. Oktober 1884 erhielt er seinen&hellip;<\/p>\n","protected":false},"author":1,"featured_media":0,"parent":23,"menu_order":0,"comment_status":"closed","ping_status":"closed","template":"template\/full-width.php","meta":{"ngg_post_thumbnail":0,"iawp_total_views":27,"footnotes":""},"class_list":["post-10961","page","type-page","status-publish","hentry"],"_links":{"self":[{"href":"https:\/\/forst-grunewald.de\/index.php?rest_route=\/wp\/v2\/pages\/10961","targetHints":{"allow":["GET"]}}],"collection":[{"href":"https:\/\/forst-grunewald.de\/index.php?rest_route=\/wp\/v2\/pages"}],"about":[{"href":"https:\/\/forst-grunewald.de\/index.php?rest_route=\/wp\/v2\/types\/page"}],"author":[{"embeddable":true,"href":"https:\/\/forst-grunewald.de\/index.php?rest_route=\/wp\/v2\/users\/1"}],"replies":[{"embeddable":true,"href":"https:\/\/forst-grunewald.de\/index.php?rest_route=%2Fwp%2Fv2%2Fcomments&post=10961"}],"version-history":[{"count":20,"href":"https:\/\/forst-grunewald.de\/index.php?rest_route=\/wp\/v2\/pages\/10961\/revisions"}],"predecessor-version":[{"id":41589,"href":"https:\/\/forst-grunewald.de\/index.php?rest_route=\/wp\/v2\/pages\/10961\/revisions\/41589"}],"up":[{"embeddable":true,"href":"https:\/\/forst-grunewald.de\/index.php?rest_route=\/wp\/v2\/pages\/23"}],"wp:attachment":[{"href":"https:\/\/forst-grunewald.de\/index.php?rest_route=%2Fwp%2Fv2%2Fmedia&parent=10961"}],"curies":[{"name":"wp","href":"https:\/\/api.w.org\/{rel}","templated":true}]}}