{"id":10933,"date":"2017-10-28T09:12:15","date_gmt":"2017-10-28T08:12:15","guid":{"rendered":"http:\/\/forst-grunewald.de\/?page_id=10933"},"modified":"2024-05-06T08:35:26","modified_gmt":"2024-05-06T07:35:26","slug":"bahnhof-grunewald-1877-1884","status":"publish","type":"page","link":"https:\/\/forst-grunewald.de\/?page_id=10933","title":{"rendered":"Bahnhof Grunewald (1877 &#8211; 1884)"},"content":{"rendered":"<p><a href=\"https:\/\/forst-grunewald.de\/wp-content\/uploads\/1877-1884-Bahnhof-Grunewald-heute-Halensee-klein.jpg\" target=\"_blank\" rel=\"noopener noreferrer\"><img loading=\"lazy\" decoding=\"async\" class=\"alignnone size-full wp-image-10939\" src=\"https:\/\/forst-grunewald.de\/wp-content\/uploads\/1877-1884-Bahnhof-Grunewald-heute-Halensee-klein.jpg\" alt=\"\" width=\"1600\" height=\"911\" srcset=\"https:\/\/forst-grunewald.de\/wp-content\/uploads\/1877-1884-Bahnhof-Grunewald-heute-Halensee-klein.jpg 1600w, https:\/\/forst-grunewald.de\/wp-content\/uploads\/1877-1884-Bahnhof-Grunewald-heute-Halensee-klein-200x114.jpg 200w, https:\/\/forst-grunewald.de\/wp-content\/uploads\/1877-1884-Bahnhof-Grunewald-heute-Halensee-klein-450x256.jpg 450w, https:\/\/forst-grunewald.de\/wp-content\/uploads\/1877-1884-Bahnhof-Grunewald-heute-Halensee-klein-768x437.jpg 768w\" sizes=\"auto, (max-width: 1600px) 100vw, 1600px\" \/><\/a><\/p>\n<p style=\"text-align: justify;\">Der Bahnhof Grunewald wurde zusammen mit der Verl\u00e4ngerung der Ringbahnstrecke von Sch\u00f6neberg nach Moabit am 15.&nbsp;November 1877 er\u00f6ffnet.<\/p>\n<p style=\"text-align: justify;\">Es handelte sich um einen einfachen Haltepunkt.<\/p>\n<p style=\"text-align: justify;\">Im Jahr 1884 erfolgte der Umbau des Bahnhofes und die Umbennennung in Halensee, w\u00e4hrend der Bahnhof Hundekehle an der Wetzlarer Bahn nun den Namen Grunewald erhielt.<\/p>\n<p style=\"text-align: justify;\">Das Foto dokumentiert das Wachstum der Stadt in doppelter Hinsicht:<\/p>\n<ul>\n<li style=\"text-align: justify;\">Zum einen durch die stetige Urbanisierung, zu nennen sind hier die Anlage des Kurf\u00fcrstendamms und der (geplante) Bau der Kolonie Grunewald,<\/li>\n<li style=\"text-align: justify;\">und dann aber auch schlichtweg durch die namentliche Verlegung des Bahnhofes Grunewald.<\/li>\n<\/ul>\n<p style=\"text-align: justify;\">Der Grunewald begann f\u00fcr den Stadtmenschen nun nicht mehr in <a href=\"https:\/\/forst-grunewald.de\/?page_id=815\" target=\"_blank\" rel=\"noopener noreferrer\">Halensee<\/a>, welcher u.a. durch die Anlage des Lunaparks selbst urbanisiert wurde, sondern erst am <a href=\"https:\/\/forst-grunewald.de\/?page_id=825\" target=\"_blank\" rel=\"noopener noreferrer\">Hundekehlensee<\/a>, dessen eine Uferseite dann aber auch bebaut wurde.<\/p>\n<p><span style=\"color: #ffffff;\">.<\/span><\/p>\n<p><span style=\"color: #ffffff;\">.<\/span><\/p>\nngg_shortcode_0_placeholder\n<p><span style=\"color: #ffffff;\">.<\/span><\/p>\n","protected":false},"excerpt":{"rendered":"<p>Der Bahnhof Grunewald wurde zusammen mit der Verl\u00e4ngerung der Ringbahnstrecke von Sch\u00f6neberg nach Moabit am 15.&nbsp;November 1877 er\u00f6ffnet. Es handelte sich um einen einfachen Haltepunkt.&hellip;<\/p>\n","protected":false},"author":1,"featured_media":0,"parent":23,"menu_order":0,"comment_status":"closed","ping_status":"closed","template":"template\/full-width.php","meta":{"ngg_post_thumbnail":0,"iawp_total_views":23,"footnotes":""},"class_list":["post-10933","page","type-page","status-publish","hentry"],"_links":{"self":[{"href":"https:\/\/forst-grunewald.de\/index.php?rest_route=\/wp\/v2\/pages\/10933","targetHints":{"allow":["GET"]}}],"collection":[{"href":"https:\/\/forst-grunewald.de\/index.php?rest_route=\/wp\/v2\/pages"}],"about":[{"href":"https:\/\/forst-grunewald.de\/index.php?rest_route=\/wp\/v2\/types\/page"}],"author":[{"embeddable":true,"href":"https:\/\/forst-grunewald.de\/index.php?rest_route=\/wp\/v2\/users\/1"}],"replies":[{"embeddable":true,"href":"https:\/\/forst-grunewald.de\/index.php?rest_route=%2Fwp%2Fv2%2Fcomments&post=10933"}],"version-history":[{"count":25,"href":"https:\/\/forst-grunewald.de\/index.php?rest_route=\/wp\/v2\/pages\/10933\/revisions"}],"predecessor-version":[{"id":41590,"href":"https:\/\/forst-grunewald.de\/index.php?rest_route=\/wp\/v2\/pages\/10933\/revisions\/41590"}],"up":[{"embeddable":true,"href":"https:\/\/forst-grunewald.de\/index.php?rest_route=\/wp\/v2\/pages\/23"}],"wp:attachment":[{"href":"https:\/\/forst-grunewald.de\/index.php?rest_route=%2Fwp%2Fv2%2Fmedia&parent=10933"}],"curies":[{"name":"wp","href":"https:\/\/api.w.org\/{rel}","templated":true}]}}

<p><a href="https://forst-grunewald.de/wp-content/uploads/1877-1884-Bahnhof-Grunewald-heute-Halensee-klein.jpg" target="_blank" rel="noopener noreferrer"><img loading="lazy" decoding="async" class="alignnone size-full wp-image-10939" src="https://forst-grunewald.de/wp-content/uploads/1877-1884-Bahnhof-Grunewald-heute-Halensee-klein.jpg" alt="" width="1600" height="911" srcset="https://forst-grunewald.de/wp-content/uploads/1877-1884-Bahnhof-Grunewald-heute-Halensee-klein.jpg 1600w, https://forst-grunewald.de/wp-content/uploads/1877-1884-Bahnhof-Grunewald-heute-Halensee-klein-200x114.jpg 200w, https://forst-grunewald.de/wp-content/uploads/1877-1884-Bahnhof-Grunewald-heute-Halensee-klein-450x256.jpg 450w, https://forst-grunewald.de/wp-content/uploads/1877-1884-Bahnhof-Grunewald-heute-Halensee-klein-768x437.jpg 768w" sizes="auto, (max-width: 1600px) 100vw, 1600px" /></a></p>
<p style="text-align: justify;">Der Bahnhof Grunewald wurde zusammen mit der Verlängerung der Ringbahnstrecke von Schöneberg nach Moabit am 15.&nbsp;November 1877 eröffnet.</p>
<p style="text-align: justify;">Es handelte sich um einen einfachen Haltepunkt.</p>
<p style="text-align: justify;">Im Jahr 1884 erfolgte der Umbau des Bahnhofes und die Umbennennung in Halensee, während der Bahnhof Hundekehle an der Wetzlarer Bahn nun den Namen Grunewald erhielt.</p>
<p style="text-align: justify;">Das Foto dokumentiert das Wachstum der Stadt in doppelter Hinsicht:</p>
<ul>
<li style="text-align: justify;">Zum einen durch die stetige Urbanisierung, zu nennen sind hier die Anlage des Kurfürstendamms und der (geplante) Bau der Kolonie Grunewald,</li>
<li style="text-align: justify;">und dann aber auch schlichtweg durch die namentliche Verlegung des Bahnhofes Grunewald.</li>
</ul>
<p style="text-align: justify;">Der Grunewald begann für den Stadtmenschen nun nicht mehr in <a href="https://forst-grunewald.de/?page_id=815" target="_blank" rel="noopener noreferrer">Halensee</a>, welcher u.a. durch die Anlage des Lunaparks selbst urbanisiert wurde, sondern erst am <a href="https://forst-grunewald.de/?page_id=825" target="_blank" rel="noopener noreferrer">Hundekehlensee</a>, dessen eine Uferseite dann aber auch bebaut wurde.</p>
<p><span style="color: #ffffff;">.</span></p>
<p><span style="color: #ffffff;">.</span></p>
ngg_shortcode_0_placeholder
<p><span style="color: #ffffff;">.</span></p>

<p>Der Bahnhof Grunewald wurde zusammen mit der Verlängerung der Ringbahnstrecke von Schöneberg nach Moabit am 15.&nbsp;November 1877 eröffnet. Es handelte sich um einen einfachen Haltepunkt.&hellip;</p>
